CRAN Package Check Results for Package TwoStepCLogit

Last updated on 2015-05-22 13:47:08.

Flavor Version Tinstall Tcheck Ttotal Status Flags
r-devel-linux-x86_64-debian-clang 1.2.3 0.57 15.21 15.78 NOTE
r-devel-linux-x86_64-debian-gcc 1.2.3 0.57 14.84 15.41 NOTE
r-devel-linux-x86_64-fedora-clang ERROR
r-devel-linux-x86_64-fedora-gcc 1.2.3 30.46 NOTE
r-devel-osx-x86_64-clang 1.2.3 32.19 NOTE
r-devel-windows-ix86+x86_64 1.2.3 4.00 26.00 30.00 NOTE
r-patched-linux-x86_64 1.2.3 0.57 15.31 15.88 NOTE
r-patched-solaris-sparc 1.2.3 217.00 NOTE
r-patched-solaris-x86 1.2.3 42.80 NOTE
r-release-linux-x86_64 1.2.3 0.70 15.09 15.80 NOTE
r-release-osx-x86_64-mavericks 1.2.3 NOTE
r-release-osx-x86_64-snowleopard 1.2.3 NOTE
r-release-windows-ix86+x86_64 1.2.3 1.00 28.00 29.00 NOTE
r-oldrel-windows-ix86+x86_64 1.2.3 5.00 29.00 34.00 OK

Check Details

Version: 1.2.3
Check: DESCRIPTION meta-information
Result: NOTE
    Malformed Description field: should contain one or more complete sentences.
Flavors: r-devel-linux-x86_64-debian-clang, r-devel-linux-x86_64-debian-gcc, r-devel-linux-x86_64-fedora-gcc, r-devel-osx-x86_64-clang, r-devel-windows-ix86+x86_64, r-patched-linux-x86_64, r-patched-solaris-sparc, r-patched-solaris-x86, r-release-linux-x86_64, r-release-osx-x86_64-mavericks, r-release-osx-x86_64-snowleopard, r-release-windows-ix86+x86_64

Version: 1.2.3
Check: whether package can be installed
Result: ERROR
    Installation failed.
Flavor: r-devel-linux-x86_64-fedora-clang