CRAN Package Check Results for Package TwoStepCLogit

Last updated on 2015-08-05 11:48:22.

Flavor Version Tinstall Tcheck Ttotal Status Flags
r-devel-linux-x86_64-debian-clang 1.2.3 0.56 15.48 16.04 NOTE
r-devel-linux-x86_64-debian-gcc 1.2.3 0.60 14.92 15.52 NOTE
r-devel-linux-x86_64-fedora-clang 1.2.3 32.30 NOTE
r-devel-linux-x86_64-fedora-gcc 1.2.3 29.28 NOTE
r-devel-osx-x86_64-clang 1.2.3 28.38 NOTE
r-devel-windows-ix86+x86_64 1.2.3 3.00 30.00 33.00 NOTE
r-patched-linux-x86_64 1.2.3 0.57 15.30 15.86 NOTE
r-patched-solaris-sparc 1.2.3 210.50 NOTE
r-patched-solaris-x86 1.2.3 44.90 NOTE
r-release-linux-x86_64 1.2.3 0.59 15.42 16.01 NOTE
r-release-osx-x86_64-mavericks 1.2.3 NOTE
r-release-windows-ix86+x86_64 1.2.3 4.00 25.00 29.00 NOTE
r-oldrel-windows-ix86+x86_64 1.2.3 4.00 28.00 32.00 OK

Check Details

Version: 1.2.3
Check: DESCRIPTION meta-information
Result: NOTE
    Malformed Description field: should contain one or more complete sentences.
Flavors: r-devel-linux-x86_64-debian-clang, r-devel-linux-x86_64-debian-gcc, r-devel-linux-x86_64-fedora-clang, r-devel-linux-x86_64-fedora-gcc, r-devel-osx-x86_64-clang, r-devel-windows-ix86+x86_64, r-patched-linux-x86_64, r-patched-solaris-sparc, r-patched-solaris-x86, r-release-linux-x86_64, r-release-osx-x86_64-mavericks, r-release-windows-ix86+x86_64

Version: 1.2.3
Check: R code for possible problems
Result: NOTE
    Ts.estim: no visible global function definition for ‘aggregate’
    Ts.estim: no visible binding for global variable ‘var’
    Ts.estim: no visible global function definition for ‘model.frame’
    Ts.estim: no visible global function definition for ‘model.matrix’
    ddim: no visible global function definition for ‘aggregate’
    print.ddim: no visible global function definition for ‘median’
    shared: no visible global function definition for ‘terms’
    shared: no visible global function definition for ‘model.frame’
    shared: no visible global function definition for ‘model.response’
    shared: no visible global function definition for ‘model.matrix’
    Undefined global functions or variables:
     aggregate median model.frame model.matrix model.response terms var
    Consider adding
     importFrom("stats", "aggregate", "median", "model.frame",
     "model.matrix", "model.response", "terms", "var")
    to your NAMESPACE.
Flavors: r-devel-linux-x86_64-debian-clang, r-devel-linux-x86_64-debian-gcc, r-devel-linux-x86_64-fedora-clang, r-devel-linux-x86_64-fedora-gcc, r-devel-windows-ix86+x86_64