CRAN Package Check Results for Package TwoStepCLogit

Last updated on 2014-09-20 07:48:25.

Flavor Version Tinstall Tcheck Ttotal Status Flags
r-devel-linux-x86_64-debian-clang 1.2.2 0.59 16.57 17.16 NOTE
r-devel-linux-x86_64-debian-gcc 1.2.2 0.59 16.06 16.66 NOTE
r-devel-linux-x86_64-fedora-clang 1.2.2 34.58 NOTE
r-devel-linux-x86_64-fedora-gcc 1.2.2 32.94 NOTE
r-devel-osx-x86_64-clang 1.2.2 34.93 NOTE
r-devel-windows-ix86+x86_64 1.2.2 2.00 26.00 28.00 NOTE
r-patched-linux-x86_64 1.2.2 0.84 16.18 17.02 OK
r-patched-solaris-sparc 1.2.2 238.80 OK
r-patched-solaris-x86 1.2.2 46.40 OK
r-release-linux-ix86 1.2.2 0.97 24.02 24.99 OK
r-release-linux-x86_64 1.2.2 0.66 16.90 17.56 OK
r-release-osx-x86_64-mavericks 1.2.2 OK
r-release-osx-x86_64-snowleopard 1.2.2 OK
r-release-windows-ix86+x86_64 1.2.2 3.00 25.00 28.00 OK
r-oldrel-windows-ix86+x86_64 1.2.2 3.00 29.00 32.00 OK

Check Details

Version: 1.2.2
Check: R code for possible problems
Result: NOTE
    shared: no visible global function definition for ‘untangle.specials’
Flavors: r-devel-linux-x86_64-debian-clang, r-devel-linux-x86_64-debian-gcc, r-devel-linux-x86_64-fedora-clang, r-devel-linux-x86_64-fedora-gcc, r-devel-osx-x86_64-clang, r-devel-windows-ix86+x86_64