CRAN Package Check Results for Package TwoStepCLogit

Last updated on 2014-04-23 20:47:24.

Flavor Version Tinstall Tcheck Ttotal Status Flags
r-devel-linux-x86_64-debian-clang 1.2.2 0.73 16.89 17.62 OK
r-devel-linux-x86_64-debian-gcc 1.2.2 0.76 16.73 17.50 OK
r-devel-linux-x86_64-fedora-clang 1.2.2 34.09 OK
r-devel-linux-x86_64-fedora-gcc 1.2.2 34.06 OK
r-devel-osx-x86_64-clang 1.2.2 31.35 OK
r-devel-osx-x86_64-gcc 1.2.2 OK
r-devel-windows-ix86+x86_64 1.2.2 2.00 29.00 31.00 OK
r-patched-linux-x86_64 1.2.2 0.67 17.05 17.72 OK
r-patched-solaris-sparc 1.2.2 204.80 OK
r-patched-solaris-x86 1.2.2 48.20 OK
r-release-linux-ix86 1.2.2 2.00 32.00 34.00 OK
r-release-linux-x86_64 1.2.2 0.68 17.46 18.14 OK
r-release-osx-x86_64-mavericks 1.2.2 WARN
r-release-osx-x86_64-snowleopard 1.2.2 OK
r-release-windows-ix86+x86_64 1.2.2 5.00 36.00 41.00 OK
r-oldrel-windows-ix86+x86_64 1.2.2 3.00 29.00 32.00 OK

Check Details

Version: 1.2.2
Check: PDF version of manual
Result: WARNING
    LaTeX errors when creating PDF version.
    This typically indicates Rd problems.
    LaTeX errors found:
    ! LaTeX Error: File `upquote.sty' not found.
    
    Type X to quit or <RETURN> to proceed,
    or enter new name. (Default extension: sty)
    
    1611eec6/Rd2.tex:8: ==> Fatal error occurred, no output PDF file produced!
Flavor: r-release-osx-x86_64-mavericks