CRAN Package Check Results for Package TwoStepCLogit

Last updated on 2014-10-23 21:46:51.

Flavor Version Tinstall Tcheck Ttotal Status Flags
r-devel-linux-x86_64-debian-clang 1.2.2 0.68 17.12 17.79 NOTE
r-devel-linux-x86_64-debian-gcc 1.2.2 0.68 16.73 17.41 NOTE
r-devel-linux-x86_64-fedora-clang 1.2.2 36.01 NOTE
r-devel-linux-x86_64-fedora-gcc 1.2.2 33.27 NOTE
r-devel-osx-x86_64-clang 1.2.2 37.15 NOTE
r-devel-windows-ix86+x86_64 1.2.2 2.00 25.00 27.00 NOTE
r-patched-linux-x86_64 1.2.2 0.68 16.90 17.58 NOTE
r-patched-solaris-sparc 1.2.2 212.20 NOTE
r-patched-solaris-x86 1.2.2 49.50 NOTE
r-release-linux-ix86 1.2.2 1.00 23.54 24.55 OK
r-release-linux-x86_64 1.2.2 0.67 16.58 17.25 OK
r-release-osx-x86_64-mavericks 1.2.2 OK
r-release-osx-x86_64-snowleopard 1.2.2 OK
r-release-windows-ix86+x86_64 1.2.2 3.00 25.00 28.00 OK
r-oldrel-windows-ix86+x86_64 1.2.2 3.00 29.00 32.00 OK

Check Details

Version: 1.2.2
Check: R code for possible problems
Result: NOTE
    shared: no visible global function definition for ‘untangle.specials’
Flavors: r-devel-linux-x86_64-debian-clang, r-devel-linux-x86_64-debian-gcc, r-devel-linux-x86_64-fedora-clang, r-devel-linux-x86_64-fedora-gcc, r-devel-osx-x86_64-clang, r-devel-windows-ix86+x86_64, r-patched-linux-x86_64, r-patched-solaris-sparc, r-patched-solaris-x86