CRAN Package Check Results for Package TwoStepCLogit

Last updated on 2015-03-28 19:50:21.

Flavor Version Tinstall Tcheck Ttotal Status Flags
r-devel-linux-x86_64-debian-clang 1.2.3 0.65 14.81 15.46 NOTE
r-devel-linux-x86_64-debian-gcc 1.2.3 0.62 14.74 15.36 NOTE
r-devel-linux-x86_64-fedora-clang 1.2.3 30.57 NOTE
r-devel-linux-x86_64-fedora-gcc 1.2.3 29.74 NOTE
r-devel-osx-x86_64-clang 1.2.3 34.18 NOTE
r-prerel-windows-ix86+x86_64 1.2.3 2.00 23.00 25.00 NOTE
r-prerel-linux-x86_64 1.2.3 0.60 15.61 16.21 NOTE
r-prerel-solaris-sparc 1.2.3 217.00 NOTE
r-prerel-solaris-x86 1.2.3 42.90 NOTE
r-release-linux-x86_64 1.2.3 0.67 16.28 16.94 OK
r-release-osx-x86_64-mavericks 1.2.3 OK
r-release-osx-x86_64-snowleopard 1.2.3 OK
r-release-windows-ix86+x86_64 1.2.3 5.00 29.00 34.00 OK
r-oldrel-windows-ix86+x86_64 1.2.3 3.00 28.00 31.00 OK

Check Details

Version: 1.2.3
Check: DESCRIPTION meta-information
Result: NOTE
    Malformed Description field: should contain one or more complete sentences.
Flavors: r-devel-linux-x86_64-debian-clang, r-devel-linux-x86_64-debian-gcc, r-devel-linux-x86_64-fedora-clang, r-devel-linux-x86_64-fedora-gcc, r-devel-osx-x86_64-clang, r-prerel-windows-ix86+x86_64, r-prerel-linux-x86_64, r-prerel-solaris-sparc, r-prerel-solaris-x86