CRAN Package Check Results for Package UComp

Last updated on 2022-11-29 00:51:01 CET.

Flavor Version Tinstall Tcheck Ttotal Status Flags
r-devel-linux-x86_64-debian-clang 2.2.3 96.43 159.81 256.24 OK
r-devel-linux-x86_64-debian-gcc 2.2.3 85.90 120.17 206.07 OK
r-devel-linux-x86_64-fedora-clang 2.2.3 303.87 OK
r-devel-linux-x86_64-fedora-gcc 2.2.3 292.76 OK
r-devel-windows-x86_64 2.2.3 75.00 153.00 228.00 OK
r-patched-linux-x86_64 2.2.3 80.22 133.35 213.57 OK
r-release-linux-x86_64 2.2.3 85.83 133.36 219.19 OK
r-release-macos-arm64 2.2.3 79.00 NOTE
r-release-macos-x86_64 2.2.3 90.00 NOTE
r-release-windows-x86_64 2.2.3 75.00 154.00 229.00 OK
r-oldrel-macos-arm64 2.2.3 79.00 NOTE
r-oldrel-macos-x86_64 2.2.3 91.00 NOTE
r-oldrel-windows-ix86+x86_64 2.2.3 209.00 180.00 389.00 OK

Additional issues

M1mac

Check Details

Version: 2.2.3
Check: installed package size
Result: NOTE
     installed size is 14.3Mb
     sub-directories of 1Mb or more:
     libs 14.0Mb
Flavors: r-release-macos-arm64, r-release-macos-x86_64, r-oldrel-macos-arm64, r-oldrel-macos-x86_64