CRAN Package Check Results for Package USAboundaries

Last updated on 2022-01-19 17:49:40 CET.

Flavor Version Tinstall Tcheck Ttotal Status Flags
r-devel-linux-x86_64-debian-clang 0.4.0 NOTE
r-devel-linux-x86_64-debian-gcc 0.4.0 1.80 30.37 32.17 NOTE
r-devel-linux-x86_64-fedora-clang 0.4.0 51.36 NOTE
r-devel-linux-x86_64-fedora-gcc 0.4.0 38.13 NOTE
r-devel-windows-x86_64-new-UL 0.4.0 73.00 64.00 137.00 NOTE
r-devel-windows-x86_64-new-TK 0.4.0 NOTE
r-patched-linux-x86_64 0.4.0 1.94 36.85 38.79 NOTE
r-release-linux-x86_64 0.4.0 NOTE
r-release-macos-arm64 0.4.0 NOTE
r-release-macos-x86_64 0.4.0 NOTE
r-release-windows-ix86+x86_64 0.4.0 6.00 48.00 54.00 NOTE
r-oldrel-macos-x86_64 0.4.0 NOTE
r-oldrel-windows-ix86+x86_64 0.4.0 6.00 46.00 52.00 NOTE

Check Details

Version: 0.4.0
Check: package dependencies
Result: NOTE
    Package suggested but not available for checking: 'USAboundariesData'
Flavors: r-devel-linux-x86_64-debian-clang, r-devel-linux-x86_64-debian-gcc, r-devel-linux-x86_64-fedora-clang, r-devel-linux-x86_64-fedora-gcc, r-devel-windows-x86_64-new-UL, r-devel-windows-x86_64-new-TK, r-patched-linux-x86_64, r-release-linux-x86_64, r-release-macos-arm64, r-release-macos-x86_64, r-release-windows-ix86+x86_64, r-oldrel-macos-x86_64, r-oldrel-windows-ix86+x86_64