CRAN Package Check Results for Package USAboundaries

Last updated on 2023-02-09 10:06:26 CET.

Flavor Version Tinstall Tcheck Ttotal Status Flags
r-devel-linux-x86_64-debian-clang 0.4.0 2.39 31.01 33.40 NOTE
r-devel-linux-x86_64-debian-gcc 0.4.0 2.08 23.71 25.79 NOTE
r-devel-linux-x86_64-fedora-clang 0.4.0 43.79 NOTE
r-devel-linux-x86_64-fedora-gcc 0.4.0 53.58 NOTE
r-devel-windows-x86_64 0.4.0 41.00 67.00 108.00 NOTE
r-patched-linux-x86_64 0.4.0 2.83 30.70 33.53 NOTE
r-release-linux-x86_64 0.4.0 2.28 30.37 32.65 NOTE
r-release-macos-arm64 0.4.0 22.00 NOTE
r-release-macos-x86_64 0.4.0 26.00 NOTE
r-release-windows-x86_64 0.4.0 58.00 62.00 120.00 NOTE
r-oldrel-macos-arm64 0.4.0 25.00 NOTE
r-oldrel-macos-x86_64 0.4.0 25.00 NOTE
r-oldrel-windows-ix86+x86_64 0.4.0 8.00 64.00 72.00 NOTE

Check Details

Version: 0.4.0
Check: package dependencies
Result: NOTE
    Package suggested but not available for checking: ‘USAboundariesData’
Flavors: r-devel-linux-x86_64-debian-clang, r-devel-linux-x86_64-debian-gcc, r-devel-linux-x86_64-fedora-clang, r-devel-linux-x86_64-fedora-gcc, r-devel-windows-x86_64, r-patched-linux-x86_64, r-release-linux-x86_64, r-release-macos-arm64, r-release-macos-x86_64, r-release-windows-x86_64, r-oldrel-macos-arm64, r-oldrel-macos-x86_64, r-oldrel-windows-ix86+x86_64