CRAN Package Check Results for Package UScancer

Last updated on 2016-02-08 19:48:44.

Flavor Version Tinstall Tcheck Ttotal Status Flags
r-devel-linux-x86_64-debian-gcc 0.1-2 1.30 18.31 19.61 NOTE
r-devel-linux-x86_64-fedora-clang 0.1-2 31.36 NOTE
r-devel-linux-x86_64-fedora-gcc 0.1-2 30.59 NOTE
r-devel-osx-x86_64-clang 0.1-2 31.62 NOTE
r-devel-windows-ix86+x86_64 0.1-2 5.00 37.00 42.00 NOTE
r-patched-linux-x86_64 0.1-2 1.38 18.91 20.28 OK
r-patched-solaris-sparc 0.1-2 198.30 OK
r-patched-solaris-x86 0.1-2 48.40 OK
r-release-linux-x86_64 0.1-2 1.38 18.77 20.15 OK
r-release-osx-x86_64-mavericks 0.1-2 OK
r-release-windows-ix86+x86_64 0.1-2 5.00 25.00 30.00 OK
r-oldrel-windows-ix86+x86_64 0.1-2 7.00 32.00 39.00 OK

Check Details

Version: 0.1-2
Check: R code for possible problems
Result: NOTE
    readSEER: no visible global function definition for ‘read.fwf’
    Undefined global functions or variables:
     read.fwf
    Consider adding
     importFrom("utils", "read.fwf")
    to your NAMESPACE file.
Flavors: r-devel-linux-x86_64-debian-gcc, r-devel-linux-x86_64-fedora-clang, r-devel-linux-x86_64-fedora-gcc, r-devel-osx-x86_64-clang, r-devel-windows-ix86+x86_64