CRAN Package Check Results for Package UScancer

Last updated on 2017-07-22 21:48:48.

Flavor Version Tinstall Tcheck Ttotal Status Flags
r-devel-linux-x86_64-debian-clang 0.1-2 1.35 25.01 26.36 NOTE
r-devel-linux-x86_64-debian-gcc 0.1-2 1.35 25.17 26.52 NOTE
r-devel-linux-x86_64-fedora-clang 0.1-2 36.42 NOTE
r-devel-linux-x86_64-fedora-gcc 0.1-2 35.79 NOTE
r-devel-windows-ix86+x86_64 0.1-2 7.00 50.00 57.00 NOTE
r-patched-linux-x86_64 0.1-2 1.41 24.90 26.31 NOTE
r-patched-solaris-x86 0.1-2 57.60 NOTE
r-release-linux-x86_64 0.1-2 1.34 24.56 25.91 NOTE
r-release-windows-ix86+x86_64 0.1-2 5.00 59.00 64.00 NOTE
r-release-osx-x86_64 0.1-2 NOTE
r-oldrel-windows-ix86+x86_64 0.1-2 3.00 51.00 54.00 NOTE
r-oldrel-osx-x86_64 0.1-2 NOTE

Check Details

Version: 0.1-2
Check: R code for possible problems
Result: NOTE
    readSEER: no visible global function definition for ‘read.fwf’
    Undefined global functions or variables:
     read.fwf
    Consider adding
     importFrom("utils", "read.fwf")
    to your NAMESPACE file.
Flavors: r-devel-linux-x86_64-debian-clang, r-devel-linux-x86_64-debian-gcc, r-devel-linux-x86_64-fedora-clang, r-devel-linux-x86_64-fedora-gcc, r-devel-windows-ix86+x86_64, r-patched-linux-x86_64, r-patched-solaris-x86, r-release-linux-x86_64, r-release-windows-ix86+x86_64, r-release-osx-x86_64, r-oldrel-windows-ix86+x86_64, r-oldrel-osx-x86_64