CRAN Package Check Results for Package UScancer

Last updated on 2017-01-23 20:49:16.

Flavor Version Tinstall Tcheck Ttotal Status Flags
r-devel-linux-x86_64-debian-clang 0.1-2 1.44 19.29 20.73 NOTE
r-devel-linux-x86_64-debian-gcc 0.1-2 1.30 19.30 20.60 NOTE
r-devel-linux-x86_64-fedora-clang 0.1-2 35.86 NOTE --no-stop-on-test-error
r-devel-linux-x86_64-fedora-gcc 0.1-2 34.74 NOTE --no-stop-on-test-error
r-devel-macos-x86_64-clang 0.1-2 27.25 NOTE --no-stop-on-test-error
r-devel-windows-ix86+x86_64 0.1-2 5.00 43.00 48.00 NOTE
r-patched-linux-x86_64 0.1-2 1.21 16.57 17.78 NOTE
r-patched-solaris-sparc 0.1-2 228.80 NOTE
r-patched-solaris-x86 0.1-2 49.70 NOTE
r-release-linux-x86_64 0.1-2 1.27 16.53 17.81 NOTE
r-release-osx-x86_64-mavericks 0.1-2 NOTE
r-release-windows-ix86+x86_64 0.1-2 8.00 39.00 47.00 NOTE
r-oldrel-windows-ix86+x86_64 0.1-2 10.00 45.00 55.00 OK

Check Details

Version: 0.1-2
Check: R code for possible problems
Result: NOTE
    readSEER: no visible global function definition for ‘read.fwf’
    Undefined global functions or variables:
     read.fwf
    Consider adding
     importFrom("utils", "read.fwf")
    to your NAMESPACE file.
Flavors: r-devel-linux-x86_64-debian-clang, r-devel-linux-x86_64-debian-gcc, r-devel-windows-ix86+x86_64, r-patched-linux-x86_64, r-patched-solaris-sparc, r-patched-solaris-x86, r-release-linux-x86_64, r-release-osx-x86_64-mavericks, r-release-windows-ix86+x86_64

Version: 0.1-2
Flags: --no-stop-on-test-error
Check: R code for possible problems
Result: NOTE
    readSEER: no visible global function definition for ‘read.fwf’
    Undefined global functions or variables:
     read.fwf
    Consider adding
     importFrom("utils", "read.fwf")
    to your NAMESPACE file.
Flavors: r-devel-linux-x86_64-fedora-clang, r-devel-linux-x86_64-fedora-gcc, r-devel-macos-x86_64-clang