CRAN Package Check Results for Package UScancer

Last updated on 2018-02-20 17:48:06 CET.

Flavor Version Tinstall Tcheck Ttotal Status Flags
r-devel-linux-x86_64-debian-clang 0.1-2 1.71 28.58 30.29 NOTE
r-devel-linux-x86_64-debian-gcc 0.1-2 1.90 26.23 28.13 NOTE
r-devel-linux-x86_64-fedora-clang 0.1-2 38.18 NOTE
r-devel-linux-x86_64-fedora-gcc 0.1-2 36.24 NOTE
r-devel-windows-ix86+x86_64 0.1-2 4.00 41.00 45.00 NOTE
r-patched-linux-x86_64 0.1-2 1.99 29.01 31.00 NOTE
r-patched-solaris-x86 0.1-2 56.80 NOTE
r-release-linux-x86_64 0.1-2 1.75 28.87 30.62 NOTE
r-release-windows-ix86+x86_64 0.1-2 6.00 52.00 58.00 NOTE
r-release-osx-x86_64 0.1-2 NOTE
r-oldrel-windows-ix86+x86_64 0.1-2 5.00 46.00 51.00 NOTE
r-oldrel-osx-x86_64 0.1-2 NOTE

Check Details

Version: 0.1-2
Check: R code for possible problems
Result: NOTE
    readSEER: no visible global function definition for ‘read.fwf’
    Undefined global functions or variables:
     read.fwf
    Consider adding
     importFrom("utils", "read.fwf")
    to your NAMESPACE file.
Flavors: r-devel-linux-x86_64-debian-clang, r-devel-linux-x86_64-debian-gcc, r-devel-linux-x86_64-fedora-clang, r-devel-linux-x86_64-fedora-gcc, r-devel-windows-ix86+x86_64, r-patched-linux-x86_64, r-patched-solaris-x86, r-release-linux-x86_64, r-release-windows-ix86+x86_64, r-release-osx-x86_64, r-oldrel-windows-ix86+x86_64, r-oldrel-osx-x86_64