CRAN Package Check Results for Package UScancer

Last updated on 2016-09-27 23:49:26.

Flavor Version Tinstall Tcheck Ttotal Status Flags
r-devel-linux-x86_64-debian-clang 0.1-2 1.10 16.63 17.73 NOTE
r-devel-linux-x86_64-debian-gcc 0.1-2 1.59 16.79 18.37 NOTE
r-devel-linux-x86_64-fedora-clang 0.1-2 32.06 NOTE
r-devel-linux-x86_64-fedora-gcc 0.1-2 30.03 NOTE
r-devel-macos-x86_64-clang 0.1-2 23.99 NOTE
r-devel-windows-ix86+x86_64 0.1-2 5.00 47.00 52.00 NOTE
r-patched-linux-x86_64 0.1-2 1.22 16.24 17.46 NOTE
r-patched-solaris-sparc 0.1-2 193.70 NOTE
r-patched-solaris-x86 0.1-2 46.30 NOTE
r-release-linux-x86_64 0.1-2 1.18 16.78 17.96 NOTE
r-release-osx-x86_64-mavericks 0.1-2 NOTE
r-release-windows-ix86+x86_64 0.1-2 5.00 33.00 38.00 NOTE
r-oldrel-windows-ix86+x86_64 0.1-2 5.00 44.00 49.00 OK

Check Details

Version: 0.1-2
Check: R code for possible problems
Result: NOTE
    readSEER: no visible global function definition for ‘read.fwf’
    Undefined global functions or variables:
     read.fwf
    Consider adding
     importFrom("utils", "read.fwf")
    to your NAMESPACE file.
Flavors: r-devel-linux-x86_64-debian-clang, r-devel-linux-x86_64-debian-gcc, r-devel-linux-x86_64-fedora-clang, r-devel-linux-x86_64-fedora-gcc, r-devel-macos-x86_64-clang, r-devel-windows-ix86+x86_64, r-patched-linux-x86_64, r-patched-solaris-sparc, r-patched-solaris-x86, r-release-linux-x86_64, r-release-osx-x86_64-mavericks, r-release-windows-ix86+x86_64