CRAN Package Check Results for Package UScancer

Last updated on 2015-07-06 19:48:01.

Flavor Version Tinstall Tcheck Ttotal Status Flags
r-devel-linux-x86_64-debian-clang 0.1-2 1.07 16.70 17.76 NOTE
r-devel-linux-x86_64-debian-gcc 0.1-2 1.45 15.89 17.34 NOTE
r-devel-linux-x86_64-fedora-clang 0.1-2 34.05 NOTE
r-devel-linux-x86_64-fedora-gcc 0.1-2 32.55 NOTE
r-devel-osx-x86_64-clang 0.1-2 29.39 OK
r-devel-windows-ix86+x86_64 0.1-2 5.00 24.00 29.00 NOTE
r-patched-linux-x86_64 0.1-2 1.09 15.65 16.74 OK
r-patched-solaris-sparc 0.1-2 234.80 OK
r-patched-solaris-x86 0.1-2 63.20 OK
r-release-linux-x86_64 0.1-2 1.16 15.96 17.12 OK
r-release-osx-x86_64-mavericks 0.1-2 OK
r-release-windows-ix86+x86_64 0.1-2 4.00 26.00 30.00 OK
r-oldrel-windows-ix86+x86_64 0.1-2 5.00 50.00 55.00 OK

Check Details

Version: 0.1-2
Check: R code for possible problems
Result: NOTE
    readSEER: no visible global function definition for ‘read.fwf’
    Undefined global functions or variables:
     read.fwf
Flavors: r-devel-linux-x86_64-debian-clang, r-devel-linux-x86_64-debian-gcc, r-devel-linux-x86_64-fedora-clang, r-devel-linux-x86_64-fedora-gcc, r-devel-windows-ix86+x86_64