CRAN Package Check Results for Package UScancer

Last updated on 2017-09-19 21:48:32.

Flavor Version Tinstall Tcheck Ttotal Status Flags
r-devel-linux-x86_64-debian-clang 0.1-2 1.43 19.89 21.32 NOTE
r-devel-linux-x86_64-debian-gcc 0.1-2 1.39 19.35 20.74 NOTE
r-devel-linux-x86_64-fedora-clang 0.1-2 37.46 NOTE
r-devel-linux-x86_64-fedora-gcc 0.1-2 36.93 NOTE
r-devel-windows-ix86+x86_64 0.1-2 4.00 38.00 42.00 NOTE
r-patched-linux-x86_64 0.1-2 1.52 19.05 20.58 NOTE
r-patched-solaris-x86 0.1-2 56.70 NOTE
r-release-linux-x86_64 0.1-2 1.34 19.34 20.69 NOTE
r-release-windows-ix86+x86_64 0.1-2 5.00 41.00 46.00 NOTE
r-release-osx-x86_64 0.1-2 NOTE
r-oldrel-windows-ix86+x86_64 0.1-2 5.00 37.00 42.00 NOTE
r-oldrel-osx-x86_64 0.1-2 NOTE

Check Details

Version: 0.1-2
Check: R code for possible problems
Result: NOTE
    readSEER: no visible global function definition for ‘read.fwf’
    Undefined global functions or variables:
     read.fwf
    Consider adding
     importFrom("utils", "read.fwf")
    to your NAMESPACE file.
Flavors: r-devel-linux-x86_64-debian-clang, r-devel-linux-x86_64-debian-gcc, r-devel-linux-x86_64-fedora-clang, r-devel-linux-x86_64-fedora-gcc, r-devel-windows-ix86+x86_64, r-patched-linux-x86_64, r-patched-solaris-x86, r-release-linux-x86_64, r-release-windows-ix86+x86_64, r-release-osx-x86_64, r-oldrel-windows-ix86+x86_64, r-oldrel-osx-x86_64