CRAN Package Check Results for Package UScancer

Last updated on 2016-06-25 18:47:00.

Flavor Version Tinstall Tcheck Ttotal Status Flags
r-devel-linux-x86_64-debian-gcc 0.1-2 1.34 16.95 18.29 NOTE
r-devel-linux-x86_64-fedora-clang 0.1-2 30.85 NOTE
r-devel-linux-x86_64-fedora-gcc 0.1-2 29.48 NOTE
r-devel-osx-x86_64-clang 0.1-2 24.40 NOTE
r-devel-windows-ix86+x86_64 0.1-2 5.00 66.00 71.00 NOTE
r-patched-linux-x86_64 0.1-2 1.29 16.90 18.19 NOTE
r-patched-solaris-sparc 0.1-2 193.70 NOTE
r-patched-solaris-x86 0.1-2 49.00 NOTE
r-release-linux-x86_64 0.1-2 1.35 17.69 19.04 NOTE
r-release-osx-x86_64-mavericks 0.1-2 NOTE
r-release-windows-ix86+x86_64 0.1-2 6.00 43.00 49.00 NOTE
r-oldrel-windows-ix86+x86_64 0.1-2 6.00 36.00 42.00 OK

Check Details

Version: 0.1-2
Check: R code for possible problems
Result: NOTE
    readSEER: no visible global function definition for ‘read.fwf’
    Undefined global functions or variables:
     read.fwf
    Consider adding
     importFrom("utils", "read.fwf")
    to your NAMESPACE file.
Flavors: r-devel-linux-x86_64-debian-gcc, r-devel-linux-x86_64-fedora-clang, r-devel-linux-x86_64-fedora-gcc, r-devel-osx-x86_64-clang, r-devel-windows-ix86+x86_64, r-patched-linux-x86_64, r-patched-solaris-sparc, r-patched-solaris-x86, r-release-linux-x86_64, r-release-osx-x86_64-mavericks, r-release-windows-ix86+x86_64