CRAN Package Check Results for Package UScancer

Last updated on 2016-07-25 17:49:58.

Flavor Version Tinstall Tcheck Ttotal Status Flags
r-devel-linux-x86_64-debian-clang 0.1-2 1.59 18.55 20.13 NOTE
r-devel-linux-x86_64-debian-gcc 0.1-2 1.65 19.18 20.83 NOTE
r-devel-linux-x86_64-fedora-clang 0.1-2 31.25 NOTE
r-devel-linux-x86_64-fedora-gcc 0.1-2 29.71 NOTE
r-devel-osx-x86_64-clang 0.1-2 24.80 NOTE
r-devel-windows-ix86+x86_64 0.1-2 5.00 54.00 59.00 NOTE
r-patched-linux-x86_64 0.1-2 1.56 18.29 19.85 NOTE
r-patched-solaris-sparc 0.1-2 193.70 NOTE
r-patched-solaris-x86 0.1-2 46.70 NOTE
r-release-linux-x86_64 0.1-2 1.71 20.63 22.34 NOTE
r-release-osx-x86_64-mavericks 0.1-2 NOTE
r-release-windows-ix86+x86_64 0.1-2 5.00 46.00 51.00 NOTE
r-oldrel-windows-ix86+x86_64 0.1-2 6.00 46.00 52.00 OK

Check Details

Version: 0.1-2
Check: R code for possible problems
Result: NOTE
    readSEER: no visible global function definition for ‘read.fwf’
    Undefined global functions or variables:
     read.fwf
    Consider adding
     importFrom("utils", "read.fwf")
    to your NAMESPACE file.
Flavors: r-devel-linux-x86_64-debian-clang, r-devel-linux-x86_64-debian-gcc, r-devel-linux-x86_64-fedora-clang, r-devel-linux-x86_64-fedora-gcc, r-devel-osx-x86_64-clang, r-devel-windows-ix86+x86_64, r-patched-linux-x86_64, r-patched-solaris-sparc, r-patched-solaris-x86, r-release-linux-x86_64, r-release-osx-x86_64-mavericks, r-release-windows-ix86+x86_64