CRAN Package Check Results for Package UScancer

Last updated on 2014-08-22 13:47:06.

Flavor Version Tinstall Tcheck Ttotal Status Flags
r-devel-linux-x86_64-debian-clang 0.1-2 1.31 18.12 19.43 OK
r-devel-linux-x86_64-debian-gcc 0.1-2 1.49 17.84 19.34 OK
r-devel-linux-x86_64-fedora-clang 0.1-2 41.80 OK
r-devel-linux-x86_64-fedora-gcc 0.1-2 38.95 OK
r-devel-osx-x86_64-clang 0.1-2 36.79 OK
r-devel-windows-ix86+x86_64 0.1-2 4.00 27.00 31.00 OK
r-patched-linux-x86_64 0.1-2 1.46 17.92 19.38 OK
r-patched-solaris-sparc 0.1-2 227.50 OK
r-patched-solaris-x86 0.1-2 73.40 OK
r-release-linux-ix86 0.1-2 1.80 25.51 27.31 OK
r-release-linux-x86_64 0.1-2 1.76 18.24 20.00 OK
r-release-osx-x86_64-mavericks 0.1-2 ERROR
r-release-osx-x86_64-snowleopard 0.1-2 OK
r-release-windows-ix86+x86_64 0.1-2 4.00 29.00 33.00 OK
r-oldrel-windows-ix86+x86_64 0.1-2 5.00 29.00 34.00 OK

Check Details

Version: 0.1-2
Check: package dependencies
Result: ERROR
    Package required but not available: ‘rgdal’
    
    See the information on DESCRIPTION files in the chapter ‘Creating R
    packages’ of the ‘Writing R Extensions’ manual.
Flavor: r-release-osx-x86_64-mavericks