CRAN Package Check Results for Package UScancer

Last updated on 2016-05-25 14:47:50.

Flavor Version Tinstall Tcheck Ttotal Status Flags
r-devel-linux-x86_64-debian-gcc 0.1-2 1.08 16.37 17.45 NOTE
r-devel-linux-x86_64-fedora-clang 0.1-2 34.05 NOTE
r-devel-linux-x86_64-fedora-gcc 0.1-2 29.91 NOTE
r-devel-osx-x86_64-clang 0.1-2 33.90 NOTE
r-devel-windows-ix86+x86_64 0.1-2 4.00 36.00 40.00 NOTE
r-patched-linux-x86_64 0.1-2 1.13 16.45 17.58 NOTE
r-patched-solaris-sparc 0.1-2 191.30 NOTE
r-patched-solaris-x86 0.1-2 48.90 NOTE
r-release-linux-x86_64 0.1-2 1.10 16.18 17.28 NOTE
r-release-osx-x86_64-mavericks 0.1-2 NOTE
r-release-windows-ix86+x86_64 0.1-2 7.00 48.00 55.00 NOTE
r-oldrel-windows-ix86+x86_64 0.1-2 4.00 36.00 40.00 OK

Check Details

Version: 0.1-2
Check: R code for possible problems
Result: NOTE
    readSEER: no visible global function definition for ‘read.fwf’
    Undefined global functions or variables:
     read.fwf
    Consider adding
     importFrom("utils", "read.fwf")
    to your NAMESPACE file.
Flavors: r-devel-linux-x86_64-debian-gcc, r-devel-linux-x86_64-fedora-clang, r-devel-linux-x86_64-fedora-gcc, r-devel-osx-x86_64-clang, r-devel-windows-ix86+x86_64, r-patched-linux-x86_64, r-patched-solaris-sparc, r-patched-solaris-x86, r-release-linux-x86_64, r-release-osx-x86_64-mavericks, r-release-windows-ix86+x86_64