CRAN Package Check Results for Package UScancer

Last updated on 2015-03-03 12:50:52.

Flavor Version Tinstall Tcheck Ttotal Status Flags
r-devel-linux-x86_64-debian-clang 0.1-2 1.40 15.99 17.39 OK
r-devel-linux-x86_64-debian-gcc 0.1-2 1.43 15.93 17.36 OK
r-devel-linux-x86_64-fedora-clang 0.1-2 35.75 OK
r-devel-linux-x86_64-fedora-gcc 0.1-2 34.14 OK
r-devel-osx-x86_64-clang 0.1-2 34.01 OK
r-devel-windows-ix86+x86_64 0.1-2 7.00 33.00 40.00 OK
r-patched-linux-x86_64 0.1-2 1.39 18.65 20.04 OK
r-patched-solaris-sparc 0.1-2 274.80 OK
r-patched-solaris-x86 0.1-2 87.10 OK
r-release-linux-ix86 0.1-2 1.64 25.73 27.37 OK
r-release-linux-x86_64 0.1-2 1.32 18.61 19.93 OK
r-release-osx-x86_64-mavericks 0.1-2 ERROR
r-release-osx-x86_64-snowleopard 0.1-2 OK
r-release-windows-ix86+x86_64 0.1-2 8.00 42.00 50.00 OK
r-oldrel-windows-ix86+x86_64 0.1-2 5.00 31.00 36.00 OK

Check Details

Version: 0.1-2
Check: package dependencies
Result: ERROR
    Package required but not available: ‘rgdal’
    
    See section ‘The DESCRIPTION file’ in the ‘Writing R Extensions’
    manual.
Flavor: r-release-osx-x86_64-mavericks