CRAN Package Check Results for Package UScancer

Last updated on 2016-08-27 23:48:29.

Flavor Version Tinstall Tcheck Ttotal Status Flags
r-devel-linux-x86_64-debian-clang 0.1-2 1.19 16.75 17.94 NOTE
r-devel-linux-x86_64-debian-gcc 0.1-2 1.18 16.79 17.97 NOTE
r-devel-linux-x86_64-fedora-clang 0.1-2 32.70 NOTE
r-devel-linux-x86_64-fedora-gcc 0.1-2 31.76 NOTE
r-devel-osx-x86_64-clang 0.1-2 24.82 NOTE
r-devel-windows-ix86+x86_64 0.1-2 6.00 46.00 52.00 NOTE
r-patched-linux-x86_64 0.1-2 1.23 16.43 17.66 NOTE
r-patched-solaris-sparc 0.1-2 193.70 NOTE
r-patched-solaris-x86 0.1-2 47.70 NOTE
r-release-linux-x86_64 0.1-2 1.36 17.24 18.60 NOTE
r-release-osx-x86_64-mavericks 0.1-2 NOTE
r-release-windows-ix86+x86_64 0.1-2 5.00 36.00 41.00 NOTE
r-oldrel-windows-ix86+x86_64 0.1-2 4.00 48.00 52.00 OK

Check Details

Version: 0.1-2
Check: R code for possible problems
Result: NOTE
    readSEER: no visible global function definition for ‘read.fwf’
    Undefined global functions or variables:
     read.fwf
    Consider adding
     importFrom("utils", "read.fwf")
    to your NAMESPACE file.
Flavors: r-devel-linux-x86_64-debian-clang, r-devel-linux-x86_64-debian-gcc, r-devel-linux-x86_64-fedora-clang, r-devel-linux-x86_64-fedora-gcc, r-devel-osx-x86_64-clang, r-devel-windows-ix86+x86_64, r-patched-linux-x86_64, r-patched-solaris-sparc, r-patched-solaris-x86, r-release-linux-x86_64, r-release-osx-x86_64-mavericks, r-release-windows-ix86+x86_64