Last updated on 2018-04-26 01:47:28 CEST.
Flavor | Version | Tinstall | Tcheck | Ttotal | Status | Flags |
---|---|---|---|---|---|---|
r-devel-linux-x86_64-debian-clang | 0.1-2 | 1.49 | 26.24 | 27.73 | NOTE | |
r-devel-linux-x86_64-debian-gcc | 0.1-2 | 2.29 | 26.86 | 29.15 | NOTE | |
r-devel-linux-x86_64-fedora-clang | 0.1-2 | 38.53 | NOTE | |||
r-devel-linux-x86_64-fedora-gcc | 0.1-2 | 37.12 | NOTE | |||
r-devel-windows-ix86+x86_64 | 0.1-2 | 6.00 | 42.00 | 48.00 | NOTE | |
r-patched-linux-x86_64 | 0.1-2 | 2.06 | 28.96 | 31.02 | NOTE | |
r-patched-solaris-x86 | 0.1-2 | 66.40 | NOTE | |||
r-release-linux-x86_64 | 0.1-2 | 1.77 | 29.33 | 31.10 | NOTE | |
r-release-windows-ix86+x86_64 | 0.1-2 | 6.00 | 42.00 | 48.00 | NOTE | |
r-release-osx-x86_64 | 0.1-2 | NOTE | ||||
r-oldrel-windows-ix86+x86_64 | 0.1-2 | 4.00 | 38.00 | 42.00 | NOTE | |
r-oldrel-osx-x86_64 | 0.1-2 | NOTE |
Version: 0.1-2
Check: R code for possible problems
Result: NOTE
readSEER: no visible global function definition for ‘read.fwf’
Undefined global functions or variables:
read.fwf
Consider adding
importFrom("utils", "read.fwf")
to your NAMESPACE file.
Flavors: r-devel-linux-x86_64-debian-clang, r-devel-linux-x86_64-debian-gcc, r-devel-linux-x86_64-fedora-clang, r-devel-linux-x86_64-fedora-gcc, r-devel-windows-ix86+x86_64, r-patched-linux-x86_64, r-patched-solaris-x86, r-release-linux-x86_64, r-release-windows-ix86+x86_64, r-release-osx-x86_64, r-oldrel-windows-ix86+x86_64, r-oldrel-osx-x86_64