CRAN Package Check Results for Package UScancer

Last updated on 2017-11-24 18:51:06 CET.

Flavor Version Tinstall Tcheck Ttotal Status Flags
r-devel-linux-x86_64-debian-clang 0.1-2 1.93 51.34 53.27 NOTE
r-devel-linux-x86_64-debian-gcc 0.1-2 1.34 47.95 49.29 NOTE
r-devel-linux-x86_64-fedora-clang 0.1-2 33.32 NOTE
r-devel-linux-x86_64-fedora-gcc 0.1-2 32.39 NOTE
r-devel-windows-ix86+x86_64 0.1-2 6.00 35.00 41.00 NOTE
r-patched-linux-x86_64 0.1-2 1.77 50.46 52.24 NOTE
r-patched-solaris-x86 0.1-2 56.00 NOTE
r-release-linux-x86_64 0.1-2 1.60 51.64 53.24 NOTE
r-release-windows-ix86+x86_64 0.1-2 4.00 39.00 43.00 NOTE
r-release-osx-x86_64 0.1-2 NOTE
r-oldrel-windows-ix86+x86_64 0.1-2 5.00 65.00 70.00 NOTE
r-oldrel-osx-x86_64 0.1-2 NOTE

Check Details

Version: 0.1-2
Check: R code for possible problems
Result: NOTE
    readSEER: no visible global function definition for ‘read.fwf’
    Undefined global functions or variables:
     read.fwf
    Consider adding
     importFrom("utils", "read.fwf")
    to your NAMESPACE file.
Flavors: r-devel-linux-x86_64-debian-clang, r-devel-linux-x86_64-debian-gcc, r-devel-linux-x86_64-fedora-clang, r-devel-linux-x86_64-fedora-gcc, r-devel-windows-ix86+x86_64, r-patched-linux-x86_64, r-patched-solaris-x86, r-release-linux-x86_64, r-release-windows-ix86+x86_64, r-release-osx-x86_64, r-oldrel-windows-ix86+x86_64, r-oldrel-osx-x86_64