CRAN Package Check Results for Package UScancer

Last updated on 2014-11-28 11:50:35.

Flavor Version Tinstall Tcheck Ttotal Status Flags
r-devel-linux-x86_64-debian-clang 0.1-2 1.26 18.39 19.65 OK
r-devel-linux-x86_64-debian-gcc 0.1-2 1.22 18.16 19.38 OK
r-devel-linux-x86_64-fedora-clang 0.1-2 44.86 OK
r-devel-linux-x86_64-fedora-gcc 0.1-2 45.45 OK
r-devel-osx-x86_64-clang 0.1-2 40.05 OK
r-devel-windows-ix86+x86_64 0.1-2 5.00 28.00 33.00 OK
r-patched-linux-x86_64 0.1-2 1.33 18.01 19.34 OK
r-patched-solaris-sparc 0.1-2 227.50 OK
r-patched-solaris-x86 0.1-2 84.30 OK
r-release-linux-ix86 0.1-2 1.58 24.94 26.52 OK
r-release-linux-x86_64 0.1-2 1.31 18.89 20.20 OK
r-release-osx-x86_64-mavericks 0.1-2 ERROR
r-release-osx-x86_64-snowleopard 0.1-2 OK
r-release-windows-ix86+x86_64 0.1-2 5.00 30.00 35.00 OK
r-oldrel-windows-ix86+x86_64 0.1-2 5.00 30.00 35.00 OK

Check Details

Version: 0.1-2
Check: package dependencies
Result: ERROR
    Package required but not available: ‘rgdal’
    
    See the information on DESCRIPTION files in the chapter ‘Creating R
    packages’ of the ‘Writing R Extensions’ manual.
Flavor: r-release-osx-x86_64-mavericks