CRAN Package Check Results for Package UScancer

Last updated on 2016-12-06 16:51:11.

Flavor Version Tinstall Tcheck Ttotal Status Flags
r-devel-linux-x86_64-debian-clang 0.1-2 1.40 19.39 20.79 NOTE
r-devel-linux-x86_64-debian-gcc 0.1-2 1.34 19.25 20.59 NOTE
r-devel-linux-x86_64-fedora-clang 0.1-2 37.61 NOTE --no-stop-on-test-error
r-devel-linux-x86_64-fedora-gcc 0.1-2 35.97 NOTE --no-stop-on-test-error
r-devel-macos-x86_64-clang 0.1-2 28.15 NOTE
r-devel-windows-ix86+x86_64 0.1-2 4.00 38.00 42.00 NOTE
r-patched-linux-x86_64 0.1-2 1.16 16.17 17.33 NOTE
r-patched-solaris-sparc 0.1-2 193.70 NOTE
r-patched-solaris-x86 0.1-2 48.50 NOTE
r-release-linux-x86_64 0.1-2 1.12 16.59 17.71 NOTE
r-release-osx-x86_64-mavericks 0.1-2 NOTE
r-release-windows-ix86+x86_64 0.1-2 3.00 33.00 36.00 NOTE
r-oldrel-windows-ix86+x86_64 0.1-2 5.00 34.00 39.00 OK

Check Details

Version: 0.1-2
Check: R code for possible problems
Result: NOTE
    readSEER: no visible global function definition for ‘read.fwf’
    Undefined global functions or variables:
     read.fwf
    Consider adding
     importFrom("utils", "read.fwf")
    to your NAMESPACE file.
Flavors: r-devel-linux-x86_64-debian-clang, r-devel-linux-x86_64-debian-gcc, r-devel-macos-x86_64-clang, r-devel-windows-ix86+x86_64, r-patched-linux-x86_64, r-patched-solaris-sparc, r-patched-solaris-x86, r-release-linux-x86_64, r-release-osx-x86_64-mavericks, r-release-windows-ix86+x86_64

Version: 0.1-2
Flags: --no-stop-on-test-error
Check: R code for possible problems
Result: NOTE
    readSEER: no visible global function definition for ‘read.fwf’
    Undefined global functions or variables:
     read.fwf
    Consider adding
     importFrom("utils", "read.fwf")
    to your NAMESPACE file.
Flavors: r-devel-linux-x86_64-fedora-clang, r-devel-linux-x86_64-fedora-gcc