CRAN Package Check Results for Package UScancer

Last updated on 2015-04-19 11:51:26.

Flavor Version Tinstall Tcheck Ttotal Status Flags
r-devel-linux-x86_64-debian-clang 0.1-2 1.16 16.20 17.36 OK
r-devel-linux-x86_64-debian-gcc 0.1-2 1.13 16.22 17.35 OK
r-devel-linux-x86_64-fedora-clang 0.1-2 36.06 OK
r-devel-linux-x86_64-fedora-gcc 0.1-2 34.73 OK
r-devel-osx-x86_64-clang 0.1-2 36.05 OK
r-devel-windows-ix86+x86_64 0.1-2 5.00 26.00 31.00 OK
r-patched-linux-x86_64 0.1-2 1.12 15.86 16.98 OK
r-patched-solaris-sparc 0.1-2 224.40 OK
r-patched-solaris-x86 0.1-2 63.80 OK
r-release-linux-x86_64 0.1-2 1.13 16.44 17.56 OK
r-release-osx-x86_64-mavericks 0.1-2 ERROR
r-release-osx-x86_64-snowleopard 0.1-2 OK
r-release-windows-ix86+x86_64 0.1-2 2.00 22.00 24.00 OK
r-oldrel-windows-ix86+x86_64 0.1-2 5.00 37.00 42.00 OK

Check Details

Version: 0.1-2
Check: package dependencies
Result: ERROR
    Package required but not available: ‘rgdal’
    
    See section ‘The DESCRIPTION file’ in the ‘Writing R Extensions’
    manual.
Flavor: r-release-osx-x86_64-mavericks