CRAN Package Check Results for Package UScancer

Last updated on 2015-08-30 23:48:05.

Flavor Version Tinstall Tcheck Ttotal Status Flags
r-devel-linux-x86_64-debian-clang 0.1-2 1.32 15.79 17.12 NOTE
r-devel-linux-x86_64-debian-gcc 0.1-2 1.22 15.54 16.76 NOTE
r-devel-linux-x86_64-fedora-clang 0.1-2 33.85 NOTE
r-devel-linux-x86_64-fedora-gcc 0.1-2 32.58 NOTE
r-devel-osx-x86_64-clang 0.1-2 25.67 OK
r-devel-windows-ix86+x86_64 0.1-2 6.00 30.00 36.00 NOTE
r-patched-linux-x86_64 0.1-2 1.11 16.06 17.17 OK
r-patched-solaris-sparc 0.1-2 220.20 OK
r-patched-solaris-x86 0.1-2 70.50 OK
r-release-linux-x86_64 0.1-2 1.17 16.60 17.77 OK
r-release-osx-x86_64-mavericks 0.1-2 OK
r-release-windows-ix86+x86_64 0.1-2 6.00 27.00 33.00 OK
r-oldrel-windows-ix86+x86_64 0.1-2 7.00 32.00 39.00 OK

Check Details

Version: 0.1-2
Check: R code for possible problems
Result: NOTE
    readSEER: no visible global function definition for ‘read.fwf’
    Undefined global functions or variables:
     read.fwf
    Consider adding
     importFrom("utils", "read.fwf")
    to your NAMESPACE.
Flavors: r-devel-linux-x86_64-debian-clang, r-devel-linux-x86_64-debian-gcc, r-devel-linux-x86_64-fedora-clang, r-devel-linux-x86_64-fedora-gcc, r-devel-windows-ix86+x86_64