CRAN Package Check Results for Package UScancer

Last updated on 2017-02-19 23:48:43.

Flavor Version Tinstall Tcheck Ttotal Status Flags
r-devel-linux-x86_64-debian-clang 0.1-2 1.36 19.10 20.46 NOTE
r-devel-linux-x86_64-debian-gcc 0.1-2 1.42 19.73 21.14 NOTE
r-devel-linux-x86_64-fedora-clang 0.1-2 35.52 NOTE --no-stop-on-test-error
r-devel-linux-x86_64-fedora-gcc 0.1-2 34.85 NOTE --no-stop-on-test-error
r-devel-macos-x86_64-clang 0.1-2 27.78 NOTE --no-stop-on-test-error
r-devel-windows-ix86+x86_64 0.1-2 5.00 55.00 60.00 NOTE
r-patched-linux-x86_64 0.1-2 1.33 16.51 17.83 NOTE
r-patched-solaris-sparc 0.1-2 228.80 NOTE
r-patched-solaris-x86 0.1-2 51.50 NOTE
r-release-linux-x86_64 0.1-2 1.10 16.18 17.29 NOTE
r-release-osx-x86_64-mavericks 0.1-2 NOTE
r-release-windows-ix86+x86_64 0.1-2 4.00 33.00 37.00 NOTE
r-oldrel-windows-ix86+x86_64 0.1-2 7.00 43.00 50.00 OK

Check Details

Version: 0.1-2
Check: R code for possible problems
Result: NOTE
    readSEER: no visible global function definition for ‘read.fwf’
    Undefined global functions or variables:
     read.fwf
    Consider adding
     importFrom("utils", "read.fwf")
    to your NAMESPACE file.
Flavors: r-devel-linux-x86_64-debian-clang, r-devel-linux-x86_64-debian-gcc, r-devel-windows-ix86+x86_64, r-patched-linux-x86_64, r-patched-solaris-sparc, r-patched-solaris-x86, r-release-linux-x86_64, r-release-osx-x86_64-mavericks, r-release-windows-ix86+x86_64

Version: 0.1-2
Flags: --no-stop-on-test-error
Check: R code for possible problems
Result: NOTE
    readSEER: no visible global function definition for ‘read.fwf’
    Undefined global functions or variables:
     read.fwf
    Consider adding
     importFrom("utils", "read.fwf")
    to your NAMESPACE file.
Flavors: r-devel-linux-x86_64-fedora-clang, r-devel-linux-x86_64-fedora-gcc, r-devel-macos-x86_64-clang