CRAN Package Check Results for Package UScancer

Last updated on 2014-04-16 18:47:58.

Flavor Version Tinstall Tcheck Ttotal Status Flags
r-devel-linux-x86_64-debian-clang 0.1-1 1.60 19.50 21.10 NOTE
r-devel-linux-x86_64-debian-gcc 0.1-1 1.57 18.96 20.53 NOTE
r-devel-linux-x86_64-fedora-clang 0.1-1 43.68 NOTE
r-devel-linux-x86_64-fedora-gcc 0.1-1 39.92 NOTE
r-devel-macosx-x86_64-clang 0.1-1 40.39 NOTE
r-devel-macosx-x86_64-gcc 0.1-1 NOTE
r-devel-windows-ix86+x86_64 0.1-1 4.00 27.00 31.00 NOTE
r-patched-linux-x86_64 0.1-1 1.39 19.22 20.61 NOTE
r-patched-solaris-sparc 0.1-1 235.60 NOTE
r-patched-solaris-x86 0.1-1 68.50 NOTE
r-release-linux-ix86 0.1-1 4.00 37.00 41.00 NOTE
r-release-linux-x86_64 0.1-1 1.52 19.42 20.93 NOTE
r-release-macosx-x86_64 0.1-1 OK
r-release-windows-ix86+x86_64 0.1-1 4.00 30.00 34.00 NOTE
r-oldrel-windows-ix86+x86_64 0.1-1 5.00 29.00 34.00 NOTE

Check Details

Version: 0.1-1
Check: dependencies in R code
Result: NOTE
    Package in Depends field not imported from: ‘rgdal’
     These packages need to be imported from (in the NAMESPACE file)
     for when this namespace is loaded but not attached.
    See the information on DESCRIPTION files in the chapter ‘Creating R
    packages’ of the ‘Writing R Extensions’ manual.
Flavors: r-devel-linux-x86_64-debian-clang, r-devel-linux-x86_64-debian-gcc, r-devel-linux-x86_64-fedora-clang, r-devel-linux-x86_64-fedora-gcc, r-devel-macosx-x86_64-clang, r-devel-macosx-x86_64-gcc, r-devel-windows-ix86+x86_64, r-patched-linux-x86_64, r-patched-solaris-sparc, r-patched-solaris-x86, r-release-linux-ix86, r-release-linux-x86_64, r-release-windows-ix86+x86_64, r-oldrel-windows-ix86+x86_64