CRAN Package Check Results for Package UScancer

Last updated on 2018-06-20 07:48:05 CEST.

Flavor Version Tinstall Tcheck Ttotal Status Flags
r-devel-linux-x86_64-debian-clang 0.1-2 2.28 31.83 34.11 NOTE
r-devel-linux-x86_64-debian-gcc 0.1-2 2.29 28.11 30.40 NOTE
r-devel-linux-x86_64-fedora-clang 0.1-2 40.94 NOTE
r-devel-linux-x86_64-fedora-gcc 0.1-2 39.03 NOTE
r-devel-windows-ix86+x86_64 0.1-2 5.00 42.00 47.00 NOTE
r-patched-linux-x86_64 0.1-2 1.72 29.13 30.85 NOTE
r-patched-solaris-x86 0.1-2 63.80 NOTE
r-release-linux-x86_64 0.1-2 1.68 28.99 30.67 NOTE
r-release-windows-ix86+x86_64 0.1-2 3.00 53.00 56.00 NOTE
r-release-osx-x86_64 0.1-2 NOTE
r-oldrel-windows-ix86+x86_64 0.1-2 6.00 40.00 46.00 NOTE
r-oldrel-osx-x86_64 0.1-2 NOTE

Check Details

Version: 0.1-2
Check: R code for possible problems
Result: NOTE
    readSEER: no visible global function definition for ‘read.fwf’
    Undefined global functions or variables:
     read.fwf
    Consider adding
     importFrom("utils", "read.fwf")
    to your NAMESPACE file.
Flavors: r-devel-linux-x86_64-debian-clang, r-devel-linux-x86_64-debian-gcc, r-devel-linux-x86_64-fedora-clang, r-devel-linux-x86_64-fedora-gcc, r-devel-windows-ix86+x86_64, r-patched-linux-x86_64, r-patched-solaris-x86, r-release-linux-x86_64, r-release-windows-ix86+x86_64, r-release-osx-x86_64, r-oldrel-windows-ix86+x86_64, r-oldrel-osx-x86_64