CRAN Package Check Results for Package UScancer

Last updated on 2015-01-27 23:51:26.

Flavor Version Tinstall Tcheck Ttotal Status Flags
r-devel-linux-x86_64-debian-clang 0.1-2 1.18 16.31 17.49 OK
r-devel-linux-x86_64-debian-gcc 0.1-2 1.21 15.95 17.16 OK
r-devel-linux-x86_64-fedora-clang 0.1-2 43.42 OK
r-devel-linux-x86_64-fedora-gcc 0.1-2 43.95 OK
r-devel-osx-x86_64-clang 0.1-2 40.17 OK
r-devel-windows-ix86+x86_64 0.1-2 6.00 25.00 31.00 OK
r-patched-linux-x86_64 0.1-2 1.32 18.44 19.76 OK
r-patched-solaris-sparc 0.1-2 259.40 OK
r-patched-solaris-x86 0.1-2 78.80 OK
r-release-linux-ix86 0.1-2 1.60 24.79 26.39 OK
r-release-linux-x86_64 0.1-2 1.31 18.61 19.92 OK
r-release-osx-x86_64-mavericks 0.1-2 ERROR
r-release-osx-x86_64-snowleopard 0.1-2 OK
r-release-windows-ix86+x86_64 0.1-2 5.00 32.00 37.00 OK
r-oldrel-windows-ix86+x86_64 0.1-2 5.00 34.00 39.00 OK

Check Details

Version: 0.1-2
Check: package dependencies
Result: ERROR
    Package required but not available: ‘rgdal’
    
    See the information on DESCRIPTION files in the chapter ‘Creating R
    packages’ of the ‘Writing R Extensions’ manual.
Flavor: r-release-osx-x86_64-mavericks