CRAN Package Check Results for Package UScancer

Last updated on 2014-09-22 01:48:16.

Flavor Version Tinstall Tcheck Ttotal Status Flags
r-devel-linux-x86_64-debian-clang 0.1-2 1.25 17.75 19.00 OK
r-devel-linux-x86_64-debian-gcc 0.1-2 1.30 17.42 18.72 OK
r-devel-linux-x86_64-fedora-clang 0.1-2 42.18 OK
r-devel-linux-x86_64-fedora-gcc 0.1-2 38.91 OK
r-devel-osx-x86_64-clang 0.1-2 37.10 OK
r-devel-windows-ix86+x86_64 0.1-2 5.00 30.00 35.00 OK
r-patched-linux-x86_64 0.1-2 1.27 17.50 18.77 OK
r-patched-solaris-sparc 0.1-2 227.50 OK
r-patched-solaris-x86 0.1-2 79.30 OK
r-release-linux-ix86 0.1-2 1.84 25.02 26.86 OK
r-release-linux-x86_64 0.1-2 1.41 18.07 19.48 OK
r-release-osx-x86_64-mavericks 0.1-2 ERROR
r-release-osx-x86_64-snowleopard 0.1-2 OK
r-release-windows-ix86+x86_64 0.1-2 4.00 27.00 31.00 OK
r-oldrel-windows-ix86+x86_64 0.1-2 6.00 30.00 36.00 OK

Check Details

Version: 0.1-2
Check: package dependencies
Result: ERROR
    Package required but not available: ‘rgdal’
    
    See the information on DESCRIPTION files in the chapter ‘Creating R
    packages’ of the ‘Writing R Extensions’ manual.
Flavor: r-release-osx-x86_64-mavericks