CRAN Package Check Results for Package UScancer

Last updated on 2017-03-26 21:48:20.

Flavor Version Tinstall Tcheck Ttotal Status Flags
r-devel-linux-x86_64-debian-clang 0.1-2 1.35 19.89 21.23 NOTE
r-devel-linux-x86_64-debian-gcc 0.1-2 1.48 20.07 21.56 NOTE
r-devel-linux-x86_64-fedora-clang 0.1-2 36.19 NOTE --no-stop-on-test-error
r-devel-linux-x86_64-fedora-gcc 0.1-2 35.77 NOTE --no-stop-on-test-error
r-devel-macos-x86_64-clang 0.1-2 27.34 NOTE --no-stop-on-test-error
r-patched-linux-x86_64 0.1-2 1.30 19.51 20.81 NOTE
r-patched-solaris-sparc 0.1-2 226.40 NOTE
r-patched-solaris-x86 0.1-2 54.90 NOTE
r-release-linux-x86_64 0.1-2 1.13 16.34 17.47 NOTE
r-release-osx-x86_64-mavericks 0.1-2 NOTE
r-release-windows-ix86+x86_64 0.1-2 7.00 36.00 43.00 NOTE
r-oldrel-windows-ix86+x86_64 0.1-2 3.00 32.00 35.00 OK

Check Details

Version: 0.1-2
Check: R code for possible problems
Result: NOTE
    readSEER: no visible global function definition for ‘read.fwf’
    Undefined global functions or variables:
     read.fwf
    Consider adding
     importFrom("utils", "read.fwf")
    to your NAMESPACE file.
Flavors: r-devel-linux-x86_64-debian-clang, r-devel-linux-x86_64-debian-gcc, r-patched-linux-x86_64, r-patched-solaris-sparc, r-patched-solaris-x86, r-release-linux-x86_64, r-release-osx-x86_64-mavericks, r-release-windows-ix86+x86_64

Version: 0.1-2
Flags: --no-stop-on-test-error
Check: R code for possible problems
Result: NOTE
    readSEER: no visible global function definition for ‘read.fwf’
    Undefined global functions or variables:
     read.fwf
    Consider adding
     importFrom("utils", "read.fwf")
    to your NAMESPACE file.
Flavors: r-devel-linux-x86_64-fedora-clang, r-devel-linux-x86_64-fedora-gcc, r-devel-macos-x86_64-clang