CRAN Package Check Results for Package UScancer

Last updated on 2014-10-31 17:49:26.

Flavor Version Tinstall Tcheck Ttotal Status Flags
r-devel-linux-x86_64-debian-clang 0.1-2 1.27 19.00 20.27 OK
r-devel-linux-x86_64-debian-gcc 0.1-2 1.28 18.22 19.50 OK
r-devel-linux-x86_64-fedora-clang 0.1-2 42.93 OK
r-devel-linux-x86_64-fedora-gcc 0.1-2 39.84 OK
r-devel-osx-x86_64-clang 0.1-2 39.18 OK
r-devel-windows-ix86+x86_64 0.1-2 4.00 27.00 31.00 OK
r-patched-linux-x86_64 0.1-2 1.30 18.59 19.89 OK
r-patched-solaris-sparc 0.1-2 227.50 OK
r-patched-solaris-x86 0.1-2 81.00 OK
r-release-linux-ix86 0.1-2 1.70 24.88 26.58 OK
r-release-linux-x86_64 0.1-2 1.40 18.32 19.72 OK
r-release-osx-x86_64-mavericks 0.1-2 ERROR
r-release-osx-x86_64-snowleopard 0.1-2 OK
r-release-windows-ix86+x86_64 0.1-2 5.00 28.00 33.00 OK
r-oldrel-windows-ix86+x86_64 0.1-2 5.00 31.00 36.00 OK

Check Details

Version: 0.1-2
Check: package dependencies
Result: ERROR
    Package required but not available: ‘rgdal’
    
    See the information on DESCRIPTION files in the chapter ‘Creating R
    packages’ of the ‘Writing R Extensions’ manual.
Flavor: r-release-osx-x86_64-mavericks