CRAN Package Check Results for Package UScensus2000blkgrp

Last updated on 2014-07-25 01:48:54.

Flavor Version Tinstall Tcheck Ttotal Status Flags
r-devel-linux-x86_64-debian-clang 0.03 5.34 238.01 243.35 NOTE
r-devel-linux-x86_64-debian-gcc 0.03 7.42 218.99 226.41 NOTE
r-devel-linux-x86_64-fedora-clang 0.03 497.35 NOTE
r-devel-linux-x86_64-fedora-gcc 0.03 480.31 NOTE
r-devel-osx-x86_64-clang 0.03 356.61 NOTE
r-devel-windows-ix86+x86_64 0.03 14.00 335.00 349.00 NOTE
r-patched-linux-x86_64 0.03 5.25 237.14 242.39 NOTE
r-patched-solaris-sparc 0.03 3049.10 NOTE
r-patched-solaris-x86 0.03 545.00 NOTE
r-release-linux-ix86 0.03 6.68 289.86 296.54 NOTE
r-release-linux-x86_64 0.03 5.45 248.25 253.70 NOTE
r-release-osx-x86_64-mavericks 0.03 NOTE
r-release-osx-x86_64-snowleopard 0.03 NOTE
r-release-windows-ix86+x86_64 0.03 15.00 354.00 369.00 NOTE
r-oldrel-windows-ix86+x86_64 0.03 14.00 323.00 337.00 NOTE

Check Details

Version: 0.03
Check: installed package size
Result: NOTE
     installed size is 54.4Mb
     sub-directories of 1Mb or more:
     data 53.8Mb
Flavors: r-devel-linux-x86_64-debian-clang, r-devel-linux-x86_64-debian-gcc, r-devel-linux-x86_64-fedora-clang, r-devel-linux-x86_64-fedora-gcc, r-devel-osx-x86_64-clang, r-devel-windows-ix86+x86_64, r-patched-linux-x86_64, r-patched-solaris-sparc, r-patched-solaris-x86, r-release-linux-ix86, r-release-linux-x86_64, r-release-osx-x86_64-mavericks, r-release-osx-x86_64-snowleopard, r-release-windows-ix86+x86_64, r-oldrel-windows-ix86+x86_64

Version: 0.03
Check: R code for possible problems
Result: NOTE
    NB: .First.lib is obsolete and will not be used in R >= 3.0.0
    File ‘UScensus2000blkgrp/R/zzz.R’:
     .First.lib calls:
     cat(paste("'", ehelp[4], "'\n", "Version ", ehelp[2], " created on ", ehelp[3], ".\n", sep = ""))
     cat(paste(substring(ehelp[3], first = 16), "\n", "Version ", substring(ehelp[4], first = 16), " created on ", substring(ehelp[5], first = 16), ".\n", sep = ""))
     cat(paste("copyright (c) 2009, Zack W. Almquist, University of California-Irvine \n", sep = ""))
     cat("For citation information, type citation(\"UScensus2000blkgrp\").\n")
     cat("Type help(package=\"UScensus2000blkgrp\") to get started.\n")
    
    Package startup functions should use ‘packageStartupMessage’ to
     generate messages.
    See section ‘Good practice’ in '?.onAttach'.
Flavors: r-devel-linux-x86_64-debian-clang, r-devel-linux-x86_64-debian-gcc, r-devel-linux-x86_64-fedora-clang, r-devel-linux-x86_64-fedora-gcc, r-devel-osx-x86_64-clang, r-devel-windows-ix86+x86_64, r-patched-linux-x86_64, r-patched-solaris-sparc, r-patched-solaris-x86, r-release-linux-ix86, r-release-linux-x86_64, r-release-osx-x86_64-mavericks, r-release-osx-x86_64-snowleopard, r-release-windows-ix86+x86_64, r-oldrel-windows-ix86+x86_64

Version: 0.03
Check: Rd line widths
Result: NOTE
    Rd file 'alabama.blkgrp.Rd':
     \examples lines wider than 100 characters:
     legend("bottomright",legend=colors.use$dem.cut,fill=colors.use$table.colors,bty="o",title="Population Count",bg="white")
    
    Rd file 'alaska.blkgrp.Rd':
     \examples lines wider than 100 characters:
     legend("bottomright",legend=colors.use$dem.cut,fill=colors.use$table.colors,bty="o",title="Population Count",bg="white")
    
    Rd file 'arizona.blkgrp.Rd':
     \examples lines wider than 100 characters:
     legend("bottomright",legend=colors.use$dem.cut,fill=colors.use$table.colors,bty="o",title="Population Count",bg="white")
    
    Rd file 'arkansas.blkgrp.Rd':
     \examples lines wider than 100 characters:
     legend("bottomright",legend=colors.use$dem.cut,fill=colors.use$table.colors,bty="o",title="Population Count",bg="white")
    
    Rd file 'california.blkgrp.Rd':
     \examples lines wider than 100 characters:
     legend("bottomright",legend=colors.use$dem.cut,fill=colors.use$table.colors,bty="o",title="Population Count",bg="white")
    
    Rd file 'colorado.blkgrp.Rd':
     \examples lines wider than 100 characters:
     legend("bottomright",legend=colors.use$dem.cut,fill=colors.use$table.colors,bty="o",title="Population Count",bg="white")
    
    Rd file 'connecticut.blkgrp.Rd':
     \examples lines wider than 100 characters:
     legend("bottomright",legend=colors.use$dem.cut,fill=colors.use$table.colors,bty="o",title="Population Count",bg="white")
    
    Rd file 'delaware.blkgrp.Rd':
     \examples lines wider than 100 characters:
     legend("bottomright",legend=colors.use$dem.cut,fill=colors.use$table.colors,bty="o",title="Population Count",bg="white")
    
    Rd file 'district_of_columbia.blkgrp.Rd':
     \examples lines wider than 100 characters:
     colors.use<-color.map(district_of_columbia.blkgrp,as.numeric(district_of_columbia.blkgrp@data$pop2000))
     title(main="Census Block Groups \n of District_of_columbia, 2000", sub="Quantiles (equal frequency)")
     legend("bottomright",legend=colors.use$dem.cut,fill=colors.use$table.colors,bty="o",title="Population Count",bg="white")
     title(main="Census Block Groups \n of District_of_columbia, 2000", sub="Quantiles (equal frequency)")
    
    Rd file 'florida.blkgrp.Rd':
     \examples lines wider than 100 characters:
     legend("bottomright",legend=colors.use$dem.cut,fill=colors.use$table.colors,bty="o",title="Population Count",bg="white")
    
    Rd file 'georgia.blkgrp.Rd':
     \examples lines wider than 100 characters:
     legend("bottomright",legend=colors.use$dem.cut,fill=colors.use$table.colors,bty="o",title="Population Count",bg="white")
    
    Rd file 'hawaii.blkgrp.Rd':
     \examples lines wider than 100 characters:
     legend("bottomright",legend=colors.use$dem.cut,fill=colors.use$table.colors,bty="o",title="Population Count",bg="white")
    
    Rd file 'idaho.blkgrp.Rd':
     \examples lines wider than 100 characters:
     legend("bottomright",legend=colors.use$dem.cut,fill=colors.use$table.colors,bty="o",title="Population Count",bg="white")
    
    Rd file 'illinois.blkgrp.Rd':
     \examples lines wider than 100 characters:
     legend("bottomright",legend=colors.use$dem.cut,fill=colors.use$table.colors,bty="o",title="Population Count",bg="white")
    
    Rd file 'indiana.blkgrp.Rd':
     \examples lines wider than 100 characters:
     legend("bottomright",legend=colors.use$dem.cut,fill=colors.use$table.colors,bty="o",title="Population Count",bg="white")
    
    Rd file 'iowa.blkgrp.Rd':
     \examples lines wider than 100 characters:
     legend("bottomright",legend=colors.use$dem.cut,fill=colors.use$table.colors,bty="o",title="Population Count",bg="white")
    
    Rd file 'kansas.blkgrp.Rd':
     \examples lines wider than 100 characters:
     legend("bottomright",legend=colors.use$dem.cut,fill=colors.use$table.colors,bty="o",title="Population Count",bg="white")
    
    Rd file 'kentucky.blkgrp.Rd':
     \examples lines wider than 100 characters:
     legend("bottomright",legend=colors.use$dem.cut,fill=colors.use$table.colors,bty="o",title="Population Count",bg="white")
    
    Rd file 'louisiana.blkgrp.Rd':
     \examples lines wider than 100 characters:
     legend("bottomright",legend=colors.use$dem.cut,fill=colors.use$table.colors,bty="o",title="Population Count",bg="white")
    
    Rd file 'maine.blkgrp.Rd':
     \examples lines wider than 100 characters:
     legend("bottomright",legend=colors.use$dem.cut,fill=colors.use$table.colors,bty="o",title="Population Count",bg="white")
    
    Rd file 'maryland.blkgrp.Rd':
     \examples lines wider than 100 characters:
     legend("bottomright",legend=colors.use$dem.cut,fill=colors.use$table.colors,bty="o",title="Population Count",bg="white")
    
    Rd file 'massachusetts.blkgrp.Rd':
     \examples lines wider than 100 characters:
     legend("bottomright",legend=colors.use$dem.cut,fill=colors.use$table.colors,bty="o",title="Population Count",bg="white")
    
    Rd file 'michigan.blkgrp.Rd':
     \examples lines wider than 100 characters:
     legend("bottomright",legend=colors.use$dem.cut,fill=colors.use$table.colors,bty="o",title="Population Count",bg="white")
    
    Rd file 'minnesota.blkgrp.Rd':
     \examples lines wider than 100 characters:
     legend("bottomright",legend=colors.use$dem.cut,fill=colors.use$table.colors,bty="o",title="Population Count",bg="white")
    
    Rd file 'mississippi.blkgrp.Rd':
     \examples lines wider than 100 characters:
     legend("bottomright",legend=colors.use$dem.cut,fill=colors.use$table.colors,bty="o",title="Population Count",bg="white")
    
    Rd file 'missouri.blkgrp.Rd':
     \examples lines wider than 100 characters:
     legend("bottomright",legend=colors.use$dem.cut,fill=colors.use$table.colors,bty="o",title="Population Count",bg="white")
    
    Rd file 'montana.blkgrp.Rd':
     \examples lines wider than 100 characters:
     legend("bottomright",legend=colors.use$dem.cut,fill=colors.use$table.colors,bty="o",title="Population Count",bg="white")
    
    Rd file 'nebraska.blkgrp.Rd':
     \examples lines wider than 100 characters:
     legend("bottomright",legend=colors.use$dem.cut,fill=colors.use$table.colors,bty="o",title="Population Count",bg="white")
    
    Rd file 'nevada.blkgrp.Rd':
     \examples lines wider than 100 characters:
     legend("bottomright",legend=colors.use$dem.cut,fill=colors.use$table.colors,bty="o",title="Population Count",bg="white")
    
    Rd file 'new_hampshire.blkgrp.Rd':
     \examples lines wider than 100 characters:
     legend("bottomright",legend=colors.use$dem.cut,fill=colors.use$table.colors,bty="o",title="Population Count",bg="white")
    
    Rd file 'new_jersey.blkgrp.Rd':
     \examples lines wider than 100 characters:
     legend("bottomright",legend=colors.use$dem.cut,fill=colors.use$table.colors,bty="o",title="Population Count",bg="white")
    
    Rd file 'new_mexico.blkgrp.Rd':
     \examples lines wider than 100 characters:
     legend("bottomright",legend=colors.use$dem.cut,fill=colors.use$table.colors,bty="o",title="Population Count",bg="white")
    
    Rd file 'new_york.blkgrp.Rd':
     \examples lines wider than 100 characters:
     legend("bottomright",legend=colors.use$dem.cut,fill=colors.use$table.colors,bty="o",title="Population Count",bg="white")
    
    Rd file 'north_carolina.blkgrp.Rd':
     \examples lines wider than 100 characters:
     legend("bottomright",legend=colors.use$dem.cut,fill=colors.use$table.colors,bty="o",title="Population Count",bg="white")
    
    Rd file 'north_dakota.blkgrp.Rd':
     \examples lines wider than 100 characters:
     legend("bottomright",legend=colors.use$dem.cut,fill=colors.use$table.colors,bty="o",title="Population Count",bg="white")
    
    Rd file 'ohio.blkgrp.Rd':
     \examples lines wider than 100 characters:
     legend("bottomright",legend=colors.use$dem.cut,fill=colors.use$table.colors,bty="o",title="Population Count",bg="white")
    
    Rd file 'oklahoma.blkgrp.Rd':
     \examples lines wider than 100 characters:
     legend("bottomright",legend=colors.use$dem.cut,fill=colors.use$table.colors,bty="o",title="Population Count",bg="white")
    
    Rd file 'oregon.blkgrp.Rd':
     \examples lines wider than 100 characters:
     legend("bottomright",legend=colors.use$dem.cut,fill=colors.use$table.colors,bty="o",title="Population Count",bg="white")
    
    Rd file 'pennsylvania.blkgrp.Rd':
     \examples lines wider than 100 characters:
     legend("bottomright",legend=colors.use$dem.cut,fill=colors.use$table.colors,bty="o",title="Population Count",bg="white")
    
    Rd file 'rhode_island.blkgrp.Rd':
     \examples lines wider than 100 characters:
     legend("bottomright",legend=colors.use$dem.cut,fill=colors.use$table.colors,bty="o",title="Population Count",bg="white")
    
    Rd file 'south_carolina.blkgrp.Rd':
     \examples lines wider than 100 characters:
     legend("bottomright",legend=colors.use$dem.cut,fill=colors.use$table.colors,bty="o",title="Population Count",bg="white")
    
    Rd file 'south_dakota.blkgrp.Rd':
     \examples lines wider than 100 characters:
     legend("bottomright",legend=colors.use$dem.cut,fill=colors.use$table.colors,bty="o",title="Population Count",bg="white")
    
    Rd file 'tennessee.blkgrp.Rd':
     \examples lines wider than 100 characters:
     legend("bottomright",legend=colors.use$dem.cut,fill=colors.use$table.colors,bty="o",title="Population Count",bg="white")
    
    Rd file 'texas.blkgrp.Rd':
     \examples lines wider than 100 characters:
     legend("bottomright",legend=colors.use$dem.cut,fill=colors.use$table.colors,bty="o",title="Population Count",bg="white")
    
    Rd file 'utah.blkgrp.Rd':
     \examples lines wider than 100 characters:
     legend("bottomright",legend=colors.use$dem.cut,fill=colors.use$table.colors,bty="o",title="Population Count",bg="white")
    
    Rd file 'vermont.blkgrp.Rd':
     \examples lines wider than 100 characters:
     legend("bottomright",legend=colors.use$dem.cut,fill=colors.use$table.colors,bty="o",title="Population Count",bg="white")
    
    Rd file 'virginia.blkgrp.Rd':
     \examples lines wider than 100 characters:
     legend("bottomright",legend=colors.use$dem.cut,fill=colors.use$table.colors,bty="o",title="Population Count",bg="white")
    
    Rd file 'washington.blkgrp.Rd':
     \examples lines wider than 100 characters:
     legend("bottomright",legend=colors.use$dem.cut,fill=colors.use$table.colors,bty="o",title="Population Count",bg="white")
    
    Rd file 'west_virginia.blkgrp.Rd':
     \examples lines wider than 100 characters:
     legend("bottomright",legend=colors.use$dem.cut,fill=colors.use$table.colors,bty="o",title="Population Count",bg="white")
    
    Rd file 'wisconsin.blkgrp.Rd':
     \examples lines wider than 100 characters:
     legend("bottomright",legend=colors.use$dem.cut,fill=colors.use$table.colors,bty="o",title="Population Count",bg="white")
    
    Rd file 'wyoming.blkgrp.Rd':
     \examples lines wider than 100 characters:
     legend("bottomright",legend=colors.use$dem.cut,fill=colors.use$table.colors,bty="o",title="Population Count",bg="white")
    
    These lines will be truncated in the PDF manual.
Flavors: r-devel-linux-x86_64-fedora-clang, r-devel-linux-x86_64-fedora-gcc