CRAN Package Check Results for Package UScensus2000cdp

Last updated on 2014-04-18 03:47:26.

Flavor Version Tinstall Tcheck Ttotal Status Flags
r-devel-linux-x86_64-debian-clang 0.03 3.52 64.84 68.36 NOTE
r-devel-linux-x86_64-debian-gcc NOTE
r-devel-linux-x86_64-fedora-clang 0.03 143.02 NOTE
r-devel-linux-x86_64-fedora-gcc 0.03 139.16 NOTE
r-devel-macosx-x86_64-clang 0.03 116.74 NOTE
r-devel-macosx-x86_64-gcc 0.03 ERROR
r-devel-windows-ix86+x86_64 0.03 10.00 94.00 104.00 NOTE
r-patched-linux-x86_64 0.03 3.92 64.75 68.67 NOTE
r-patched-solaris-sparc 0.03 807.60 NOTE
r-patched-solaris-x86 0.03 165.90 NOTE
r-release-linux-ix86 0.03 7.00 97.00 104.00 NOTE
r-release-linux-x86_64 0.03 3.79 62.78 66.57 NOTE
r-release-macosx-x86_64 0.03 NOTE
r-release-windows-ix86+x86_64 0.03 10.00 101.00 111.00 NOTE
r-oldrel-windows-ix86+x86_64 0.03 9.00 93.00 102.00 NOTE

Check Details

Version: 0.03
Check: installed package size
Result: NOTE
     installed size is 12.8Mb
     sub-directories of 1Mb or more:
     data 12.2Mb
Flavors: r-devel-linux-x86_64-debian-clang, r-devel-linux-x86_64-debian-gcc, r-devel-linux-x86_64-fedora-clang, r-devel-linux-x86_64-fedora-gcc, r-devel-macosx-x86_64-clang, r-devel-windows-ix86+x86_64, r-patched-linux-x86_64, r-patched-solaris-sparc, r-patched-solaris-x86, r-release-linux-ix86, r-release-linux-x86_64, r-release-macosx-x86_64, r-release-windows-ix86+x86_64, r-oldrel-windows-ix86+x86_64

Version: 0.03
Check: R code for possible problems
Result: NOTE
    NB: .First.lib is obsolete and will not be used in R >= 3.0.0
    File ‘UScensus2000cdp/R/zzz.R’:
     .First.lib calls:
     cat(paste("'", ehelp[4], "'\n", "Version ", ehelp[2], " created on ", ehelp[3], ".\n", sep = ""))
     cat(paste(substring(ehelp[3], first = 16), "\n", "Version ", substring(ehelp[4], first = 16), " created on ", substring(ehelp[5], first = 16), ".\n", sep = ""))
     cat(paste("copyright (c) 2009, Zack W. Almquist, University of California-Irvine\n", sep = ""))
     cat("For citation information, type citation(\"UScensus2000cdp\").\n")
     cat("Type help(package=\"UScensus2000cdp\") to get started.\n")
    
    Package startup functions should use ‘packageStartupMessage’ to
     generate messages.
    See section ‘Good practice’ in '?.onAttach'.
Flavors: r-devel-linux-x86_64-debian-clang, r-devel-linux-x86_64-debian-gcc, r-devel-linux-x86_64-fedora-clang, r-devel-linux-x86_64-fedora-gcc, r-devel-macosx-x86_64-clang, r-devel-windows-ix86+x86_64, r-patched-linux-x86_64, r-patched-solaris-sparc, r-patched-solaris-x86, r-release-linux-ix86, r-release-linux-x86_64, r-release-macosx-x86_64, r-release-windows-ix86+x86_64, r-oldrel-windows-ix86+x86_64

Version: 0.03
Check: Rd line widths
Result: NOTE
    Rd file 'alabama.cdp.Rd':
     \examples lines wider than 100 characters:
     legend("bottomright",legend=colors.use$dem.cut,fill=colors.use$table.colors,bty="o",title="Population Count",bg="white")
    
    Rd file 'alaska.cdp.Rd':
     \examples lines wider than 100 characters:
     legend("bottomright",legend=colors.use$dem.cut,fill=colors.use$table.colors,bty="o",title="Population Count",bg="white")
     plot(alaska.cdp, col=colcode, border="transparent",ylim=c(51.78495, 71.33953),xlim=c(-176.81043, -130.0427))
    
    Rd file 'arizona.cdp.Rd':
     \examples lines wider than 100 characters:
     legend("bottomright",legend=colors.use$dem.cut,fill=colors.use$table.colors,bty="o",title="Population Count",bg="white")
    
    Rd file 'arkansas.cdp.Rd':
     \examples lines wider than 100 characters:
     legend("bottomright",legend=colors.use$dem.cut,fill=colors.use$table.colors,bty="o",title="Population Count",bg="white")
    
    Rd file 'california.cdp.Rd':
     \examples lines wider than 100 characters:
     legend("bottomright",legend=colors.use$dem.cut,fill=colors.use$table.colors,bty="o",title="Population Count",bg="white")
    
    Rd file 'colorado.cdp.Rd':
     \examples lines wider than 100 characters:
     legend("bottomright",legend=colors.use$dem.cut,fill=colors.use$table.colors,bty="o",title="Population Count",bg="white")
    
    Rd file 'connecticut.cdp.Rd':
     \examples lines wider than 100 characters:
     legend("bottomright",legend=colors.use$dem.cut,fill=colors.use$table.colors,bty="o",title="Population Count",bg="white")
    
    Rd file 'delaware.cdp.Rd':
     \examples lines wider than 100 characters:
     legend("bottomright",legend=colors.use$dem.cut,fill=colors.use$table.colors,bty="o",title="Population Count",bg="white")
    
    Rd file 'district_of_columbia.cdp.Rd':
     \examples lines wider than 100 characters:
     title(main="Census Designated Places \n of District_of_columbia, 2000", sub="Quantiles (equal frequency)")
     legend("bottomright",legend=district_of_columbia.cdp$pop2000,fill="yellow",bty="o",title="Population Count",bg="white")
    
    Rd file 'florida.cdp.Rd':
     \examples lines wider than 100 characters:
     legend("bottomright",legend=colors.use$dem.cut,fill=colors.use$table.colors,bty="o",title="Population Count",bg="white")
    
    Rd file 'georgia.cdp.Rd':
     \examples lines wider than 100 characters:
     legend("bottomright",legend=colors.use$dem.cut,fill=colors.use$table.colors,bty="o",title="Population Count",bg="white")
    
    Rd file 'hawaii.cdp.Rd':
     \examples lines wider than 100 characters:
     legend("bottomright",legend=colors.use$dem.cut,fill=colors.use$table.colors,bty="o",title="Population Count",bg="white")
    
    Rd file 'idaho.cdp.Rd':
     \examples lines wider than 100 characters:
     legend("bottomright",legend=colors.use$dem.cut,fill=colors.use$table.colors,bty="o",title="Population Count",bg="white")
    
    Rd file 'illinois.cdp.Rd':
     \examples lines wider than 100 characters:
     legend("bottomright",legend=colors.use$dem.cut,fill=colors.use$table.colors,bty="o",title="Population Count",bg="white")
    
    Rd file 'indiana.cdp.Rd':
     \examples lines wider than 100 characters:
     legend("bottomright",legend=colors.use$dem.cut,fill=colors.use$table.colors,bty="o",title="Population Count",bg="white")
    
    Rd file 'iowa.cdp.Rd':
     \examples lines wider than 100 characters:
     legend("bottomright",legend=colors.use$dem.cut,fill=colors.use$table.colors,bty="o",title="Population Count",bg="white")
    
    Rd file 'kansas.cdp.Rd':
     \examples lines wider than 100 characters:
     legend("bottomright",legend=colors.use$dem.cut,fill=colors.use$table.colors,bty="o",title="Population Count",bg="white")
    
    Rd file 'kentucky.cdp.Rd':
     \examples lines wider than 100 characters:
     legend("bottomright",legend=colors.use$dem.cut,fill=colors.use$table.colors,bty="o",title="Population Count",bg="white")
    
    Rd file 'louisiana.cdp.Rd':
     \examples lines wider than 100 characters:
     legend("bottomright",legend=colors.use$dem.cut,fill=colors.use$table.colors,bty="o",title="Population Count",bg="white")
    
    Rd file 'maine.cdp.Rd':
     \examples lines wider than 100 characters:
     legend("bottomright",legend=colors.use$dem.cut,fill=colors.use$table.colors,bty="o",title="Population Count",bg="white")
    
    Rd file 'maryland.cdp.Rd':
     \examples lines wider than 100 characters:
     legend("bottomright",legend=colors.use$dem.cut,fill=colors.use$table.colors,bty="o",title="Population Count",bg="white")
    
    Rd file 'massachusetts.cdp.Rd':
     \examples lines wider than 100 characters:
     legend("bottomright",legend=colors.use$dem.cut,fill=colors.use$table.colors,bty="o",title="Population Count",bg="white")
    
    Rd file 'michigan.cdp.Rd':
     \examples lines wider than 100 characters:
     legend("bottomright",legend=colors.use$dem.cut,fill=colors.use$table.colors,bty="o",title="Population Count",bg="white")
    
    Rd file 'minnesota.cdp.Rd':
     \examples lines wider than 100 characters:
     legend("bottomright",legend=colors.use$dem.cut,fill=colors.use$table.colors,bty="o",title="Population Count",bg="white")
    
    Rd file 'mississippi.cdp.Rd':
     \examples lines wider than 100 characters:
     legend("bottomright",legend=colors.use$dem.cut,fill=colors.use$table.colors,bty="o",title="Population Count",bg="white")
    
    Rd file 'missouri.cdp.Rd':
     \examples lines wider than 100 characters:
     legend("bottomright",legend=colors.use$dem.cut,fill=colors.use$table.colors,bty="o",title="Population Count",bg="white")
    
    Rd file 'montana.cdp.Rd':
     \examples lines wider than 100 characters:
     legend("bottomright",legend=colors.use$dem.cut,fill=colors.use$table.colors,bty="o",title="Population Count",bg="white")
    
    Rd file 'nebraska.cdp.Rd':
     \examples lines wider than 100 characters:
     legend("bottomright",legend=colors.use$dem.cut,fill=colors.use$table.colors,bty="o",title="Population Count",bg="white")
    
    Rd file 'nevada.cdp.Rd':
     \examples lines wider than 100 characters:
     legend("bottomright",legend=colors.use$dem.cut,fill=colors.use$table.colors,bty="o",title="Population Count",bg="white")
    
    Rd file 'new_hampshire.cdp.Rd':
     \examples lines wider than 100 characters:
     legend("bottomright",legend=colors.use$dem.cut,fill=colors.use$table.colors,bty="o",title="Population Count",bg="white")
    
    Rd file 'new_jersey.cdp.Rd':
     \examples lines wider than 100 characters:
     legend("bottomright",legend=colors.use$dem.cut,fill=colors.use$table.colors,bty="o",title="Population Count",bg="white")
    
    Rd file 'new_mexico.cdp.Rd':
     \examples lines wider than 100 characters:
     legend("bottomright",legend=colors.use$dem.cut,fill=colors.use$table.colors,bty="o",title="Population Count",bg="white")
    
    Rd file 'new_york.cdp.Rd':
     \examples lines wider than 100 characters:
     legend("bottomright",legend=colors.use$dem.cut,fill=colors.use$table.colors,bty="o",title="Population Count",bg="white")
    
    Rd file 'north_carolina.cdp.Rd':
     \examples lines wider than 100 characters:
     legend("bottomright",legend=colors.use$dem.cut,fill=colors.use$table.colors,bty="o",title="Population Count",bg="white")
    
    Rd file 'north_dakota.cdp.Rd':
     \examples lines wider than 100 characters:
     legend("bottomright",legend=colors.use$dem.cut,fill=colors.use$table.colors,bty="o",title="Population Count",bg="white")
    
    Rd file 'ohio.cdp.Rd':
     \examples lines wider than 100 characters:
     legend("bottomright",legend=colors.use$dem.cut,fill=colors.use$table.colors,bty="o",title="Population Count",bg="white")
    
    Rd file 'oklahoma.cdp.Rd':
     \examples lines wider than 100 characters:
     legend("bottomright",legend=colors.use$dem.cut,fill=colors.use$table.colors,bty="o",title="Population Count",bg="white")
    
    Rd file 'oregon.cdp.Rd':
     \examples lines wider than 100 characters:
     legend("bottomright",legend=colors.use$dem.cut,fill=colors.use$table.colors,bty="o",title="Population Count",bg="white")
    
    Rd file 'pennsylvania.cdp.Rd':
     \examples lines wider than 100 characters:
     legend("bottomright",legend=colors.use$dem.cut,fill=colors.use$table.colors,bty="o",title="Population Count",bg="white")
    
    Rd file 'rhode_island.cdp.Rd':
     \examples lines wider than 100 characters:
     legend("bottomright",legend=colors.use$dem.cut,fill=colors.use$table.colors,bty="o",title="Population Count",bg="white")
    
    Rd file 'south_carolina.cdp.Rd':
     \examples lines wider than 100 characters:
     legend("bottomright",legend=colors.use$dem.cut,fill=colors.use$table.colors,bty="o",title="Population Count",bg="white")
    
    Rd file 'south_dakota.cdp.Rd':
     \examples lines wider than 100 characters:
     legend("bottomright",legend=colors.use$dem.cut,fill=colors.use$table.colors,bty="o",title="Population Count",bg="white")
    
    Rd file 'tennessee.cdp.Rd':
     \examples lines wider than 100 characters:
     legend("bottomright",legend=colors.use$dem.cut,fill=colors.use$table.colors,bty="o",title="Population Count",bg="white")
    
    Rd file 'texas.cdp.Rd':
     \examples lines wider than 100 characters:
     legend("bottomright",legend=colors.use$dem.cut,fill=colors.use$table.colors,bty="o",title="Population Count",bg="white")
    
    Rd file 'utah.cdp.Rd':
     \examples lines wider than 100 characters:
     legend("bottomright",legend=colors.use$dem.cut,fill=colors.use$table.colors,bty="o",title="Population Count",bg="white")
    
    Rd file 'vermont.cdp.Rd':
     \examples lines wider than 100 characters:
     legend("bottomright",legend=colors.use$dem.cut,fill=colors.use$table.colors,bty="o",title="Population Count",bg="white")
    
    Rd file 'virginia.cdp.Rd':
     \examples lines wider than 100 characters:
     legend("bottomright",legend=colors.use$dem.cut,fill=colors.use$table.colors,bty="o",title="Population Count",bg="white")
    
    Rd file 'washington.cdp.Rd':
     \examples lines wider than 100 characters:
     legend("bottomright",legend=colors.use$dem.cut,fill=colors.use$table.colors,bty="o",title="Population Count",bg="white")
    
    Rd file 'west_virginia.cdp.Rd':
     \examples lines wider than 100 characters:
     legend("bottomright",legend=colors.use$dem.cut,fill=colors.use$table.colors,bty="o",title="Population Count",bg="white")
    
    Rd file 'wisconsin.cdp.Rd':
     \examples lines wider than 100 characters:
     legend("bottomright",legend=colors.use$dem.cut,fill=colors.use$table.colors,bty="o",title="Population Count",bg="white")
    
    Rd file 'wyoming.cdp.Rd':
     \examples lines wider than 100 characters:
     legend("bottomright",legend=colors.use$dem.cut,fill=colors.use$table.colors,bty="o",title="Population Count",bg="white")
    
    These lines will be truncated in the PDF manual.
Flavors: r-devel-linux-x86_64-fedora-clang, r-devel-linux-x86_64-fedora-gcc

Version: 0.03
Check: package dependencies
Result: ERROR
    Package required but not available: ‘maptools’
    
    See the information on DESCRIPTION files in the chapter ‘Creating R
    packages’ of the ‘Writing R Extensions’ manual.
Flavor: r-devel-macosx-x86_64-gcc