CRAN Package Check Results for Package UScensus2010

Last updated on 2015-04-26 00:47:37.

Flavor Version Tinstall Tcheck Ttotal Status Flags
r-devel-linux-x86_64-debian-clang 0.11 1.18 18.86 20.04 NOTE
r-devel-linux-x86_64-debian-gcc 0.11 1.17 18.49 19.66 NOTE
r-devel-linux-x86_64-fedora-clang 0.11 41.49 NOTE
r-devel-linux-x86_64-fedora-gcc 0.11 37.84 NOTE
r-devel-osx-x86_64-clang 0.11 40.89 NOTE
r-devel-windows-ix86+x86_64 0.11 6.00 36.00 42.00 NOTE
r-patched-linux-x86_64 0.11 1.19 18.53 19.72 NOTE
r-patched-solaris-sparc 0.11 250.40 NOTE
r-patched-solaris-x86 0.11 59.50 NOTE
r-release-linux-x86_64 0.11 1.16 18.32 19.48 NOTE
r-release-osx-x86_64-mavericks 0.11 NOTE
r-release-osx-x86_64-snowleopard 0.11 NOTE
r-release-windows-ix86+x86_64 0.11 8.00 38.00 46.00 NOTE
r-oldrel-windows-ix86+x86_64 0.11 6.00 40.00 46.00 NOTE

Check Details

Version: 0.11
Check: package dependencies
Result: NOTE
    Package suggested but not available for checking: 'gpclib'
Flavors: r-devel-windows-ix86+x86_64, r-release-windows-ix86+x86_64

Version: 0.11
Check: for hidden files and directories
Result: NOTE
    Found the following hidden files and directories:
     data/.Rhistory
    These were most likely included in error. See section 'Package
    structure' in the 'Writing R Extensions' manual.
Flavors: r-devel-windows-ix86+x86_64, r-release-windows-ix86+x86_64, r-oldrel-windows-ix86+x86_64

Version: 0.11
Check: dependencies in R code
Result: NOTE
    'library' or 'require' call to 'rgdal' in package code.
     Please use :: or requireNamespace() instead.
     See section 'Suggested packages' in the 'Writing R Extensions' manual.
    Packages in Depends field not imported from:
     'foreign' 'methods'
     These packages need to be imported from (in the NAMESPACE file)
     for when this namespace is loaded but not attached.
Flavors: r-devel-windows-ix86+x86_64, r-release-windows-ix86+x86_64, r-oldrel-windows-ix86+x86_64

Version: 0.11
Check: R code for possible problems
Result: NOTE
    File 'UScensus2010/R/zzz.R':
     .onLoad calls:
     packageStartupMessage("\n")
     packageStartupMessage(paste("Package ", dscr$Package, ": ", dscr$Title, "\n", "Version ", dscr$Version, " created on ", dscr$Date, ".\n", sep = ""))
     packageStartupMessage(paste("Zack Almquist, University of California-Irvine\nne\n", sep = ""))
     packageStartupMessage("For citation information, type citation(\"UScensus2010\").")
     packageStartupMessage("Type help(package=UScensus2010) to get started.")
    
    See section 'Good practice' in '?.onAttach'.
Flavors: r-devel-windows-ix86+x86_64, r-release-windows-ix86+x86_64, r-oldrel-windows-ix86+x86_64