CRAN Package Check Results for Package UWHAM

Last updated on 2016-06-28 12:47:06.

Flavor Version Tinstall Tcheck Ttotal Status Flags
r-devel-linux-x86_64-debian-gcc 1.0 0.73 12.75 13.49 NOTE
r-devel-linux-x86_64-fedora-clang 1.0 23.05 NOTE
r-devel-linux-x86_64-fedora-gcc 1.0 21.69 NOTE
r-devel-osx-x86_64-clang 1.0 20.41 NOTE
r-devel-windows-ix86+x86_64 1.0 4.00 31.00 35.00 NOTE
r-patched-linux-x86_64 1.0 0.77 13.09 13.85 NOTE
r-patched-solaris-sparc 1.0 164.30 NOTE
r-patched-solaris-x86 1.0 37.30 NOTE
r-release-linux-x86_64 1.0 0.66 12.96 13.62 NOTE
r-release-osx-x86_64-mavericks 1.0 NOTE
r-release-windows-ix86+x86_64 1.0 3.00 32.00 35.00 NOTE
r-oldrel-windows-ix86+x86_64 1.0 2.00 23.00 25.00 OK

Check Details

Version: 1.0
Check: R code for possible problems
Result: NOTE
    histw: no visible global function definition for ‘plot.new’
    histw: no visible global function definition for ‘plot.window’
    histw: no visible global function definition for ‘axis’
    histw: no visible global function definition for ‘rect’
    histw: no visible global function definition for ‘lines’
    uwham.boot: no visible binding for global variable ‘var’
    Undefined global functions or variables:
     axis lines plot.new plot.window rect var
    Consider adding
     importFrom("graphics", "axis", "lines", "plot.new", "plot.window",
     "rect")
     importFrom("stats", "var")
    to your NAMESPACE file.
Flavors: r-devel-linux-x86_64-debian-gcc, r-devel-linux-x86_64-fedora-clang, r-devel-linux-x86_64-fedora-gcc, r-devel-osx-x86_64-clang, r-devel-windows-ix86+x86_64, r-patched-linux-x86_64, r-patched-solaris-sparc, r-patched-solaris-x86, r-release-linux-x86_64, r-release-osx-x86_64-mavericks, r-release-windows-ix86+x86_64