CRAN Package Check Results for Package UWHAM

Last updated on 2017-12-17 19:48:16 CET.

Flavor Version Tinstall Tcheck Ttotal Status Flags
r-devel-linux-x86_64-debian-clang 1.0 0.72 22.53 23.25 NOTE
r-devel-linux-x86_64-debian-gcc 1.0 0.66 18.31 18.97 NOTE
r-devel-linux-x86_64-fedora-clang 1.0 27.10 NOTE
r-devel-linux-x86_64-fedora-gcc 1.0 26.66 NOTE
r-devel-windows-ix86+x86_64 1.0 3.00 31.00 34.00 NOTE
r-patched-linux-x86_64 1.0 0.97 21.38 22.35 NOTE
r-patched-solaris-x86 1.0 40.50 NOTE
r-release-linux-x86_64 1.0 0.84 21.39 22.23 NOTE
r-release-windows-ix86+x86_64 1.0 3.00 33.00 36.00 NOTE
r-release-osx-x86_64 1.0 NOTE
r-oldrel-windows-ix86+x86_64 1.0 3.00 33.00 36.00 NOTE
r-oldrel-osx-x86_64 1.0 NOTE

Check Details

Version: 1.0
Check: R code for possible problems
Result: NOTE
    histw: no visible global function definition for ‘plot.new’
    histw: no visible global function definition for ‘plot.window’
    histw: no visible global function definition for ‘axis’
    histw: no visible global function definition for ‘rect’
    histw: no visible global function definition for ‘lines’
    uwham.boot: no visible binding for global variable ‘var’
    Undefined global functions or variables:
     axis lines plot.new plot.window rect var
    Consider adding
     importFrom("graphics", "axis", "lines", "plot.new", "plot.window",
     "rect")
     importFrom("stats", "var")
    to your NAMESPACE file.
Flavors: r-devel-linux-x86_64-debian-clang, r-devel-linux-x86_64-debian-gcc, r-devel-linux-x86_64-fedora-clang, r-devel-linux-x86_64-fedora-gcc, r-devel-windows-ix86+x86_64, r-patched-linux-x86_64, r-patched-solaris-x86, r-release-linux-x86_64, r-release-windows-ix86+x86_64, r-release-osx-x86_64, r-oldrel-windows-ix86+x86_64, r-oldrel-osx-x86_64