CRAN Package Check Results for Package UWHAM

Last updated on 2019-01-23 16:49:48 CET.

Flavor Version Tinstall Tcheck Ttotal Status Flags
r-devel-linux-x86_64-debian-clang 1.0 1.49 25.26 26.75 NOTE
r-devel-linux-x86_64-debian-gcc 1.0 1.08 19.13 20.21 NOTE
r-devel-linux-x86_64-fedora-clang 1.0 30.54 NOTE
r-devel-linux-x86_64-fedora-gcc 1.0 28.37 NOTE
r-devel-windows-ix86+x86_64 1.0 5.00 45.00 50.00 NOTE
r-patched-linux-x86_64 1.0 1.20 22.57 23.77 NOTE
r-patched-solaris-x86 1.0 48.60 NOTE
r-release-linux-x86_64 1.0 1.08 22.85 23.93 NOTE
r-release-windows-ix86+x86_64 1.0 3.00 35.00 38.00 NOTE
r-release-osx-x86_64 1.0 NOTE
r-oldrel-windows-ix86+x86_64 1.0 3.00 38.00 41.00 NOTE
r-oldrel-osx-x86_64 1.0 NOTE

Check Details

Version: 1.0
Check: R code for possible problems
Result: NOTE
    histw: no visible global function definition for ‘plot.new’
    histw: no visible global function definition for ‘plot.window’
    histw: no visible global function definition for ‘axis’
    histw: no visible global function definition for ‘rect’
    histw: no visible global function definition for ‘lines’
    uwham.boot: no visible binding for global variable ‘var’
    Undefined global functions or variables:
     axis lines plot.new plot.window rect var
    Consider adding
     importFrom("graphics", "axis", "lines", "plot.new", "plot.window",
     "rect")
     importFrom("stats", "var")
    to your NAMESPACE file.
Flavors: r-devel-linux-x86_64-debian-clang, r-devel-linux-x86_64-debian-gcc, r-devel-linux-x86_64-fedora-clang, r-devel-linux-x86_64-fedora-gcc, r-devel-windows-ix86+x86_64, r-patched-linux-x86_64, r-patched-solaris-x86, r-release-linux-x86_64, r-release-windows-ix86+x86_64, r-release-osx-x86_64, r-oldrel-windows-ix86+x86_64, r-oldrel-osx-x86_64