CRAN Package Check Results for Package UWHAM

Last updated on 2015-09-02 06:48:21.

Flavor Version Tinstall Tcheck Ttotal Status Flags
r-devel-linux-x86_64-debian-clang 1.0 0.55 12.71 13.26 NOTE
r-devel-linux-x86_64-debian-gcc 1.0 0.60 11.99 12.59 NOTE
r-devel-linux-x86_64-fedora-clang 1.0 24.71 NOTE
r-devel-linux-x86_64-fedora-gcc 1.0 23.06 NOTE
r-devel-osx-x86_64-clang 1.0 22.15 OK
r-devel-windows-ix86+x86_64 1.0 3.00 26.00 29.00 NOTE
r-patched-linux-x86_64 1.0 0.60 12.83 13.43 OK
r-patched-solaris-sparc 1.0 190.00 OK
r-patched-solaris-x86 1.0 42.40 OK
r-release-linux-x86_64 1.0 0.61 12.71 13.32 OK
r-release-osx-x86_64-mavericks 1.0 OK
r-release-windows-ix86+x86_64 1.0 2.00 35.00 37.00 OK
r-oldrel-windows-ix86+x86_64 1.0 5.00 26.00 31.00 OK

Check Details

Version: 1.0
Check: R code for possible problems
Result: NOTE
    histw: no visible global function definition for ‘plot.new’
    histw: no visible global function definition for ‘plot.window’
    histw: no visible global function definition for ‘axis’
    histw: no visible global function definition for ‘rect’
    histw: no visible global function definition for ‘lines’
    uwham.boot: no visible binding for global variable ‘var’
    Undefined global functions or variables:
     axis lines plot.new plot.window rect var
    Consider adding
     importFrom("graphics", "axis", "lines", "plot.new", "plot.window",
     "rect")
     importFrom("stats", "var")
    to your NAMESPACE.
Flavors: r-devel-linux-x86_64-debian-clang, r-devel-linux-x86_64-debian-gcc, r-devel-linux-x86_64-fedora-clang, r-devel-linux-x86_64-fedora-gcc, r-devel-windows-ix86+x86_64