CRAN Package Check Results for Package UWHAM

Last updated on 2016-09-25 23:47:09.

Flavor Version Tinstall Tcheck Ttotal Status Flags
r-devel-linux-x86_64-debian-clang 1.0 0.65 13.33 13.99 NOTE
r-devel-linux-x86_64-debian-gcc 1.0 0.61 13.27 13.87 NOTE
r-devel-linux-x86_64-fedora-clang 1.0 24.35 NOTE
r-devel-linux-x86_64-fedora-gcc 1.0 22.85 NOTE
r-devel-macos-x86_64-clang 1.0 20.47 NOTE
r-devel-windows-ix86+x86_64 1.0 5.00 42.00 47.00 NOTE
r-patched-linux-x86_64 1.0 0.60 13.43 14.03 NOTE
r-patched-solaris-sparc 1.0 164.30 NOTE
r-patched-solaris-x86 1.0 35.30 NOTE
r-release-linux-x86_64 1.0 0.61 12.93 13.54 NOTE
r-release-osx-x86_64-mavericks 1.0 NOTE
r-release-windows-ix86+x86_64 1.0 3.00 53.00 56.00 NOTE
r-oldrel-windows-ix86+x86_64 1.0 2.00 23.00 25.00 OK

Check Details

Version: 1.0
Check: R code for possible problems
Result: NOTE
    histw: no visible global function definition for ‘plot.new’
    histw: no visible global function definition for ‘plot.window’
    histw: no visible global function definition for ‘axis’
    histw: no visible global function definition for ‘rect’
    histw: no visible global function definition for ‘lines’
    uwham.boot: no visible binding for global variable ‘var’
    Undefined global functions or variables:
     axis lines plot.new plot.window rect var
    Consider adding
     importFrom("graphics", "axis", "lines", "plot.new", "plot.window",
     "rect")
     importFrom("stats", "var")
    to your NAMESPACE file.
Flavors: r-devel-linux-x86_64-debian-clang, r-devel-linux-x86_64-debian-gcc, r-devel-linux-x86_64-fedora-clang, r-devel-linux-x86_64-fedora-gcc, r-devel-macos-x86_64-clang, r-devel-windows-ix86+x86_64, r-patched-linux-x86_64, r-patched-solaris-sparc, r-patched-solaris-x86, r-release-linux-x86_64, r-release-osx-x86_64-mavericks, r-release-windows-ix86+x86_64