CRAN Package Check Results for Package UWHAM

Last updated on 2019-07-22 13:47:09 CEST.

Flavor Version Tinstall Tcheck Ttotal Status Flags
r-devel-linux-x86_64-debian-clang 1.0 1.95 25.48 27.43 NOTE
r-devel-linux-x86_64-debian-gcc 1.0 1.55 20.25 21.80 NOTE
r-devel-linux-x86_64-fedora-clang 1.0 33.02 NOTE
r-devel-linux-x86_64-fedora-gcc 1.0 32.02 NOTE
r-devel-windows-ix86+x86_64 1.0 5.00 39.00 44.00 NOTE
r-patched-linux-x86_64 1.0 1.87 24.78 26.65 NOTE
r-patched-solaris-x86 1.0 55.80 NOTE
r-release-linux-x86_64 1.0 1.73 25.15 26.88 NOTE
r-release-windows-ix86+x86_64 1.0 5.00 49.00 54.00 NOTE
r-release-osx-x86_64 1.0 NOTE
r-oldrel-windows-ix86+x86_64 1.0 3.00 35.00 38.00 NOTE
r-oldrel-osx-x86_64 1.0 NOTE

Check Details

Version: 1.0
Check: R code for possible problems
Result: NOTE
    histw: no visible global function definition for 'plot.new'
    histw: no visible global function definition for 'plot.window'
    histw: no visible global function definition for 'axis'
    histw: no visible global function definition for 'rect'
    histw: no visible global function definition for 'lines'
    uwham.boot: no visible binding for global variable 'var'
    Undefined global functions or variables:
     axis lines plot.new plot.window rect var
    Consider adding
     importFrom("graphics", "axis", "lines", "plot.new", "plot.window",
     "rect")
     importFrom("stats", "var")
    to your NAMESPACE file.
Flavors: r-devel-linux-x86_64-debian-clang, r-devel-linux-x86_64-debian-gcc, r-devel-linux-x86_64-fedora-clang, r-devel-linux-x86_64-fedora-gcc, r-devel-windows-ix86+x86_64, r-patched-linux-x86_64, r-patched-solaris-x86, r-release-linux-x86_64, r-release-windows-ix86+x86_64, r-release-osx-x86_64, r-oldrel-windows-ix86+x86_64, r-oldrel-osx-x86_64