CRAN Package Check Results for Package UWHAM

Last updated on 2016-04-29 09:47:22.

Flavor Version Tinstall Tcheck Ttotal Status Flags
r-devel-linux-x86_64-debian-gcc 1.0 0.60 13.19 13.79 NOTE
r-devel-linux-x86_64-fedora-clang 1.0 23.03 NOTE
r-devel-linux-x86_64-fedora-gcc 1.0 21.72 NOTE
r-devel-osx-x86_64-clang 1.0 27.16 NOTE
r-devel-windows-ix86+x86_64 1.0 3.00 32.00 35.00 NOTE
r-patched-linux-x86_64 1.0 0.68 13.03 13.71 NOTE
r-patched-solaris-sparc 1.0 162.70 NOTE
r-patched-solaris-x86 1.0 37.10 NOTE
r-release-linux-x86_64 1.0 0.64 13.67 14.31 OK
r-release-osx-x86_64-mavericks 1.0 OK
r-release-windows-ix86+x86_64 1.0 2.00 23.00 25.00 OK
r-oldrel-windows-ix86+x86_64 1.0 5.00 26.00 31.00 OK

Check Details

Version: 1.0
Check: R code for possible problems
Result: NOTE
    histw: no visible global function definition for ‘plot.new’
    histw: no visible global function definition for ‘plot.window’
    histw: no visible global function definition for ‘axis’
    histw: no visible global function definition for ‘rect’
    histw: no visible global function definition for ‘lines’
    uwham.boot: no visible binding for global variable ‘var’
    Undefined global functions or variables:
     axis lines plot.new plot.window rect var
    Consider adding
     importFrom("graphics", "axis", "lines", "plot.new", "plot.window",
     "rect")
     importFrom("stats", "var")
    to your NAMESPACE file.
Flavors: r-devel-linux-x86_64-debian-gcc, r-devel-linux-x86_64-fedora-clang, r-devel-linux-x86_64-fedora-gcc, r-devel-osx-x86_64-clang, r-devel-windows-ix86+x86_64, r-patched-linux-x86_64, r-patched-solaris-sparc, r-patched-solaris-x86