CRAN Package Check Results for Package UniprotR

Last updated on 2020-08-11 11:49:34 CEST.

Flavor Version Tinstall Tcheck Ttotal Status Flags
r-devel-linux-x86_64-debian-clang 1.4.0 17.48 125.35 142.83 OK
r-devel-linux-x86_64-debian-gcc 1.4.0 12.62 94.51 107.13 OK
r-devel-linux-x86_64-fedora-clang 1.4.0 178.61 OK
r-devel-linux-x86_64-fedora-gcc 1.4.0 167.07 OK
r-devel-windows-ix86+x86_64 1.4.0 48.00 181.00 229.00 OK
r-patched-linux-x86_64 1.4.0 16.32 121.18 137.50 OK
r-patched-solaris-x86 1.4.0 267.20 OK
r-release-linux-x86_64 1.4.0 0.33 2.33 2.66 ERROR
r-release-macos-x86_64 1.4.0 OK
r-release-windows-ix86+x86_64 1.4.0 50.00 183.00 233.00 OK
r-oldrel-macos-x86_64 1.4.0 OK
r-oldrel-windows-ix86+x86_64 1.4.0 31.00 121.00 152.00 OK

Check Details

Version: 1.4.0
Check: package dependencies
Result: ERROR
    Packages required but not available: 'tidyverse', 'ggpubr', 'alakazam'
    
    See section ‘The DESCRIPTION file’ in the ‘Writing R Extensions’
    manual.
Flavor: r-release-linux-x86_64