CRAN Package Check Results for Package UsingR

Last updated on 2015-07-30 03:48:42.

Flavor Version Tinstall Tcheck Ttotal Status Flags
r-devel-linux-x86_64-debian-clang 2.0-4 4.27 34.58 38.85 NOTE
r-devel-linux-x86_64-debian-gcc 2.0-4 3.99 33.38 37.37 NOTE
r-devel-linux-x86_64-fedora-clang 2.0-4 75.29 NOTE
r-devel-linux-x86_64-fedora-gcc 2.0-4 78.30 NOTE
r-devel-osx-x86_64-clang 2.0-4 67.09 OK
r-devel-windows-ix86+x86_64 2.0-4 19.00 60.00 79.00 NOTE
r-patched-linux-x86_64 2.0-4 4.06 34.20 38.26 OK
r-patched-solaris-sparc 2.0-4 446.90 OK
r-patched-solaris-x86 2.0-4 104.60 OK
r-release-linux-x86_64 2.0-4 4.23 33.80 38.04 OK
r-release-osx-x86_64-mavericks 2.0-4 OK
r-release-windows-ix86+x86_64 2.0-4 20.00 58.00 78.00 OK
r-oldrel-windows-ix86+x86_64 2.0-4 29.00 88.00 117.00 OK

Check Details

Version: 2.0-4
Check: R code for possible problems
Result: NOTE
    DOTplot.default: no visible global function definition for ‘plot.new’
    DOTplot.default: no visible global function definition for
     ‘plot.window’
    DOTplot.default: no visible global function definition for ‘title’
    DOTplot.default: no visible global function definition for ‘axis’
    DOTplt: no visible global function definition for ‘points’
    DensityPlot.default: no visible global function definition for
     ‘density’
    DensityPlot.default: no visible global function definition for
     ‘plot.new’
    DensityPlot.default: no visible global function definition for
     ‘plot.window’
    DensityPlot.default: no visible global function definition for ‘axis’
    DensityPlot.default: no visible global function definition for ‘legend’
    DensityPlot.default: no visible global function definition for
     ‘locator’
    QQplot: no visible global function definition for ‘sd’
    QQplot: no visible global function definition for ‘density’
    QQplot: no visible global function definition for ‘quantile’
    QQplot: no visible global function definition for ‘plot.new’
    QQplot: no visible global function definition for ‘plot.window’
    QQplot: no visible global function definition for ‘title’
    QQplot: no visible global function definition for ‘lines’
    QQplot: no visible global function definition for ‘polygon’
    QQplot: no visible global function definition for ‘points’
    UsingR: no visible global function definition for ‘browseURL’
    answers: no visible global function definition for ‘browseURL’
    dnstyplt: no visible global function definition for ‘lines’
    errata: no visible global function definition for ‘browseURL’
    getAnswer : ourURLdecode: no visible global function definition for
     ‘URLdecode’
    getAnswer: no visible global function definition for ‘browseURL’
    headtail: no visible global function definition for ‘capture.output’
    scatter.with.hist: no visible global function definition for ‘gray’
    scatter.with.hist: no visible global function definition for ‘par’
    scatter.with.hist: no visible global function definition for ‘layout’
    scatter.with.hist: no visible global function definition for
     ‘layout.show’
    scatter.with.hist: no visible global function definition for
     ‘nclass.scott’
    scatter.with.hist: no visible global function definition for ‘hist’
    scatter.with.hist: no visible global function definition for ‘barplot’
    scatter.with.hist: no visible global function definition for ‘plot’
    scatter.with.hist: no visible global function definition for ‘abline’
    scatter.with.hist: no visible global function definition for ‘lm’
    scatter.with.hist: no visible global function definition for ‘lines’
    scatter.with.hist: no visible global function definition for ‘supsmu’
    scatter.with.hist: no visible global function definition for ‘lowess’
    simple.densityplot.default: no visible global function definition for
     ‘density’
    simple.densityplot.default: no visible global function definition for
     ‘plot.new’
    simple.densityplot.default: no visible global function definition for
     ‘plot.window’
    simple.densityplot.default: no visible global function definition for
     ‘axis’
    simple.densityplot.default: no visible global function definition for
     ‘legend’
    simple.densityplot.default: no visible global function definition for
     ‘locator’
    simple.eda: no visible global function definition for ‘par’
    simple.eda: no visible global function definition for ‘hist’
    simple.eda: no visible global function definition for ‘rug’
    simple.eda: no visible global function definition for ‘boxplot’
    simple.eda: no visible global function definition for ‘title’
    simple.eda: no visible global function definition for ‘qqnorm’
    simple.eda: no visible global function definition for ‘qqline’
    simple.eda.ts: no visible global function definition for ‘par’
    simple.eda.ts: no visible global function definition for ‘plot’
    simple.eda.ts: no visible global function definition for ‘acf’
    simple.fancy.stripchart: no visible global function definition for
     ‘stripchart’
    simple.fancy.stripchart: no visible global function definition for
     ‘abline’
    simple.fancy.stripchart: no visible global function definition for
     ‘points’
    simple.freqpoly: no visible global function definition for ‘hist’
    simple.freqpoly: no visible global function definition for ‘lines’
    simple.hist.and.boxplot: no visible global function definition for
     ‘par’
    simple.hist.and.boxplot: no visible global function definition for
     ‘layout’
    simple.hist.and.boxplot: no visible global function definition for
     ‘hist’
    simple.hist.and.boxplot: no visible global function definition for
     ‘gray’
    simple.hist.and.boxplot: no visible global function definition for
     ‘rug’
    simple.hist.and.boxplot: no visible global function definition for
     ‘boxplot’
    simple.lm: no visible global function definition for ‘par’
    simple.lm: no visible global function definition for ‘lm’
    simple.lm: no visible global function definition for ‘plot’
    simple.lm: no visible global function definition for ‘abline’
    simple.lm: no visible global function definition for ‘curve’
    simple.lm: no visible global function definition for ‘predict’
    simple.lm: no visible global function definition for ‘title’
    simple.lm: no visible global function definition for ‘fitted.values’
    simple.lm: no visible global function definition for ‘residuals’
    simple.lm: no visible global function definition for ‘hist’
    simple.lm: no visible global function definition for ‘qqnorm’
    simple.lm: no visible global function definition for ‘qqline’
    simple.median.test: no visible global function definition for ‘pbinom’
    simple.scatterplot: no visible global function definition for ‘par’
    simple.scatterplot: no visible global function definition for ‘hist’
    simple.scatterplot: no visible global function definition for ‘layout’
    simple.scatterplot: no visible global function definition for
     ‘layout.show’
    simple.scatterplot: no visible global function definition for ‘plot’
    simple.scatterplot: no visible global function definition for ‘abline’
    simple.scatterplot: no visible global function definition for ‘lm’
    simple.scatterplot: no visible global function definition for ‘barplot’
    simple.scatterplot: no visible global function definition for ‘gray’
    simple.violinplot.default: no visible global function definition for
     ‘density’
    simple.violinplot.default: no visible global function definition for
     ‘plot.new’
    simple.violinplot.default: no visible global function definition for
     ‘plot.window’
    simple.violinplot.default: no visible global function definition for
     ‘rainbow’
    simple.violinplot.default: no visible global function definition for
     ‘axis’
    simple.z.test: no visible global function definition for ‘qnorm’
    squareplot: no visible global function definition for ‘gray’
    squareplot : draw.square: no visible global function definition for
     ‘polygon’
    squareplot: no visible global function definition for ‘plot.new’
    squareplot: no visible global function definition for ‘plot.window’
    squareplot: no visible global function definition for ‘title’
    superbarplot: no visible global function definition for ‘gray’
    superbarplot : plot.bar: no visible global function definition for
     ‘polygon’
    superbarplot: no visible global function definition for ‘plot.new’
    superbarplot: no visible global function definition for ‘plot.window’
    superbarplot: no visible global function definition for ‘title’
    superbarplot: no visible global function definition for ‘par’
    superbarplot: no visible global function definition for ‘text’
    usingr: no visible global function definition for ‘browseURL’
    violinplot.default: no visible global function definition for ‘density’
    violinplot.default: no visible global function definition for
     ‘plot.new’
    violinplot.default: no visible global function definition for
     ‘plot.window’
    violinplot.default: no visible global function definition for ‘rainbow’
    violinplot.default: no visible global function definition for ‘axis’
    vlnplt: no visible global function definition for ‘polygon’
    yahoo.get.hist.quote : yahoo.get.hist.quote.local: no visible global
     function definition for ‘count.fields’
    yahoo.get.hist.quote : yahoo.get.hist.quote.local: no visible global
     function definition for ‘read.table’
    yahoo.get.hist.quote : yahoo.get.hist.quote.local: no visible global
     function definition for ‘na.omit’
    yahoo.get.hist.quote : yahoo.get.hist.quote.local: no visible global
     function definition for ‘ts’
    yahoo.get.hist.quote : yahoo.get.hist.quote.download: no visible global
     function definition for ‘download.file’
    Undefined global functions or variables:
     URLdecode abline acf axis barplot boxplot browseURL capture.output
     count.fields curve density download.file fitted.values gray hist
     layout layout.show legend lines lm locator lowess na.omit
     nclass.scott par pbinom plot plot.new plot.window points polygon
     predict qnorm qqline qqnorm quantile rainbow read.table residuals rug
     sd stripchart supsmu text title ts
    Consider adding
     importFrom("grDevices", "gray", "nclass.scott", "rainbow")
     importFrom("graphics", "abline", "axis", "barplot", "boxplot", "curve",
     "hist", "layout", "layout.show", "legend", "lines",
     "locator", "par", "plot", "plot.new", "plot.window",
     "points", "polygon", "rug", "stripchart", "text", "title")
     importFrom("stats", "acf", "density", "fitted.values", "lm", "lowess",
     "na.omit", "pbinom", "predict", "qnorm", "qqline", "qqnorm",
     "quantile", "residuals", "sd", "supsmu", "ts")
     importFrom("utils", "URLdecode", "browseURL", "capture.output",
     "count.fields", "download.file", "read.table")
    to your NAMESPACE.
Flavors: r-devel-linux-x86_64-debian-clang, r-devel-linux-x86_64-debian-gcc, r-devel-linux-x86_64-fedora-clang, r-devel-linux-x86_64-fedora-gcc, r-devel-windows-ix86+x86_64