CRAN Package Check Results for Package UsingR

Last updated on 2015-05-26 06:47:13.

Flavor Version Tinstall Tcheck Ttotal Status Flags
r-devel-linux-x86_64-debian-clang 2.0-4 4.28 34.32 38.60 OK
r-devel-linux-x86_64-debian-gcc 2.0-4 3.94 32.96 36.90 OK
r-devel-linux-x86_64-fedora-clang 2.0-4 76.19 OK
r-devel-linux-x86_64-fedora-gcc 2.0-4 72.94 OK
r-devel-osx-x86_64-clang 2.0-4 68.66 OK
r-devel-windows-ix86+x86_64 2.0-4 20.00 57.00 77.00 OK
r-patched-linux-x86_64 2.0-4 4.24 33.87 38.11 OK
r-patched-solaris-sparc 2.0-4 430.90 OK
r-patched-solaris-x86 2.0-4 108.10 OK
r-release-linux-x86_64 2.0-4 4.12 33.56 37.68 OK
r-release-osx-x86_64-mavericks 2.0-4 OK
r-release-osx-x86_64-snowleopard 2.0-4 ERROR
r-release-windows-ix86+x86_64 2.0-4 20.00 55.00 75.00 OK
r-oldrel-windows-ix86+x86_64 2.0-4 25.00 81.00 106.00 OK

Check Details

Version: 2.0-4
Check: package dependencies
Result: ERROR
    Packages required but not available: ‘HistData’ ‘Hmisc’
    
    Packages suggested but not available for checking: ‘zoo’ ‘ggplot2’
    
    See section ‘The DESCRIPTION file’ in the ‘Writing R Extensions’
    manual.
Flavor: r-release-osx-x86_64-snowleopard