CRAN Package Check Results for Package UsingR

Last updated on 2014-09-02 10:52:01.

Flavor Version Tinstall Tcheck Ttotal Status Flags
r-devel-linux-x86_64-debian-clang 2.0-1 5.30 42.51 47.81 NOTE
r-devel-linux-x86_64-debian-gcc 2.0-1 4.90 41.36 46.26 NOTE
r-devel-linux-x86_64-fedora-clang 2.0-1 101.10 NOTE
r-devel-linux-x86_64-fedora-gcc 2.0-1 93.84 NOTE
r-devel-osx-x86_64-clang 2.0-1 88.21 NOTE
r-devel-windows-ix86+x86_64 2.0-1 18.00 68.00 86.00 NOTE
r-patched-linux-x86_64 2.0-1 5.08 47.22 52.30 OK
r-patched-solaris-sparc 2.0-1 600.50 OK
r-patched-solaris-x86 2.0-1 141.60 OK
r-release-linux-ix86 2.0-1 6.82 60.88 67.70 OK
r-release-linux-x86_64 2.0-1 5.18 49.04 54.21 OK
r-release-osx-x86_64-mavericks 2.0-1 OK
r-release-osx-x86_64-snowleopard 2.0-1 OK
r-release-windows-ix86+x86_64 2.0-1 17.00 85.00 102.00 OK
r-oldrel-windows-ix86+x86_64 2.0-1 20.00 75.00 95.00 OK

Check Details

Version: 2.0-1
Check: R code for possible problems
Result: NOTE
    Split.zoo: no visible global function definition for ‘coredata’
    Split.zoo: no visible global function definition for ‘index’
Flavors: r-devel-linux-x86_64-debian-clang, r-devel-linux-x86_64-debian-gcc, r-devel-linux-x86_64-fedora-clang, r-devel-linux-x86_64-fedora-gcc, r-devel-osx-x86_64-clang, r-devel-windows-ix86+x86_64