CRAN Package Check Results for Package UsingR

Last updated on 2016-12-09 17:54:27.

Flavor Version Tinstall Tcheck Ttotal Status Flags
r-devel-linux-x86_64-debian-clang 2.0-5 5.41 49.98 55.39 OK
r-devel-linux-x86_64-debian-gcc 2.0-5 5.55 50.14 55.69 OK
r-devel-linux-x86_64-fedora-clang 2.0-5 123.67 OK --no-stop-on-test-error
r-devel-linux-x86_64-fedora-gcc 2.0-5 117.17 OK --no-stop-on-test-error
r-devel-macos-x86_64-clang 2.0-5 92.15 OK --no-stop-on-test-error
r-devel-windows-ix86+x86_64 2.0-5 24.00 86.00 110.00 OK
r-patched-linux-x86_64 2.0-5 5.31 46.00 51.31 OK
r-patched-solaris-sparc 2.0-5 667.80 OK
r-patched-solaris-x86 2.0-5 137.50 OK
r-release-linux-x86_64 2.0-5 5.26 46.19 51.46 OK
r-release-osx-x86_64-mavericks 2.0-5 OK
r-release-windows-ix86+x86_64 2.0-5 19.00 81.00 100.00 OK
r-oldrel-windows-ix86+x86_64 2.0-5 13.00 2.00 15.00 ERROR

Check Details

Version: 2.0-5
Check: whether package can be installed
Result: ERROR
    Installation failed.
Flavor: r-oldrel-windows-ix86+x86_64