Last updated on 2023-02-09 10:55:52 CET.
Flavor | Version | Tinstall | Tcheck | Ttotal | Status | Flags |
---|---|---|---|---|---|---|
r-devel-linux-x86_64-debian-clang | 4.2.2 | 27.93 | 42.26 | 70.19 | OK | |
r-devel-linux-x86_64-debian-gcc | 4.2.2 | 24.68 | 33.01 | 57.69 | OK | |
r-devel-linux-x86_64-fedora-gcc | 4.2.2 | 103.88 | OK | |||
r-devel-windows-x86_64 | 4.2.2 | 85.00 | 202.00 | 287.00 | NOTE | |
r-patched-linux-x86_64 | 4.2.2 | 28.96 | 41.24 | 70.20 | OK | |
r-release-linux-x86_64 | 4.2.2 | 23.20 | 40.03 | 63.23 | OK | |
r-release-macos-arm64 | 4.2.2 | 59.00 | NOTE | |||
r-release-macos-x86_64 | 4.2.2 | 111.00 | NOTE | |||
r-release-windows-x86_64 | 4.2.2 | 74.00 | 208.00 | 282.00 | NOTE | |
r-oldrel-macos-arm64 | 4.2.2 | 63.00 | NOTE | |||
r-oldrel-macos-x86_64 | 4.2.2 | 121.00 | NOTE | |||
r-oldrel-windows-ix86+x86_64 | 4.2.2 | 115.00 | 210.00 | 325.00 | NOTE |
Version: 4.2.2
Check: installed package size
Result: NOTE
installed size is 17.2Mb
sub-directories of 1Mb or more:
doc 1.7Mb
libs 15.3Mb
Flavors: r-devel-windows-x86_64, r-release-macos-arm64, r-release-macos-x86_64, r-release-windows-x86_64, r-oldrel-macos-arm64, r-oldrel-macos-x86_64, r-oldrel-windows-ix86+x86_64