CRAN Package Check Results for Package V8

Last updated on 2022-01-22 12:56:33 CET.

Flavor Version Tinstall Tcheck Ttotal Status Flags
r-devel-linux-x86_64-debian-clang 4.0.0 25.17 46.03 71.20 OK
r-devel-linux-x86_64-debian-gcc 4.0.0 15.86 36.29 52.15 OK
r-devel-linux-x86_64-fedora-gcc 4.0.0 81.30 OK
r-devel-windows-x86_64-new-UL 4.0.0 92.00 197.00 289.00 NOTE
r-devel-windows-x86_64-new-TK 4.0.0 OK
r-patched-linux-x86_64 4.0.0 22.97 45.93 68.90 OK
r-release-linux-x86_64 4.0.0 19.17 45.99 65.16 OK
r-release-macos-arm64 4.0.0 NOTE
r-release-macos-x86_64 4.0.0 NOTE
r-release-windows-ix86+x86_64 4.0.0 114.00 203.00 317.00 NOTE
r-oldrel-macos-x86_64 4.0.0 NOTE
r-oldrel-windows-ix86+x86_64 4.0.0 112.00 214.00 326.00 NOTE

Check Details

Version: 4.0.0
Check: installed package size
Result: NOTE
     installed size is 17.1Mb
     sub-directories of 1Mb or more:
     doc 1.7Mb
     libs 15.3Mb
Flavors: r-devel-windows-x86_64-new-UL, r-release-macos-arm64, r-release-macos-x86_64, r-release-windows-ix86+x86_64, r-oldrel-macos-x86_64, r-oldrel-windows-ix86+x86_64