CRAN Package Check Results for Package VALERIE

Last updated on 2024-04-22 11:54:12 CEST.

Flavor Version Tinstall Tcheck Ttotal Status Flags
r-devel-linux-x86_64-debian-clang 1.1.0 1.65 2.29 3.94 ERROR
r-devel-linux-x86_64-debian-gcc 1.1.0 38.85 326.80 365.65 OK
r-devel-linux-x86_64-fedora-clang 1.1.0 649.11 NOTE
r-devel-linux-x86_64-fedora-gcc 1.1.0 605.34 OK
r-prerel-macos-arm64 1.1.0 158.00 NOTE
r-prerel-macos-x86_64 1.1.0 234.00 NOTE
r-prerel-windows-x86_64 1.1.0 43.00 300.00 343.00 NOTE
r-patched-linux-x86_64 1.1.0 39.89 419.57 459.46 OK
r-release-linux-x86_64 1.1.0 44.36 435.89 480.25 OK
r-release-macos-arm64 1.1.0 161.00 NOTE
r-release-macos-x86_64 1.1.0 268.00 NOTE
r-release-windows-x86_64 1.1.0 56.00 399.00 455.00 NOTE
r-oldrel-macos-arm64 1.1.0 133.00 NOTE
r-oldrel-windows-x86_64 1.1.0 54.00 348.00 402.00 NOTE

Check Details

Version: 1.1.0
Check: package dependencies
Result: ERROR Packages required but not available: 'GenomicAlignments', 'GenomicRanges', 'Rsamtools' See section ‘The DESCRIPTION file’ in the ‘Writing R Extensions’ manual. Flavor: r-devel-linux-x86_64-debian-clang

Version: 1.1.0
Check: installed package size
Result: NOTE installed size is 9.5Mb sub-directories of 1Mb or more: extdata 8.7Mb Flavors: r-devel-linux-x86_64-fedora-clang, r-prerel-macos-arm64, r-prerel-macos-x86_64, r-prerel-windows-x86_64, r-release-macos-arm64, r-release-macos-x86_64, r-release-windows-x86_64, r-oldrel-macos-arm64, r-oldrel-windows-x86_64