CRAN Package Check Results for Package VARSEDIG

Last updated on 2022-01-21 20:48:58 CET.

Flavor Version Tinstall Tcheck Ttotal Status Flags
r-devel-linux-x86_64-debian-clang 1.9 5.61 58.80 64.41 NOTE
r-devel-linux-x86_64-debian-gcc 1.9 3.91 44.24 48.15 NOTE
r-devel-linux-x86_64-fedora-clang 1.9 79.99 NOTE
r-devel-linux-x86_64-fedora-gcc 1.9 65.14 NOTE
r-devel-windows-x86_64-new-UL 1.9 22.00 82.00 104.00 OK
r-devel-windows-x86_64-new-TK 1.9 OK
r-patched-linux-x86_64 1.9 4.58 56.56 61.14 NOTE
r-release-linux-x86_64 1.9 5.20 56.14 61.34 NOTE
r-release-macos-arm64 1.9 OK
r-release-macos-x86_64 1.9 OK
r-release-windows-ix86+x86_64 1.9 9.00 68.00 77.00 OK
r-oldrel-macos-x86_64 1.9 OK
r-oldrel-windows-ix86+x86_64 1.9 9.00 69.00 78.00 OK

Check Details

Version: 1.9
Check: for non-standard things in the check directory
Result: NOTE
    Found the following files/directories:
     'Output.txt' 'Overlap.csv' 'Polar coordinates.csv'
Flavors: r-devel-linux-x86_64-debian-clang, r-devel-linux-x86_64-debian-gcc, r-devel-linux-x86_64-fedora-clang, r-devel-linux-x86_64-fedora-gcc, r-patched-linux-x86_64, r-release-linux-x86_64

Version: 1.9
Check: Rd cross-references
Result: NOTE
    Undeclared package ‘candisc’ in Rd xrefs
Flavor: r-devel-linux-x86_64-fedora-clang