CRAN Package Check Results for Package VARshrink

Last updated on 2022-01-21 17:48:46 CET.

Flavor Version Tinstall Tcheck Ttotal Status Flags
r-devel-linux-x86_64-debian-clang 0.3.1 6.90 304.71 311.61 NOTE
r-devel-linux-x86_64-debian-gcc 0.3.1 5.02 220.56 225.58 NOTE
r-devel-linux-x86_64-fedora-clang 0.3.1 362.21 NOTE
r-devel-linux-x86_64-fedora-gcc 0.3.1 352.14 NOTE
r-devel-windows-x86_64-new-UL 0.3.1 55.00 320.00 375.00 NOTE
r-devel-windows-x86_64-new-TK 0.3.1 NOTE
r-patched-linux-x86_64 0.3.1 7.28 297.77 305.05 NOTE
r-release-linux-x86_64 0.3.1 5.10 298.27 303.37 NOTE
r-release-macos-arm64 0.3.1 NOTE
r-release-macos-x86_64 0.3.1 NOTE
r-release-windows-ix86+x86_64 0.3.1 13.00 342.00 355.00 NOTE
r-oldrel-macos-x86_64 0.3.1 OK
r-oldrel-windows-ix86+x86_64 0.3.1 13.00 343.00 356.00 OK

Check Details

Version: 0.3.1
Check: LazyData
Result: NOTE
     'LazyData' is specified without a 'data' directory
Flavors: r-devel-linux-x86_64-debian-clang, r-devel-linux-x86_64-debian-gcc, r-devel-linux-x86_64-fedora-clang, r-devel-linux-x86_64-fedora-gcc, r-devel-windows-x86_64-new-UL, r-devel-windows-x86_64-new-TK, r-patched-linux-x86_64, r-release-linux-x86_64, r-release-macos-arm64, r-release-macos-x86_64, r-release-windows-ix86+x86_64