CRAN Package Check Results for Package VBLPCM

Last updated on 2017-02-27 18:49:31.

Flavor Version Tinstall Tcheck Ttotal Status Flags
r-devel-linux-x86_64-debian-clang 2.4.4 5.58 46.44 52.01 NOTE
r-devel-linux-x86_64-debian-gcc 2.4.4 5.04 47.53 52.57 NOTE
r-devel-linux-x86_64-fedora-clang 2.4.4 110.23 NOTE --no-stop-on-test-error
r-devel-linux-x86_64-fedora-gcc 2.4.4 109.33 NOTE --no-stop-on-test-error
r-devel-macos-x86_64-clang 2.4.4 83.29 NOTE --no-stop-on-test-error
r-devel-windows-ix86+x86_64 2.4.4 22.00 157.00 179.00 OK
r-patched-linux-x86_64 2.4.4 5.11 40.07 45.19 OK
r-patched-solaris-sparc 2.4.4 579.80 OK
r-patched-solaris-x86 2.4.4 107.80 OK
r-release-linux-x86_64 2.4.4 4.79 40.05 44.84 OK
r-release-osx-x86_64-mavericks 2.4.4 OK
r-release-windows-ix86+x86_64 2.4.4 49.00 193.00 242.00 OK
r-oldrel-windows-ix86+x86_64 2.4.4 37.00 155.00 192.00 OK

Check Details

Version: 2.4.4
Check: compiled code
Result: NOTE
    File ‘VBLPCM/libs/VBLPCM.so’:
     Found no calls to: ‘R_registerRoutines’, ‘R_useDynamicSymbols’
    
    It is good practice to register native routines and to disable symbol
    search.
    
    See ‘Writing portable packages’ in the ‘Writing R Extensions’ manual.
Flavors: r-devel-linux-x86_64-debian-clang, r-devel-linux-x86_64-debian-gcc

Version: 2.4.4
Flags: --no-stop-on-test-error
Check: compiled code
Result: NOTE
    File ‘VBLPCM/libs/VBLPCM.so’:
     Found no calls to: ‘R_registerRoutines’, ‘R_useDynamicSymbols’
    
    It is good practice to register native routines and to disable symbol
    search.
    
    See ‘Writing portable packages’ in the ‘Writing R Extensions’ manual.
Flavors: r-devel-linux-x86_64-fedora-clang, r-devel-linux-x86_64-fedora-gcc, r-devel-macos-x86_64-clang