CRAN Package Check Results for Package VBLPCM

Last updated on 2015-04-26 03:47:41.

Flavor Version Tinstall Tcheck Ttotal Status Flags
r-devel-linux-x86_64-debian-clang 2.4.3 5.08 51.90 56.99 NOTE
r-devel-linux-x86_64-debian-gcc 2.4.3 5.41 52.36 57.77 NOTE
r-devel-linux-x86_64-fedora-clang 2.4.3 117.58 NOTE
r-devel-linux-x86_64-fedora-gcc 2.4.3 120.31 NOTE
r-devel-osx-x86_64-clang 2.4.3 92.20 NOTE
r-devel-windows-ix86+x86_64 2.4.3 23.00 145.00 168.00 NOTE
r-patched-linux-x86_64 2.4.3 5.70 51.72 57.42 NOTE
r-patched-solaris-sparc 2.4.3 712.00 NOTE
r-patched-solaris-x86 2.4.3 153.40 NOTE
r-release-linux-x86_64 2.4.3 5.28 50.74 56.02 NOTE
r-release-osx-x86_64-mavericks 2.4.3 ERROR
r-release-osx-x86_64-snowleopard 2.4.3 NOTE
r-release-windows-ix86+x86_64 2.4.3 22.00 145.00 167.00 NOTE
r-oldrel-windows-ix86+x86_64 2.4.3 21.00 163.00 184.00 NOTE

Check Details

Version: 2.4.3
Check: DESCRIPTION meta-information
Result: NOTE
    Malformed Title field: should not end in a period.
Flavors: r-devel-windows-ix86+x86_64, r-release-windows-ix86+x86_64

Version: 2.4.3
Check: R code for possible problems
Result: NOTE
    fruchterman_reingold: no visible global function definition for
     'is.directed'
    fruchterman_reingold: no visible global function definition for
     'network.size'
    fruchterman_reingold: no visible global function definition for
     'as.sociomatrix'
    gof.vblpcm: no visible global function definition for 'is.directed'
    gof.vblpcm: no visible global function definition for 'is.network'
    gof.vblpcm: no visible global function definition for 'network.size'
    gof.vblpcm: no visible global function definition for 'as.sociomatrix'
    gof.vblpcm: no visible global function definition for 'network'
    gof.vblpcm: no visible global function definition for 'is.bipartite'
    log_like_forces: no visible global function definition for
     'network.size'
    log_like_forces: no visible global function definition for
     'is.directed'
    log_like_forces: no visible global function definition for
     'as.sociomatrix'
    plot.vblpcm: no visible binding for global variable
     'plot.network.default'
    plot.vblpcm: no visible global function definition for 'plot.network'
    vblpcmgroups: no visible global function definition for
     'network.vertex.names'
    vblpcmstart: no visible global function definition for 'is.directed'
    vblpcmstart: no visible global function definition for 'as.sociomatrix'
    vblpcmstart: no visible global function definition for 'network'
    vblpcmstart: no visible global function definition for
     'list.vertex.attributes'
    vblpcmstart: no visible global function definition for
     'set.vertex.attribute'
    vblpcmstart: no visible global function definition for
     'get.vertex.attribute'
    vblpcmstart: no visible global function definition for
     'network.edgecount'
Flavors: r-devel-windows-ix86+x86_64, r-release-windows-ix86+x86_64, r-oldrel-windows-ix86+x86_64