CRAN Package Check Results for Package VBLPCM

Last updated on 2014-11-24 18:49:29.

Flavor Version Tinstall Tcheck Ttotal Status Flags
r-devel-linux-x86_64-debian-clang 2.4.3 5.74 59.45 65.18 NOTE
r-devel-linux-x86_64-debian-gcc 2.4.3 6.23 57.92 64.15 NOTE
r-devel-linux-x86_64-fedora-clang 2.4.3 147.36 NOTE
r-devel-linux-x86_64-fedora-gcc 2.4.3 141.80 NOTE
r-devel-osx-x86_64-clang 2.4.3 118.98 NOTE
r-devel-windows-ix86+x86_64 2.4.3 23.00 141.00 164.00 NOTE
r-patched-linux-x86_64 2.4.3 6.55 66.51 73.06 NOTE
r-patched-solaris-sparc 2.4.3 857.60 NOTE
r-patched-solaris-x86 2.4.3 190.10 NOTE
r-release-linux-ix86 2.4.3 8.47 73.65 82.12 NOTE
r-release-linux-x86_64 2.4.3 6.45 60.45 66.90 NOTE
r-release-osx-x86_64-mavericks 2.4.3 ERROR
r-release-osx-x86_64-snowleopard 2.4.3 OK
r-release-windows-ix86+x86_64 2.4.3 25.00 153.00 178.00 NOTE
r-oldrel-windows-ix86+x86_64 2.4.3 21.00 164.00 185.00 OK

Check Details

Version: 2.4.3
Check: R code for possible problems
Result: NOTE
    fruchterman_reingold: no visible global function definition for
     ‘is.directed’
    fruchterman_reingold: no visible global function definition for
     ‘network.size’
    fruchterman_reingold: no visible global function definition for
     ‘as.sociomatrix’
    gof.vblpcm: no visible global function definition for ‘is.directed’
    gof.vblpcm: no visible global function definition for ‘is.network’
    gof.vblpcm: no visible global function definition for ‘network.size’
    gof.vblpcm: no visible global function definition for ‘as.sociomatrix’
    gof.vblpcm: no visible global function definition for ‘network’
    gof.vblpcm: no visible global function definition for ‘is.bipartite’
    log_like_forces: no visible global function definition for
     ‘network.size’
    log_like_forces: no visible global function definition for
     ‘is.directed’
    log_like_forces: no visible global function definition for
     ‘as.sociomatrix’
    plot.vblpcm: no visible binding for global variable
     ‘plot.network.default’
    plot.vblpcm: no visible global function definition for ‘plot.network’
    vblpcmgroups: no visible global function definition for
     ‘network.vertex.names’
    vblpcmstart: no visible global function definition for ‘is.directed’
    vblpcmstart: no visible global function definition for ‘as.sociomatrix’
    vblpcmstart: no visible global function definition for ‘network’
    vblpcmstart: no visible global function definition for
     ‘list.vertex.attributes’
    vblpcmstart: no visible global function definition for
     ‘set.vertex.attribute’
    vblpcmstart: no visible global function definition for
     ‘get.vertex.attribute’
    vblpcmstart: no visible global function definition for
     ‘network.edgecount’
Flavors: r-devel-linux-x86_64-debian-clang, r-devel-linux-x86_64-debian-gcc, r-devel-linux-x86_64-fedora-clang, r-devel-linux-x86_64-fedora-gcc, r-devel-osx-x86_64-clang, r-devel-windows-ix86+x86_64, r-patched-linux-x86_64, r-patched-solaris-sparc, r-patched-solaris-x86, r-release-linux-ix86, r-release-linux-x86_64, r-release-windows-ix86+x86_64

Version: 2.4.3
Check: whether package can be installed
Result: ERROR
    Installation failed.
Flavor: r-release-osx-x86_64-mavericks