CRAN Package Check Results for Package VBLPCM

Last updated on 2015-03-28 11:49:31.

Flavor Version Tinstall Tcheck Ttotal Status Flags
r-devel-linux-x86_64-debian-clang 2.4.3 5.05 53.09 58.14 NOTE
r-devel-linux-x86_64-debian-gcc 2.4.3 5.19 51.48 56.67 NOTE
r-devel-linux-x86_64-fedora-clang 2.4.3 114.48 NOTE
r-devel-linux-x86_64-fedora-gcc 2.4.3 107.64 NOTE
r-devel-osx-x86_64-clang 2.4.3 99.31 NOTE
r-prerel-windows-ix86+x86_64 2.4.3 22.00 136.00 158.00 NOTE
r-prerel-linux-x86_64 2.4.3 5.32 51.49 56.81 NOTE
r-prerel-solaris-sparc 2.4.3 712.00 NOTE
r-prerel-solaris-x86 2.4.3 149.20 NOTE
r-release-linux-x86_64 2.4.3 6.78 62.21 69.00 NOTE
r-release-osx-x86_64-mavericks 2.4.3 NOTE
r-release-osx-x86_64-snowleopard 2.4.3 OK
r-release-windows-ix86+x86_64 2.4.3 24.00 163.00 187.00 NOTE
r-oldrel-windows-ix86+x86_64 2.4.3 25.00 166.00 191.00 OK

Check Details

Version: 2.4.3
Check: DESCRIPTION meta-information
Result: NOTE
    Malformed Title field: should not end in a period.
Flavors: r-devel-linux-x86_64-debian-clang, r-devel-linux-x86_64-debian-gcc, r-devel-linux-x86_64-fedora-clang, r-devel-linux-x86_64-fedora-gcc, r-devel-osx-x86_64-clang, r-prerel-windows-ix86+x86_64, r-prerel-linux-x86_64, r-prerel-solaris-sparc, r-prerel-solaris-x86

Version: 2.4.3
Check: S3 generic/method consistency
Result: NOTE
    Found the following apparent S3 methods exported but not registered:
     gof.vblpcm plot.vblpcm predict.vblpcm print.vblpcm summary.vblpcm
    See section ‘Registering S3 methods’ in the ‘Writing R Extensions’
    manual.
Flavors: r-devel-linux-x86_64-debian-clang, r-devel-linux-x86_64-debian-gcc, r-devel-linux-x86_64-fedora-clang, r-devel-linux-x86_64-fedora-gcc, r-devel-osx-x86_64-clang, r-prerel-linux-x86_64

Version: 2.4.3
Check: R code for possible problems
Result: NOTE
    fruchterman_reingold: no visible global function definition for
     ‘is.directed’
    fruchterman_reingold: no visible global function definition for
     ‘network.size’
    fruchterman_reingold: no visible global function definition for
     ‘as.sociomatrix’
    gof.vblpcm: no visible global function definition for ‘is.directed’
    gof.vblpcm: no visible global function definition for ‘is.network’
    gof.vblpcm: no visible global function definition for ‘network.size’
    gof.vblpcm: no visible global function definition for ‘as.sociomatrix’
    gof.vblpcm: no visible global function definition for ‘network’
    gof.vblpcm: no visible global function definition for ‘is.bipartite’
    log_like_forces: no visible global function definition for
     ‘network.size’
    log_like_forces: no visible global function definition for
     ‘is.directed’
    log_like_forces: no visible global function definition for
     ‘as.sociomatrix’
    plot.vblpcm: no visible binding for global variable
     ‘plot.network.default’
    plot.vblpcm: no visible global function definition for ‘plot.network’
    vblpcmgroups: no visible global function definition for
     ‘network.vertex.names’
    vblpcmstart: no visible global function definition for ‘is.directed’
    vblpcmstart: no visible global function definition for ‘as.sociomatrix’
    vblpcmstart: no visible global function definition for ‘network’
    vblpcmstart: no visible global function definition for
     ‘list.vertex.attributes’
    vblpcmstart: no visible global function definition for
     ‘set.vertex.attribute’
    vblpcmstart: no visible global function definition for
     ‘get.vertex.attribute’
    vblpcmstart: no visible global function definition for
     ‘network.edgecount’
Flavors: r-devel-linux-x86_64-debian-clang, r-devel-linux-x86_64-debian-gcc, r-devel-linux-x86_64-fedora-clang, r-devel-linux-x86_64-fedora-gcc, r-devel-osx-x86_64-clang, r-prerel-windows-ix86+x86_64, r-prerel-linux-x86_64, r-prerel-solaris-sparc, r-prerel-solaris-x86, r-release-linux-x86_64, r-release-osx-x86_64-mavericks, r-release-windows-ix86+x86_64