CRAN Package Check Results for Package VBLPCM

Last updated on 2014-08-27 15:49:44.

Flavor Version Tinstall Tcheck Ttotal Status Flags
r-devel-linux-x86_64-debian-clang 2.4.3 5.56 60.19 65.75 NOTE
r-devel-linux-x86_64-debian-gcc 2.4.3 6.39 60.23 66.62 NOTE
r-devel-linux-x86_64-fedora-clang 2.4.3 150.17 NOTE
r-devel-linux-x86_64-fedora-gcc 2.4.3 150.12 NOTE
r-devel-osx-x86_64-clang 2.4.3 109.82 NOTE
r-devel-windows-ix86+x86_64 2.4.3 25.00 142.00 167.00 NOTE
r-patched-linux-x86_64 2.4.3 6.44 60.84 67.28 OK
r-patched-solaris-sparc 2.4.3 871.60 OK
r-patched-solaris-x86 2.4.3 194.00 OK
r-release-linux-ix86 2.4.3 8.72 77.37 86.09 OK
r-release-linux-x86_64 2.4.3 6.42 62.11 68.53 OK
r-release-osx-x86_64-mavericks 2.4.3 ERROR
r-release-osx-x86_64-snowleopard 2.4.3 OK
r-release-windows-ix86+x86_64 2.4.3 22.00 160.00 182.00 OK
r-oldrel-windows-ix86+x86_64 2.4.3 22.00 154.00 176.00 OK

Check Details

Version: 2.4.3
Check: R code for possible problems
Result: NOTE
    fruchterman_reingold: no visible global function definition for
     ‘is.directed’
    fruchterman_reingold: no visible global function definition for
     ‘network.size’
    fruchterman_reingold: no visible global function definition for
     ‘as.sociomatrix’
    gof.vblpcm: no visible global function definition for ‘is.directed’
    gof.vblpcm: no visible global function definition for ‘is.network’
    gof.vblpcm: no visible global function definition for ‘network.size’
    gof.vblpcm: no visible global function definition for ‘as.sociomatrix’
    gof.vblpcm: no visible global function definition for ‘network’
    gof.vblpcm: no visible global function definition for ‘is.bipartite’
    log_like_forces: no visible global function definition for
     ‘network.size’
    log_like_forces: no visible global function definition for
     ‘is.directed’
    log_like_forces: no visible global function definition for
     ‘as.sociomatrix’
    plot.vblpcm: no visible binding for global variable
     ‘plot.network.default’
    plot.vblpcm: no visible global function definition for ‘plot.network’
    vblpcmgroups: no visible global function definition for
     ‘network.vertex.names’
    vblpcmstart: no visible global function definition for ‘is.directed’
    vblpcmstart: no visible global function definition for ‘as.sociomatrix’
    vblpcmstart: no visible global function definition for ‘network’
    vblpcmstart: no visible global function definition for
     ‘list.vertex.attributes’
    vblpcmstart: no visible global function definition for
     ‘set.vertex.attribute’
    vblpcmstart: no visible global function definition for
     ‘get.vertex.attribute’
    vblpcmstart: no visible global function definition for
     ‘network.edgecount’
Flavors: r-devel-linux-x86_64-debian-clang, r-devel-linux-x86_64-debian-gcc, r-devel-linux-x86_64-fedora-clang, r-devel-linux-x86_64-fedora-gcc, r-devel-osx-x86_64-clang, r-devel-windows-ix86+x86_64

Version: 2.4.3
Check: whether package can be installed
Result: ERROR
    Installation failed.
Flavor: r-release-osx-x86_64-mavericks