CRAN Package Check Results for Package VBLPCM

Last updated on 2015-07-02 21:47:17.

Flavor Version Tinstall Tcheck Ttotal Status Flags
r-devel-linux-x86_64-debian-clang 2.4.3 5.09 57.20 62.28 NOTE
r-devel-linux-x86_64-debian-gcc 2.4.3 5.36 51.19 56.56 NOTE
r-devel-linux-x86_64-fedora-clang 2.4.3 112.79 NOTE
r-devel-linux-x86_64-fedora-gcc 2.4.3 101.27 NOTE
r-devel-osx-x86_64-clang 2.4.3 89.10 NOTE
r-devel-windows-ix86+x86_64 2.4.3 24.00 139.00 163.00 NOTE
r-patched-linux-x86_64 2.4.3 5.29 51.00 56.29 NOTE
r-patched-solaris-sparc 2.4.3 704.00 NOTE
r-patched-solaris-x86 2.4.3 151.90 NOTE
r-release-linux-x86_64 2.4.3 5.70 52.81 58.51 NOTE
r-release-osx-x86_64-mavericks 2.4.3 NOTE
r-release-windows-ix86+x86_64 2.4.3 21.00 139.00 160.00 NOTE
r-oldrel-windows-ix86+x86_64 2.4.3 28.00 162.00 190.00 NOTE

Check Details

Version: 2.4.3
Check: DESCRIPTION meta-information
Result: NOTE
    Malformed Title field: should not end in a period.
Flavors: r-devel-linux-x86_64-debian-clang, r-devel-linux-x86_64-debian-gcc, r-devel-linux-x86_64-fedora-clang, r-devel-linux-x86_64-fedora-gcc, r-devel-osx-x86_64-clang, r-devel-windows-ix86+x86_64, r-patched-linux-x86_64, r-patched-solaris-sparc, r-patched-solaris-x86, r-release-linux-x86_64, r-release-osx-x86_64-mavericks, r-release-windows-ix86+x86_64

Version: 2.4.3
Check: S3 generic/method consistency
Result: NOTE
    Found the following apparent S3 methods exported but not registered:
     gof.vblpcm plot.vblpcm predict.vblpcm print.vblpcm summary.vblpcm
    See section ‘Registering S3 methods’ in the ‘Writing R Extensions’
    manual.
Flavors: r-devel-linux-x86_64-debian-clang, r-devel-linux-x86_64-debian-gcc, r-devel-linux-x86_64-fedora-clang, r-devel-linux-x86_64-fedora-gcc, r-devel-osx-x86_64-clang, r-patched-linux-x86_64, r-patched-solaris-sparc, r-patched-solaris-x86, r-release-linux-x86_64

Version: 2.4.3
Check: R code for possible problems
Result: NOTE
    fruchterman_reingold: no visible global function definition for
     ‘is.directed’
    fruchterman_reingold: no visible global function definition for
     ‘network.size’
    fruchterman_reingold: no visible global function definition for
     ‘as.sociomatrix’
    fruchterman_reingold: no visible global function definition for ‘runif’
    gof.vblpcm: no visible global function definition for ‘is.directed’
    gof.vblpcm: no visible global function definition for ‘as.formula’
    gof.vblpcm: no visible global function definition for ‘is.network’
    gof.vblpcm: no visible global function definition for ‘network.size’
    gof.vblpcm: no visible global function definition for ‘rbinom’
    gof.vblpcm: no visible global function definition for ‘as.sociomatrix’
    gof.vblpcm: no visible global function definition for ‘network’
    gof.vblpcm: no visible global function definition for ‘is.bipartite’
    gof.vblpcm: no visible binding for global variable ‘quantile’
    log_like_forces: no visible global function definition for
     ‘network.size’
    log_like_forces: no visible global function definition for
     ‘is.directed’
    log_like_forces: no visible global function definition for
     ‘as.sociomatrix’
    log_like_forces: no visible global function definition for ‘dist’
    log_like_forces: no visible global function definition for ‘optim’
    plot.vblpcm: no visible global function definition for ‘cmdscale’
    plot.vblpcm: no visible global function definition for ‘dist’
    plot.vblpcm: no visible binding for global variable
     ‘plot.network.default’
    plot.vblpcm: no visible global function definition for ‘plot.network’
    plot.vblpcm: no visible global function definition for ‘rgb’
    plot.vblpcm: no visible global function definition for ‘points’
    plot.vblpcm: no visible global function definition for ‘symbols’
    predict.vblpcm: no visible global function definition for ‘dist’
    vblpcmbic: no visible global function definition for ‘dnorm’
    vblpcmdrawpie: no visible global function definition for ‘polygon’
    vblpcmfit: no visible global function definition for ‘runif’
    vblpcmgroups: no visible global function definition for ‘palette’
    vblpcmgroups: no visible global function definition for
     ‘network.vertex.names’
    vblpcmroc: no visible global function definition for ‘quantile’
    vblpcmroc: no visible global function definition for ‘plot’
    vblpcmroc: no visible global function definition for ‘points’
    vblpcmstart: no visible global function definition for ‘runif’
    vblpcmstart: no visible global function definition for ‘is.directed’
    vblpcmstart: no visible global function definition for ‘as.sociomatrix’
    vblpcmstart: no visible global function definition for ‘network’
    vblpcmstart: no visible global function definition for
     ‘list.vertex.attributes’
    vblpcmstart: no visible global function definition for
     ‘set.vertex.attribute’
    vblpcmstart: no visible global function definition for
     ‘get.vertex.attribute’
    vblpcmstart: no visible global function definition for
     ‘network.edgecount’
    vblpcmstart: no visible global function definition for ‘cmdscale’
    vblpcmstart: no visible global function definition for ‘dist’
    vblpcmstart: no visible global function definition for ‘sd’
    Undefined global functions or variables:
     as.formula as.sociomatrix cmdscale dist dnorm get.vertex.attribute
     is.bipartite is.directed is.network list.vertex.attributes network
     network.edgecount network.size network.vertex.names optim palette
     plot plot.network plot.network.default points polygon quantile rbinom
     rgb runif sd set.vertex.attribute symbols
Flavors: r-devel-linux-x86_64-debian-clang, r-devel-linux-x86_64-fedora-clang, r-devel-linux-x86_64-fedora-gcc

Version: 2.4.3
Check: R code for possible problems
Result: NOTE
    fruchterman_reingold: no visible global function definition for
     ‘is.directed’
    fruchterman_reingold: no visible global function definition for
     ‘network.size’
    fruchterman_reingold: no visible global function definition for
     ‘as.sociomatrix’
    fruchterman_reingold: no visible global function definition for ‘runif’
    gof.vblpcm: no visible global function definition for ‘is.directed’
    gof.vblpcm: no visible global function definition for ‘as.formula’
    gof.vblpcm: no visible global function definition for ‘is.network’
    gof.vblpcm: no visible global function definition for ‘network.size’
    gof.vblpcm: no visible global function definition for ‘rbinom’
    gof.vblpcm: no visible global function definition for ‘as.sociomatrix’
    gof.vblpcm: no visible global function definition for ‘network’
    gof.vblpcm: no visible global function definition for ‘is.bipartite’
    gof.vblpcm: no visible binding for global variable ‘quantile’
    log_like_forces: no visible global function definition for
     ‘network.size’
    log_like_forces: no visible global function definition for
     ‘is.directed’
    log_like_forces: no visible global function definition for
     ‘as.sociomatrix’
    log_like_forces: no visible global function definition for ‘dist’
    log_like_forces: no visible global function definition for ‘optim’
    plot.vblpcm: no visible global function definition for ‘cmdscale’
    plot.vblpcm: no visible global function definition for ‘dist’
    plot.vblpcm: no visible binding for global variable
     ‘plot.network.default’
    plot.vblpcm: no visible global function definition for ‘plot.network’
    plot.vblpcm: no visible global function definition for ‘rgb’
    plot.vblpcm: no visible global function definition for ‘points’
    plot.vblpcm: no visible global function definition for ‘symbols’
    predict.vblpcm: no visible global function definition for ‘dist’
    vblpcmbic: no visible global function definition for ‘dnorm’
    vblpcmdrawpie: no visible global function definition for ‘polygon’
    vblpcmfit: no visible global function definition for ‘runif’
    vblpcmgroups: no visible global function definition for ‘palette’
    vblpcmgroups: no visible global function definition for
     ‘network.vertex.names’
    vblpcmroc: no visible global function definition for ‘quantile’
    vblpcmroc: no visible global function definition for ‘plot’
    vblpcmroc: no visible global function definition for ‘points’
    vblpcmstart: no visible global function definition for ‘runif’
    vblpcmstart: no visible global function definition for ‘is.directed’
    vblpcmstart: no visible global function definition for ‘as.sociomatrix’
    vblpcmstart: no visible global function definition for ‘network’
    vblpcmstart: no visible global function definition for
     ‘list.vertex.attributes’
    vblpcmstart: no visible global function definition for
     ‘set.vertex.attribute’
    vblpcmstart: no visible global function definition for
     ‘get.vertex.attribute’
    vblpcmstart: no visible global function definition for
     ‘network.edgecount’
    vblpcmstart: no visible global function definition for ‘cmdscale’
    vblpcmstart: no visible global function definition for ‘dist’
    vblpcmstart: no visible global function definition for ‘sd’
Flavors: r-devel-linux-x86_64-debian-gcc, r-devel-windows-ix86+x86_64

Version: 2.4.3
Check: R code for possible problems
Result: NOTE
    fruchterman_reingold: no visible global function definition for
     ‘is.directed’
    fruchterman_reingold: no visible global function definition for
     ‘network.size’
    fruchterman_reingold: no visible global function definition for
     ‘as.sociomatrix’
    gof.vblpcm: no visible global function definition for ‘is.directed’
    gof.vblpcm: no visible global function definition for ‘is.network’
    gof.vblpcm: no visible global function definition for ‘network.size’
    gof.vblpcm: no visible global function definition for ‘as.sociomatrix’
    gof.vblpcm: no visible global function definition for ‘network’
    gof.vblpcm: no visible global function definition for ‘is.bipartite’
    log_like_forces: no visible global function definition for
     ‘network.size’
    log_like_forces: no visible global function definition for
     ‘is.directed’
    log_like_forces: no visible global function definition for
     ‘as.sociomatrix’
    plot.vblpcm: no visible binding for global variable
     ‘plot.network.default’
    plot.vblpcm: no visible global function definition for ‘plot.network’
    vblpcmgroups: no visible global function definition for
     ‘network.vertex.names’
    vblpcmstart: no visible global function definition for ‘is.directed’
    vblpcmstart: no visible global function definition for ‘as.sociomatrix’
    vblpcmstart: no visible global function definition for ‘network’
    vblpcmstart: no visible global function definition for
     ‘list.vertex.attributes’
    vblpcmstart: no visible global function definition for
     ‘set.vertex.attribute’
    vblpcmstart: no visible global function definition for
     ‘get.vertex.attribute’
    vblpcmstart: no visible global function definition for
     ‘network.edgecount’
    Undefined global functions or variables:
     as.sociomatrix get.vertex.attribute is.bipartite is.directed
     is.network list.vertex.attributes network network.edgecount
     network.size network.vertex.names plot.network plot.network.default
     set.vertex.attribute
Flavor: r-devel-osx-x86_64-clang

Version: 2.4.3
Check: R code for possible problems
Result: NOTE
    fruchterman_reingold: no visible global function definition for
     ‘is.directed’
    fruchterman_reingold: no visible global function definition for
     ‘network.size’
    fruchterman_reingold: no visible global function definition for
     ‘as.sociomatrix’
    gof.vblpcm: no visible global function definition for ‘is.directed’
    gof.vblpcm: no visible global function definition for ‘is.network’
    gof.vblpcm: no visible global function definition for ‘network.size’
    gof.vblpcm: no visible global function definition for ‘as.sociomatrix’
    gof.vblpcm: no visible global function definition for ‘network’
    gof.vblpcm: no visible global function definition for ‘is.bipartite’
    log_like_forces: no visible global function definition for
     ‘network.size’
    log_like_forces: no visible global function definition for
     ‘is.directed’
    log_like_forces: no visible global function definition for
     ‘as.sociomatrix’
    plot.vblpcm: no visible binding for global variable
     ‘plot.network.default’
    plot.vblpcm: no visible global function definition for ‘plot.network’
    vblpcmgroups: no visible global function definition for
     ‘network.vertex.names’
    vblpcmstart: no visible global function definition for ‘is.directed’
    vblpcmstart: no visible global function definition for ‘as.sociomatrix’
    vblpcmstart: no visible global function definition for ‘network’
    vblpcmstart: no visible global function definition for
     ‘list.vertex.attributes’
    vblpcmstart: no visible global function definition for
     ‘set.vertex.attribute’
    vblpcmstart: no visible global function definition for
     ‘get.vertex.attribute’
    vblpcmstart: no visible global function definition for
     ‘network.edgecount’
Flavors: r-patched-linux-x86_64, r-patched-solaris-sparc, r-patched-solaris-x86, r-release-linux-x86_64, r-release-osx-x86_64-mavericks, r-release-windows-ix86+x86_64, r-oldrel-windows-ix86+x86_64