CRAN Package Check Results for Package VBLPCM

Last updated on 2014-10-20 11:48:46.

Flavor Version Tinstall Tcheck Ttotal Status Flags
r-devel-linux-x86_64-debian-clang 2.4.3 5.95 59.59 65.54 NOTE
r-devel-linux-x86_64-debian-gcc 2.4.3 6.34 59.76 66.10 NOTE
r-devel-linux-x86_64-fedora-clang 2.4.3 149.38 NOTE
r-devel-linux-x86_64-fedora-gcc 2.4.3 140.96 NOTE
r-devel-osx-x86_64-clang 2.4.3 116.96 NOTE
r-devel-windows-ix86+x86_64 2.4.3 23.00 151.00 174.00 NOTE
r-patched-linux-x86_64 2.4.3 6.30 61.66 67.96 NOTE
r-patched-solaris-sparc 2.4.3 857.60 NOTE
r-patched-solaris-x86 2.4.3 192.80 NOTE
r-release-linux-ix86 2.4.3 8.96 76.97 85.93 OK
r-release-linux-x86_64 2.4.3 6.36 61.46 67.82 OK
r-release-osx-x86_64-mavericks 2.4.3 ERROR
r-release-osx-x86_64-snowleopard 2.4.3 OK
r-release-windows-ix86+x86_64 2.4.3 22.00 153.00 175.00 OK
r-oldrel-windows-ix86+x86_64 2.4.3 23.00 153.00 176.00 OK

Check Details

Version: 2.4.3
Check: R code for possible problems
Result: NOTE
    fruchterman_reingold: no visible global function definition for
     ‘is.directed’
    fruchterman_reingold: no visible global function definition for
     ‘network.size’
    fruchterman_reingold: no visible global function definition for
     ‘as.sociomatrix’
    gof.vblpcm: no visible global function definition for ‘is.directed’
    gof.vblpcm: no visible global function definition for ‘is.network’
    gof.vblpcm: no visible global function definition for ‘network.size’
    gof.vblpcm: no visible global function definition for ‘as.sociomatrix’
    gof.vblpcm: no visible global function definition for ‘network’
    gof.vblpcm: no visible global function definition for ‘is.bipartite’
    log_like_forces: no visible global function definition for
     ‘network.size’
    log_like_forces: no visible global function definition for
     ‘is.directed’
    log_like_forces: no visible global function definition for
     ‘as.sociomatrix’
    plot.vblpcm: no visible binding for global variable
     ‘plot.network.default’
    plot.vblpcm: no visible global function definition for ‘plot.network’
    vblpcmgroups: no visible global function definition for
     ‘network.vertex.names’
    vblpcmstart: no visible global function definition for ‘is.directed’
    vblpcmstart: no visible global function definition for ‘as.sociomatrix’
    vblpcmstart: no visible global function definition for ‘network’
    vblpcmstart: no visible global function definition for
     ‘list.vertex.attributes’
    vblpcmstart: no visible global function definition for
     ‘set.vertex.attribute’
    vblpcmstart: no visible global function definition for
     ‘get.vertex.attribute’
    vblpcmstart: no visible global function definition for
     ‘network.edgecount’
Flavors: r-devel-linux-x86_64-debian-clang, r-devel-linux-x86_64-debian-gcc, r-devel-linux-x86_64-fedora-clang, r-devel-linux-x86_64-fedora-gcc, r-devel-osx-x86_64-clang, r-devel-windows-ix86+x86_64, r-patched-linux-x86_64, r-patched-solaris-sparc, r-patched-solaris-x86

Version: 2.4.3
Check: whether package can be installed
Result: ERROR
    Installation failed.
Flavor: r-release-osx-x86_64-mavericks