CRAN Package Check Results for Package VBLPCM

Last updated on 2018-02-24 18:49:22 CET.

Flavor Version Tinstall Tcheck Ttotal Status Flags
r-devel-linux-x86_64-debian-clang 2.4.4 8.41 68.35 76.76 NOTE
r-devel-linux-x86_64-debian-gcc 2.4.4 6.74 53.64 60.38 NOTE
r-devel-linux-x86_64-fedora-clang 2.4.4 95.66 NOTE
r-devel-linux-x86_64-fedora-gcc 2.4.4 92.06 NOTE
r-devel-windows-ix86+x86_64 2.4.4 28.00 155.00 183.00 OK
r-patched-linux-x86_64 2.4.4 7.75 75.43 83.18 NOTE
r-patched-solaris-x86 2.4.4 145.40 OK
r-release-linux-x86_64 2.4.4 8.51 75.91 84.42 NOTE
r-release-windows-ix86+x86_64 2.4.4 29.00 170.00 199.00 OK
r-release-osx-x86_64 2.4.4 OK
r-oldrel-windows-ix86+x86_64 2.4.4 21.00 124.00 145.00 OK
r-oldrel-osx-x86_64 2.4.4 OK

Check Details

Version: 2.4.4
Check: compiled code
Result: NOTE
    File ‘VBLPCM/libs/VBLPCM.so’:
     Found no calls to: ‘R_registerRoutines’, ‘R_useDynamicSymbols’
    
    It is good practice to register native routines and to disable symbol
    search.
    
    See ‘Writing portable packages’ in the ‘Writing R Extensions’ manual.
Flavors: r-devel-linux-x86_64-debian-clang, r-devel-linux-x86_64-debian-gcc, r-devel-linux-x86_64-fedora-clang, r-devel-linux-x86_64-fedora-gcc, r-patched-linux-x86_64, r-release-linux-x86_64