CRAN Package Check Results for Package VBLPCM

Last updated on 2014-07-25 14:47:45.

Flavor Version Tinstall Tcheck Ttotal Status Flags
r-devel-linux-x86_64-debian-clang 2.4.3 5.61 61.19 66.80 OK
r-devel-linux-x86_64-debian-gcc 2.4.3 6.47 60.24 66.71 OK
r-devel-linux-x86_64-fedora-clang 2.4.3 152.67 OK
r-devel-linux-x86_64-fedora-gcc 2.4.3 146.55 OK
r-devel-osx-x86_64-clang 2.4.3 114.34 OK
r-devel-windows-ix86+x86_64 2.4.3 24.00 153.00 177.00 OK
r-patched-linux-x86_64 2.4.3 6.30 61.68 67.98 OK
r-patched-solaris-sparc 2.4.3 852.90 OK
r-patched-solaris-x86 2.4.3 194.70 OK
r-release-linux-ix86 2.4.3 8.40 77.40 85.80 OK
r-release-linux-x86_64 2.4.3 6.42 63.85 70.27 OK
r-release-osx-x86_64-mavericks 2.4.3 ERROR
r-release-osx-x86_64-snowleopard 2.4.3 OK
r-release-windows-ix86+x86_64 2.4.3 22.00 157.00 179.00 OK
r-oldrel-windows-ix86+x86_64 2.4.3 26.00 156.00 182.00 OK

Check Details

Version: 2.4.3
Check: whether package can be installed
Result: ERROR
    Installation failed.
    See ‘/Builds/CRAN-QA-Simon/packages/mavericks-x86_64/results/3.1/VBLPCM.Rcheck/00install.out’ for details.
Flavor: r-release-osx-x86_64-mavericks