CRAN Package Check Results for Package VBLPCM

Last updated on 2014-09-01 19:46:38.

Flavor Version Tinstall Tcheck Ttotal Status Flags
r-devel-linux-x86_64-debian-clang 2.4.3 5.58 59.22 64.80 NOTE
r-devel-linux-x86_64-debian-gcc 2.4.3 6.32 59.10 65.42 NOTE
r-devel-linux-x86_64-fedora-clang 2.4.3 152.02 NOTE
r-devel-linux-x86_64-fedora-gcc 2.4.3 142.73 NOTE
r-devel-osx-x86_64-clang 2.4.3 110.89 NOTE
r-devel-windows-ix86+x86_64 2.4.3 23.00 153.00 176.00 NOTE
r-patched-linux-x86_64 2.4.3 6.34 62.41 68.75 OK
r-patched-solaris-sparc 2.4.3 871.60 OK
r-patched-solaris-x86 2.4.3 194.00 OK
r-release-linux-ix86 2.4.3 8.43 76.74 85.18 OK
r-release-linux-x86_64 2.4.3 6.39 64.47 70.86 OK
r-release-osx-x86_64-mavericks 2.4.3 ERROR
r-release-osx-x86_64-snowleopard 2.4.3 OK
r-release-windows-ix86+x86_64 2.4.3 22.00 155.00 177.00 OK
r-oldrel-windows-ix86+x86_64 2.4.3 25.00 151.00 176.00 OK

Check Details

Version: 2.4.3
Check: R code for possible problems
Result: NOTE
    fruchterman_reingold: no visible global function definition for
     ‘is.directed’
    fruchterman_reingold: no visible global function definition for
     ‘network.size’
    fruchterman_reingold: no visible global function definition for
     ‘as.sociomatrix’
    gof.vblpcm: no visible global function definition for ‘is.directed’
    gof.vblpcm: no visible global function definition for ‘is.network’
    gof.vblpcm: no visible global function definition for ‘network.size’
    gof.vblpcm: no visible global function definition for ‘as.sociomatrix’
    gof.vblpcm: no visible global function definition for ‘network’
    gof.vblpcm: no visible global function definition for ‘is.bipartite’
    log_like_forces: no visible global function definition for
     ‘network.size’
    log_like_forces: no visible global function definition for
     ‘is.directed’
    log_like_forces: no visible global function definition for
     ‘as.sociomatrix’
    plot.vblpcm: no visible binding for global variable
     ‘plot.network.default’
    plot.vblpcm: no visible global function definition for ‘plot.network’
    vblpcmgroups: no visible global function definition for
     ‘network.vertex.names’
    vblpcmstart: no visible global function definition for ‘is.directed’
    vblpcmstart: no visible global function definition for ‘as.sociomatrix’
    vblpcmstart: no visible global function definition for ‘network’
    vblpcmstart: no visible global function definition for
     ‘list.vertex.attributes’
    vblpcmstart: no visible global function definition for
     ‘set.vertex.attribute’
    vblpcmstart: no visible global function definition for
     ‘get.vertex.attribute’
    vblpcmstart: no visible global function definition for
     ‘network.edgecount’
Flavors: r-devel-linux-x86_64-debian-clang, r-devel-linux-x86_64-debian-gcc, r-devel-linux-x86_64-fedora-clang, r-devel-linux-x86_64-fedora-gcc, r-devel-osx-x86_64-clang, r-devel-windows-ix86+x86_64

Version: 2.4.3
Check: whether package can be installed
Result: ERROR
    Installation failed.
Flavor: r-release-osx-x86_64-mavericks