CRAN Package Check Results for Package VBLPCM

Last updated on 2017-11-21 07:50:44 CET.

Flavor Version Tinstall Tcheck Ttotal Status Flags
r-devel-linux-x86_64-debian-clang 2.4.4 5.04 43.61 48.64 NOTE
r-devel-linux-x86_64-debian-gcc 2.4.4 6.06 45.80 51.85 NOTE
r-devel-linux-x86_64-fedora-clang 2.4.4 86.47 NOTE
r-devel-linux-x86_64-fedora-gcc 2.4.4 133.52 NOTE
r-devel-windows-ix86+x86_64 2.4.4 33.00 124.00 157.00 OK
r-patched-linux-x86_64 2.4.4 5.37 46.85 52.22 NOTE
r-patched-solaris-x86 2.4.4 142.60 OK
r-release-linux-x86_64 2.4.4 5.21 46.71 51.91 NOTE
r-release-windows-ix86+x86_64 2.4.4 22.00 117.00 139.00 OK
r-release-osx-x86_64 2.4.4 OK
r-oldrel-windows-ix86+x86_64 2.4.4 19.00 146.00 165.00 OK
r-oldrel-osx-x86_64 2.4.4 OK

Check Details

Version: 2.4.4
Check: compiled code
Result: NOTE
    File ‘VBLPCM/libs/VBLPCM.so’:
     Found no calls to: ‘R_registerRoutines’, ‘R_useDynamicSymbols’
    
    It is good practice to register native routines and to disable symbol
    search.
    
    See ‘Writing portable packages’ in the ‘Writing R Extensions’ manual.
Flavors: r-devel-linux-x86_64-debian-clang, r-devel-linux-x86_64-debian-gcc, r-devel-linux-x86_64-fedora-clang, r-devel-linux-x86_64-fedora-gcc, r-patched-linux-x86_64, r-release-linux-x86_64