CRAN Package Check Results for Package VBLPCM

Last updated on 2017-05-28 23:50:22.

Flavor Version Tinstall Tcheck Ttotal Status Flags
r-devel-linux-x86_64-debian-clang 2.4.4 6.45 47.17 53.62 NOTE
r-devel-linux-x86_64-debian-gcc 2.4.4 5.51 46.39 51.90 NOTE
r-devel-linux-x86_64-fedora-clang 2.4.4 112.75 NOTE
r-devel-linux-x86_64-fedora-gcc 2.4.4 110.42 NOTE
r-devel-windows-ix86+x86_64 2.4.4 22.00 167.00 189.00 OK
r-patched-linux-x86_64 2.4.4 5.55 48.97 54.52 NOTE
r-patched-solaris-sparc 2.4.4 672.90 OK
r-patched-solaris-x86 2.4.4 150.60 OK
r-release-linux-x86_64 2.4.4 5.87 47.34 53.21 NOTE
r-release-windows-ix86+x86_64 2.4.4 27.00 176.00 203.00 OK
r-release-osx-x86_64 2.4.4 OK
r-oldrel-windows-ix86+x86_64 2.4.4 36.00 108.00 144.00 OK
r-oldrel-osx-x86_64 2.4.4 OK

Check Details

Version: 2.4.4
Check: compiled code
Result: NOTE
    File ‘VBLPCM/libs/VBLPCM.so’:
     Found no calls to: ‘R_registerRoutines’, ‘R_useDynamicSymbols’
    
    It is good practice to register native routines and to disable symbol
    search.
    
    See ‘Writing portable packages’ in the ‘Writing R Extensions’ manual.
Flavors: r-devel-linux-x86_64-debian-clang, r-devel-linux-x86_64-debian-gcc, r-devel-linux-x86_64-fedora-clang, r-devel-linux-x86_64-fedora-gcc, r-patched-linux-x86_64, r-release-linux-x86_64