CRAN Package Check Results for Package VBLPCM

Last updated on 2017-03-29 22:47:36.

Flavor Version Tinstall Tcheck Ttotal Status Flags
r-devel-linux-x86_64-debian-clang 2.4.4 5.46 47.35 52.80 NOTE
r-devel-linux-x86_64-debian-gcc 2.4.4 5.03 46.64 51.67 NOTE
r-devel-linux-x86_64-fedora-clang 2.4.4 110.98 NOTE --no-stop-on-test-error
r-devel-linux-x86_64-fedora-gcc 2.4.4 111.72 NOTE --no-stop-on-test-error
r-devel-macos-x86_64-clang 2.4.4 82.30 NOTE --no-stop-on-test-error
r-devel-windows-ix86+x86_64 2.4.4 23.00 129.00 152.00 OK
r-patched-linux-x86_64 2.4.4 5.04 46.43 51.46 NOTE
r-patched-solaris-sparc 2.4.4 672.90 OK
r-patched-solaris-x86 2.4.4 152.60 OK
r-release-linux-x86_64 2.4.4 4.98 39.23 44.21 OK
r-release-osx-x86_64-mavericks 2.4.4 OK
r-release-windows-ix86+x86_64 2.4.4 30.00 130.00 160.00 OK
r-oldrel-windows-ix86+x86_64 2.4.4 45.00 151.00 196.00 OK

Check Details

Version: 2.4.4
Check: compiled code
Result: NOTE
    File ‘VBLPCM/libs/VBLPCM.so’:
     Found no calls to: ‘R_registerRoutines’, ‘R_useDynamicSymbols’
    
    It is good practice to register native routines and to disable symbol
    search.
    
    See ‘Writing portable packages’ in the ‘Writing R Extensions’ manual.
Flavors: r-devel-linux-x86_64-debian-clang, r-devel-linux-x86_64-debian-gcc, r-patched-linux-x86_64

Version: 2.4.4
Flags: --no-stop-on-test-error
Check: compiled code
Result: NOTE
    File ‘VBLPCM/libs/VBLPCM.so’:
     Found no calls to: ‘R_registerRoutines’, ‘R_useDynamicSymbols’
    
    It is good practice to register native routines and to disable symbol
    search.
    
    See ‘Writing portable packages’ in the ‘Writing R Extensions’ manual.
Flavors: r-devel-linux-x86_64-fedora-clang, r-devel-linux-x86_64-fedora-gcc, r-devel-macos-x86_64-clang