CRAN Package Check Results for Package VBLPCM

Last updated on 2018-09-20 14:47:35 CEST.

Flavor Version Tinstall Tcheck Ttotal Status Flags
r-devel-linux-x86_64-debian-clang 2.4.4 13.73 91.87 105.60 WARN
r-devel-linux-x86_64-debian-gcc 2.4.4 9.54 70.34 79.88 WARN
r-devel-linux-x86_64-fedora-clang 2.4.4 126.96 WARN
r-devel-linux-x86_64-fedora-gcc 2.4.4 121.57 WARN
r-devel-windows-ix86+x86_64 2.4.4 37.00 211.00 248.00 WARN
r-patched-linux-x86_64 2.4.4 10.54 76.34 86.88 WARN
r-patched-solaris-x86 2.4.4 150.70 WARN
r-release-linux-x86_64 2.4.4 10.19 77.20 87.39 WARN
r-release-windows-ix86+x86_64 2.4.4 34.00 179.00 213.00 WARN
r-release-osx-x86_64 2.4.4 OK
r-oldrel-windows-ix86+x86_64 2.4.4 23.00 189.00 212.00 WARN
r-oldrel-osx-x86_64 2.4.4 OK

Check Details

Version: 2.4.4
Check: compiled code
Result: NOTE
    File ‘VBLPCM/libs/VBLPCM.so’:
     Found no calls to: ‘R_registerRoutines’, ‘R_useDynamicSymbols’
    
    It is good practice to register native routines and to disable symbol
    search.
    
    See ‘Writing portable packages’ in the ‘Writing R Extensions’ manual.
Flavors: r-devel-linux-x86_64-debian-clang, r-devel-linux-x86_64-fedora-clang, r-devel-linux-x86_64-fedora-gcc, r-patched-linux-x86_64, r-release-linux-x86_64

Version: 2.4.4
Check: examples
Result: WARN
    Found the following significant warnings:
    
     Warning: 'plot.gofobject' is deprecated.
    Deprecated functions may be defunct as soon as of the next release of
    R.
    See ?Deprecated.
Flavors: r-devel-linux-x86_64-debian-clang, r-devel-linux-x86_64-debian-gcc, r-devel-linux-x86_64-fedora-clang, r-devel-linux-x86_64-fedora-gcc, r-patched-linux-x86_64, r-patched-solaris-x86, r-release-linux-x86_64

Version: 2.4.4
Check: running examples for arch ‘i386’
Result: WARN
    Found the following significant warnings:
    
     Warning: 'plot.gofobject' is deprecated.
    Deprecated functions may be defunct as soon as of the next release of
    R.
    See ?Deprecated.
Flavors: r-devel-windows-ix86+x86_64, r-release-windows-ix86+x86_64, r-oldrel-windows-ix86+x86_64

Version: 2.4.4
Check: running examples for arch ‘x64’
Result: WARN
    Found the following significant warnings:
    
     Warning: 'plot.gofobject' is deprecated.
    Deprecated functions may be defunct as soon as of the next release of
    R.
    See ?Deprecated.
Flavors: r-devel-windows-ix86+x86_64, r-release-windows-ix86+x86_64, r-oldrel-windows-ix86+x86_64