CRAN Package Check Results for Package VBLPCM

Last updated on 2014-04-25 05:47:27.

Flavor Version Tinstall Tcheck Ttotal Status Flags
r-devel-linux-x86_64-debian-clang 2.4.3 6.11 62.44 68.54 OK
r-devel-linux-x86_64-debian-gcc 2.4.3 6.42 63.84 70.26 OK
r-devel-linux-x86_64-fedora-clang 2.4.3 150.12 OK
r-devel-linux-x86_64-fedora-gcc 2.4.3 148.09 OK
r-devel-osx-x86_64-clang 2.4.3 109.34 OK
r-devel-osx-x86_64-gcc 2.4.3 ERROR
r-devel-windows-ix86+x86_64 2.4.3 22.00 148.00 170.00 OK
r-patched-linux-x86_64 2.4.3 6.36 62.66 69.03 OK
r-patched-solaris-sparc 2.4.3 852.90 OK
r-patched-solaris-x86 2.4.3 197.40 OK
r-release-linux-ix86 2.4.3 11.00 99.00 110.00 OK
r-release-linux-x86_64 2.4.3 6.62 63.54 70.17 OK
r-release-osx-x86_64-mavericks 2.4.3 ERROR
r-release-osx-x86_64-snowleopard 2.4.3 OK
r-release-windows-ix86+x86_64 2.4.3 22.00 148.00 170.00 OK
r-oldrel-windows-ix86+x86_64 2.4.3 23.00 153.00 176.00 OK

Check Details

Version: 2.4.3
Check: package dependencies
Result: ERROR
    Package required but not available: ‘ergm’
    
    See the information on DESCRIPTION files in the chapter ‘Creating R
    packages’ of the ‘Writing R Extensions’ manual.
Flavor: r-devel-osx-x86_64-gcc

Version: 2.4.3
Check: whether package can be installed
Result: ERROR
    Installation failed.
    See ‘/Builds/CRAN-QA-Simon/packages/mavericks-x86_64/results/3.1/VBLPCM.Rcheck/00install.out’ for details.
Flavor: r-release-osx-x86_64-mavericks