CRAN Package Check Results for Package VBLPCM

Last updated on 2017-09-19 20:47:42.

Flavor Version Tinstall Tcheck Ttotal Status Flags
r-devel-linux-x86_64-debian-clang 2.4.4 5.13 47.57 52.70 NOTE
r-devel-linux-x86_64-debian-gcc 2.4.4 5.17 46.33 51.50 NOTE
r-devel-linux-x86_64-fedora-clang 2.4.4 110.34 NOTE
r-devel-linux-x86_64-fedora-gcc 2.4.4 108.71 NOTE
r-devel-windows-ix86+x86_64 2.4.4 25.00 174.00 199.00 OK
r-patched-linux-x86_64 2.4.4 5.09 46.59 51.68 NOTE
r-patched-solaris-x86 2.4.4 145.10 OK
r-release-linux-x86_64 2.4.4 5.21 46.51 51.72 NOTE
r-release-windows-ix86+x86_64 2.4.4 21.00 135.00 156.00 OK
r-release-osx-x86_64 2.4.4 OK
r-oldrel-windows-ix86+x86_64 2.4.4 21.00 110.00 131.00 OK
r-oldrel-osx-x86_64 2.4.4 OK

Check Details

Version: 2.4.4
Check: compiled code
Result: NOTE
    File ‘VBLPCM/libs/VBLPCM.so’:
     Found no calls to: ‘R_registerRoutines’, ‘R_useDynamicSymbols’
    
    It is good practice to register native routines and to disable symbol
    search.
    
    See ‘Writing portable packages’ in the ‘Writing R Extensions’ manual.
Flavors: r-devel-linux-x86_64-debian-clang, r-devel-linux-x86_64-debian-gcc, r-devel-linux-x86_64-fedora-clang, r-devel-linux-x86_64-fedora-gcc, r-patched-linux-x86_64, r-release-linux-x86_64