CRAN Package Check Results for Package VBTree

Last updated on 2019-07-22 13:47:09 CEST.

Flavor Version Tinstall Tcheck Ttotal Status Flags
r-devel-linux-x86_64-debian-clang 0.1.0 2.44 25.61 28.05 NOTE
r-devel-linux-x86_64-debian-gcc 0.1.0 1.72 20.45 22.17 NOTE
r-devel-linux-x86_64-fedora-clang 0.1.0 33.05 OK
r-devel-linux-x86_64-fedora-gcc 0.1.0 32.25 OK
r-devel-windows-ix86+x86_64 0.1.0 11.00 39.00 50.00 NOTE
r-patched-linux-x86_64 0.1.0 2.46 25.25 27.71 OK
r-patched-solaris-x86 0.1.0 52.70 OK
r-release-linux-x86_64 0.1.0 2.18 25.42 27.60 OK
r-release-windows-ix86+x86_64 0.1.0 5.00 40.00 45.00 OK
r-release-osx-x86_64 0.1.0 OK
r-oldrel-windows-ix86+x86_64 0.1.0 11.00 49.00 60.00 OK
r-oldrel-osx-x86_64 0.1.0 OK

Check Details

Version: 0.1.0
Check: package vignettes
Result: NOTE
    Package vignette with placeholder title 'Vignette Title':
     'VBTree_vignette.Rmd'
Flavors: r-devel-linux-x86_64-debian-clang, r-devel-linux-x86_64-debian-gcc, r-devel-windows-ix86+x86_64