CRAN Package Check Results for Package VCA

Last updated on 2022-01-25 04:49:54 CET.

Flavor Version Tinstall Tcheck Ttotal Status Flags
r-devel-linux-x86_64-debian-clang 1.4.3 14.09 139.07 153.16 OK
r-devel-linux-x86_64-debian-gcc 1.4.3 16.92 119.58 136.50 OK
r-devel-linux-x86_64-fedora-clang 1.4.3 190.75 OK
r-devel-linux-x86_64-fedora-gcc 1.4.3 194.46 OK
r-devel-windows-x86_64-new-UL 1.4.3 111.00 185.00 296.00 OK
r-devel-windows-x86_64-new-TK 1.4.3 ERROR
r-patched-linux-x86_64 1.4.3 19.57 134.34 153.91 OK
r-release-linux-x86_64 1.4.3 14.85 134.17 149.02 OK
r-release-macos-arm64 1.4.3 OK
r-release-macos-x86_64 1.4.3 OK
r-release-windows-ix86+x86_64 1.4.3 36.00 191.00 227.00 OK
r-oldrel-macos-x86_64 1.4.3 OK
r-oldrel-windows-ix86+x86_64 1.4.3 36.00 194.00 230.00 OK

Check Details

Version: 1.4.3
Check: package dependencies
Result: ERROR
    Package required but not available: 'lme4'
    
    Packages suggested but not available for checking: 'VFP', 'STB'
    
    See section 'The DESCRIPTION file' in the 'Writing R Extensions'
    manual.
Flavor: r-devel-windows-x86_64-new-TK