CRAN Package Check Results for Package VDA

Last updated on 2015-07-30 03:48:42.

Flavor Version Tinstall Tcheck Ttotal Status Flags
r-devel-linux-x86_64-debian-clang 1.3 1.50 21.15 22.65 NOTE
r-devel-linux-x86_64-debian-gcc 1.3 1.45 20.20 21.65 NOTE
r-devel-linux-x86_64-fedora-clang 1.3 41.39 NOTE
r-devel-linux-x86_64-fedora-gcc 1.3 41.37 NOTE
r-devel-osx-x86_64-clang 1.3 36.55 NOTE
r-devel-windows-ix86+x86_64 1.3 10.00 55.00 65.00 NOTE
r-patched-linux-x86_64 1.3 1.60 21.09 22.69 NOTE
r-patched-solaris-sparc 1.3 321.50 NOTE
r-patched-solaris-x86 1.3 61.90 NOTE
r-release-linux-x86_64 1.3 1.55 20.22 21.77 NOTE
r-release-osx-x86_64-mavericks 1.3 NOTE
r-release-windows-ix86+x86_64 1.3 10.00 55.00 65.00 NOTE
r-oldrel-windows-ix86+x86_64 1.3 10.00 54.00 64.00 OK

Check Details

Version: 1.3
Check: DESCRIPTION meta-information
Result: NOTE
    Malformed Description field: should contain one or more complete sentences.
Flavors: r-devel-linux-x86_64-debian-clang, r-devel-linux-x86_64-debian-gcc, r-devel-linux-x86_64-fedora-clang, r-devel-linux-x86_64-fedora-gcc, r-devel-osx-x86_64-clang, r-devel-windows-ix86+x86_64, r-patched-linux-x86_64, r-patched-solaris-sparc, r-patched-solaris-x86, r-release-linux-x86_64, r-release-osx-x86_64-mavericks, r-release-windows-ix86+x86_64

Version: 1.3
Check: R code for possible problems
Result: NOTE
    cv.vda.le.default: no visible global function definition for ‘predict’
    cv.vda.r.default: no visible global function definition for ‘predict’
    Undefined global functions or variables:
     predict
    Consider adding
     importFrom("stats", "predict")
    to your NAMESPACE.
Flavors: r-devel-linux-x86_64-debian-clang, r-devel-linux-x86_64-debian-gcc, r-devel-linux-x86_64-fedora-clang, r-devel-linux-x86_64-fedora-gcc, r-devel-windows-ix86+x86_64