CRAN Package Check Results for Package VDA

Last updated on 2015-06-30 06:47:24.

Flavor Version Tinstall Tcheck Ttotal Status Flags
r-devel-linux-x86_64-debian-clang 1.3 1.48 20.60 22.07 NOTE
r-devel-linux-x86_64-debian-gcc 1.3 1.49 19.72 21.22 NOTE
r-devel-linux-x86_64-fedora-clang 1.3 41.45 NOTE
r-devel-linux-x86_64-fedora-gcc 1.3 39.36 NOTE
r-devel-osx-x86_64-clang 1.3 38.84 NOTE
r-devel-windows-ix86+x86_64 1.3 10.00 52.00 62.00 NOTE
r-patched-linux-x86_64 1.3 1.50 20.34 21.83 NOTE
r-patched-solaris-sparc 1.3 310.10 NOTE
r-patched-solaris-x86 1.3 62.20 NOTE
r-release-linux-x86_64 1.3 1.46 20.52 21.98 NOTE
r-release-osx-x86_64-mavericks 1.3 NOTE
r-release-windows-ix86+x86_64 1.3 10.00 49.00 59.00 NOTE
r-oldrel-windows-ix86+x86_64 1.3 10.00 53.00 63.00 OK

Check Details

Version: 1.3
Check: DESCRIPTION meta-information
Result: NOTE
    Malformed Description field: should contain one or more complete sentences.
Flavors: r-devel-linux-x86_64-debian-clang, r-devel-linux-x86_64-debian-gcc, r-devel-linux-x86_64-fedora-clang, r-devel-linux-x86_64-fedora-gcc, r-devel-osx-x86_64-clang, r-devel-windows-ix86+x86_64, r-patched-linux-x86_64, r-patched-solaris-sparc, r-patched-solaris-x86, r-release-linux-x86_64, r-release-osx-x86_64-mavericks, r-release-windows-ix86+x86_64

Version: 1.3
Check: R code for possible problems
Result: NOTE
    cv.vda.le.default: no visible global function definition for ‘predict’
    cv.vda.r.default: no visible global function definition for ‘predict’
Flavors: r-devel-linux-x86_64-debian-clang, r-devel-linux-x86_64-debian-gcc, r-devel-windows-ix86+x86_64