CRAN Package Check Results for Package VDA

Last updated on 2015-02-28 07:50:19.

Flavor Version Tinstall Tcheck Ttotal Status Flags
r-devel-linux-x86_64-debian-clang 1.3 1.48 21.51 22.99 NOTE
r-devel-linux-x86_64-debian-gcc 1.3 1.50 20.62 22.12 NOTE
r-devel-linux-x86_64-fedora-clang 1.3 42.94 NOTE
r-devel-linux-x86_64-fedora-gcc 1.3 37.90 NOTE
r-devel-osx-x86_64-clang 1.3 40.33 NOTE
r-devel-windows-ix86+x86_64 1.3 11.00 53.00 64.00 NOTE
r-patched-linux-x86_64 1.3 1.60 23.96 25.56 OK
r-patched-solaris-sparc 1.3 351.00 OK
r-patched-solaris-x86 1.3 67.70 OK
r-release-linux-ix86 1.3 2.24 35.00 37.24 OK
r-release-linux-x86_64 1.3 1.67 22.71 24.38 OK
r-release-osx-x86_64-mavericks 1.3 OK
r-release-osx-x86_64-snowleopard 1.3 OK
r-release-windows-ix86+x86_64 1.3 8.00 54.00 62.00 OK
r-oldrel-windows-ix86+x86_64 1.3 8.00 57.00 65.00 OK

Check Details

Version: 1.3
Check: DESCRIPTION meta-information
Result: NOTE
    Malformed Description field: should contain one or more complete sentences.
Flavors: r-devel-linux-x86_64-debian-clang, r-devel-linux-x86_64-debian-gcc, r-devel-linux-x86_64-fedora-clang, r-devel-linux-x86_64-fedora-gcc, r-devel-osx-x86_64-clang, r-devel-windows-ix86+x86_64