CRAN Package Check Results for Package VDA

Last updated on 2015-05-29 19:48:01.

Flavor Version Tinstall Tcheck Ttotal Status Flags
r-devel-linux-x86_64-debian-clang 1.3 1.47 20.80 22.27 NOTE
r-devel-linux-x86_64-debian-gcc 1.3 1.52 22.18 23.70 NOTE
r-devel-linux-x86_64-fedora-clang 1.3 44.29 NOTE
r-devel-linux-x86_64-fedora-gcc 1.3 40.62 NOTE
r-devel-osx-x86_64-clang 1.3 39.07 NOTE
r-devel-windows-ix86+x86_64 1.3 8.00 50.00 58.00 NOTE
r-patched-linux-x86_64 1.3 1.55 20.32 21.86 NOTE
r-patched-solaris-sparc 1.3 310.10 NOTE
r-patched-solaris-x86 1.3 62.30 NOTE
r-release-linux-x86_64 1.3 1.46 20.77 22.23 NOTE
r-release-osx-x86_64-mavericks 1.3 NOTE
r-release-osx-x86_64-snowleopard 1.3 ERROR
r-release-windows-ix86+x86_64 1.3 8.00 50.00 58.00 NOTE
r-oldrel-windows-ix86+x86_64 1.3 9.00 57.00 66.00 OK

Check Details

Version: 1.3
Check: DESCRIPTION meta-information
Result: NOTE
    Malformed Description field: should contain one or more complete sentences.
Flavors: r-devel-linux-x86_64-debian-clang, r-devel-linux-x86_64-debian-gcc, r-devel-linux-x86_64-fedora-clang, r-devel-linux-x86_64-fedora-gcc, r-devel-osx-x86_64-clang, r-devel-windows-ix86+x86_64, r-patched-linux-x86_64, r-patched-solaris-sparc, r-patched-solaris-x86, r-release-linux-x86_64, r-release-osx-x86_64-mavericks, r-release-osx-x86_64-snowleopard, r-release-windows-ix86+x86_64

Version: 1.3
Check: examples
Result: ERROR
    Running examples in ‘VDA-Ex.R’ failed
    The error most likely occurred in:
    
    > ### Name: cv.vda.le
    > ### Title: Choose the optimal pair of lambdas, lambda_1 and lambda_2
    > ### Aliases: cv.vda.le cv.vda.le.default
    >
    > ### ** Examples
    >
    > ### load zoo data
    > ### column 1 is name, columns 2:17 are features, column 18 is class
    > data(zoo)
    >
    > ### feature matrix
    > x <- zoo[,2:17]
    >
    > ### class vector
    > y <- zoo[,18]
    >
    > ### lambda vector
    > lam1 <- (1:5)/100
    > lam2 <- (1:5)/100
    >
    > ### Searching for the best pair, using both lasso and euclidean penalizations
    > cv <- cv.vda.le(x, y, kfold = 3, lam.vec.1 = exp(1:5)/10000, lam.vec.2 = (1:5)/100)
    > plot(cv)
    Fri Mar 20 21:06:22 hagal.research.att.com R[49999] <Error>: unknown error code: invalid pixel format
    Fri Mar 20 21:06:22 hagal.research.att.com R[49999] <Error>: kCGErrorFailure: Set a breakpoint @ CGErrorBreakpoint() to catch errors as they are logged.
    X Error of failed request: GLXBadContext
     Major opcode of failed request: 0 ()
     Serial number of failed request: 27
     Current serial number in output stream: 27
Flavor: r-release-osx-x86_64-snowleopard