CRAN Package Check Results for Package VDA

Last updated on 2014-04-25 09:52:26.

Flavor Version Tinstall Tcheck Ttotal Status Flags
r-devel-linux-x86_64-debian-clang 1.3 1.62 23.01 24.63 OK
r-devel-linux-x86_64-debian-gcc 1.3 1.66 22.64 24.30 OK
r-devel-linux-x86_64-fedora-clang 1.3 46.80 OK
r-devel-linux-x86_64-fedora-gcc 1.3 44.52 OK
r-devel-osx-x86_64-clang 1.3 40.40 OK
r-devel-osx-x86_64-gcc 1.3 OK
r-devel-windows-ix86+x86_64 1.3 6.00 53.00 59.00 OK
r-patched-linux-x86_64 1.3 1.61 22.44 24.05 OK
r-patched-solaris-sparc 1.3 332.80 OK
r-patched-solaris-x86 1.3 70.30 OK
r-release-linux-ix86 1.3 3.00 48.00 51.00 OK
r-release-linux-x86_64 1.3 1.66 23.38 25.04 OK
r-release-osx-x86_64-mavericks 1.3 WARN
r-release-osx-x86_64-snowleopard 1.3 OK
r-release-windows-ix86+x86_64 1.3 7.00 55.00 62.00 OK
r-oldrel-windows-ix86+x86_64 1.3 7.00 54.00 61.00 OK

Check Details

Version: 1.3
Check: PDF version of manual
Result: WARNING
    LaTeX errors when creating PDF version.
    This typically indicates Rd problems.
    LaTeX errors found:
    ! LaTeX Error: File `upquote.sty' not found.
    
    Type X to quit or <RETURN> to proceed,
    or enter new name. (Default extension: sty)
    
    312270cf/Rd2.tex:8: ==> Fatal error occurred, no output PDF file produced!
Flavor: r-release-osx-x86_64-mavericks