CRAN Package Check Results for Package VDA

Last updated on 2016-05-02 21:50:05.

Flavor Version Tinstall Tcheck Ttotal Status Flags
r-devel-linux-x86_64-debian-gcc 1.3 1.49 21.93 23.42 NOTE
r-devel-linux-x86_64-fedora-clang 1.3 39.52 NOTE
r-devel-linux-x86_64-fedora-gcc 1.3 36.85 NOTE
r-devel-osx-x86_64-clang 1.3 42.47 NOTE
r-devel-windows-ix86+x86_64 1.3 7.00 56.00 63.00 NOTE
r-patched-linux-x86_64 1.3 1.54 21.31 22.84 NOTE
r-patched-solaris-sparc 1.3 302.00 NOTE
r-patched-solaris-x86 1.3 57.30 NOTE
r-release-linux-x86_64 1.3 1.55 21.60 23.15 NOTE
r-release-osx-x86_64-mavericks 1.3 NOTE
r-release-windows-ix86+x86_64 1.3 8.00 60.00 68.00 NOTE
r-oldrel-windows-ix86+x86_64 1.3 13.00 79.00 92.00 OK

Check Details

Version: 1.3
Check: DESCRIPTION meta-information
Result: NOTE
    Malformed Description field: should contain one or more complete sentences.
Flavors: r-devel-linux-x86_64-debian-gcc, r-devel-linux-x86_64-fedora-clang, r-devel-linux-x86_64-fedora-gcc, r-devel-osx-x86_64-clang, r-devel-windows-ix86+x86_64, r-patched-linux-x86_64, r-patched-solaris-sparc, r-patched-solaris-x86, r-release-linux-x86_64, r-release-osx-x86_64-mavericks, r-release-windows-ix86+x86_64

Version: 1.3
Check: R code for possible problems
Result: NOTE
    cv.vda.le.default: no visible global function definition for ‘predict’
    cv.vda.r.default: no visible global function definition for ‘predict’
    Undefined global functions or variables:
     predict
    Consider adding
     importFrom("stats", "predict")
    to your NAMESPACE file.
Flavors: r-devel-linux-x86_64-debian-gcc, r-devel-linux-x86_64-fedora-clang, r-devel-linux-x86_64-fedora-gcc, r-devel-osx-x86_64-clang, r-devel-windows-ix86+x86_64, r-patched-linux-x86_64, r-patched-solaris-sparc, r-patched-solaris-x86