CRAN Package Check Results for Package VDA

Last updated on 2017-06-28 20:49:04.

Flavor Version Tinstall Tcheck Ttotal Status Flags
r-devel-linux-x86_64-debian-clang 1.3 1.99 29.38 31.38 NOTE
r-devel-linux-x86_64-debian-gcc 1.3 2.24 29.99 32.22 NOTE
r-devel-linux-x86_64-fedora-clang 1.3 54.44 NOTE
r-devel-linux-x86_64-fedora-gcc 1.3 52.70 NOTE
r-devel-windows-ix86+x86_64 1.3 10.00 89.00 99.00 NOTE
r-patched-linux-x86_64 1.3 2.04 29.28 31.32 NOTE
r-patched-solaris-sparc 1.3 368.20 NOTE
r-patched-solaris-x86 1.3 77.20 NOTE
r-release-linux-x86_64 1.3 2.04 29.50 31.54 NOTE
r-release-windows-ix86+x86_64 1.3 9.00 101.00 110.00 NOTE
r-release-osx-x86_64 1.3 NOTE
r-oldrel-windows-ix86+x86_64 1.3 11.00 94.00 105.00 NOTE
r-oldrel-osx-x86_64 1.3 WARN

Check Details

Version: 1.3
Check: DESCRIPTION meta-information
Result: NOTE
    Malformed Description field: should contain one or more complete sentences.
Flavors: r-devel-linux-x86_64-debian-clang, r-devel-linux-x86_64-debian-gcc, r-devel-linux-x86_64-fedora-clang, r-devel-linux-x86_64-fedora-gcc, r-devel-windows-ix86+x86_64, r-patched-linux-x86_64, r-patched-solaris-sparc, r-patched-solaris-x86, r-release-linux-x86_64, r-release-windows-ix86+x86_64, r-release-osx-x86_64, r-oldrel-windows-ix86+x86_64, r-oldrel-osx-x86_64

Version: 1.3
Check: R code for possible problems
Result: NOTE
    cv.vda.le.default: no visible global function definition for ‘predict’
    cv.vda.r.default: no visible global function definition for ‘predict’
    Undefined global functions or variables:
     predict
    Consider adding
     importFrom("stats", "predict")
    to your NAMESPACE file.
Flavors: r-devel-linux-x86_64-debian-clang, r-devel-linux-x86_64-debian-gcc, r-devel-linux-x86_64-fedora-clang, r-devel-linux-x86_64-fedora-gcc, r-devel-windows-ix86+x86_64, r-patched-linux-x86_64, r-patched-solaris-sparc, r-patched-solaris-x86, r-release-linux-x86_64, r-release-windows-ix86+x86_64, r-release-osx-x86_64, r-oldrel-windows-ix86+x86_64

Version: 1.3
Check: compiled code
Result: NOTE
    File ‘VDA/libs/VDA.so’:
     Found no calls to: ‘R_registerRoutines’, ‘R_useDynamicSymbols’
    
    It is good practice to register native routines and to disable symbol
    search.
    
    See ‘Writing portable packages’ in the ‘Writing R Extensions’ manual.
Flavors: r-devel-linux-x86_64-debian-clang, r-devel-linux-x86_64-debian-gcc, r-devel-linux-x86_64-fedora-clang, r-devel-linux-x86_64-fedora-gcc, r-patched-linux-x86_64, r-release-linux-x86_64

Version: 1.3
Check: whether package can be installed
Result: WARN
    Found the following significant warnings:
     Warning: 'rgl_init' failed, running with rgl.useNULL = TRUE
Flavor: r-oldrel-osx-x86_64

Version: 1.3
Check: dependencies in R code
Result: NOTE
    Invalid MIT-MAGIC-COOKIE-1 key
Flavor: r-oldrel-osx-x86_64

Version: 1.3
Check: S3 generic/method consistency
Result: WARN
    Invalid MIT-MAGIC-COOKIE-1 key
    See section ‘Generic functions and methods’ in the ‘Writing R
    Extensions’ manual.
Flavor: r-oldrel-osx-x86_64

Version: 1.3
Check: replacement functions
Result: WARN
    Invalid MIT-MAGIC-COOKIE-1 key
    The argument of a replacement function which corresponds to the right
    hand side must be named ‘value’.
Flavor: r-oldrel-osx-x86_64

Version: 1.3
Check: foreign function calls
Result: NOTE
    Invalid MIT-MAGIC-COOKIE-1 key
    See chapter ‘System and foreign language interfaces’ in the ‘Writing R
    Extensions’ manual.
Flavor: r-oldrel-osx-x86_64

Version: 1.3
Check: R code for possible problems
Result: NOTE
    Invalid MIT-MAGIC-COOKIE-1 keycv.vda.le.default: no visible global function definition for ‘predict’
    cv.vda.r.default: no visible global function definition for ‘predict’
    Undefined global functions or variables:
     predict
    Consider adding
     importFrom("stats", "predict")
    to your NAMESPACE file.
Flavor: r-oldrel-osx-x86_64

Version: 1.3
Check: for missing documentation entries
Result: WARN
    Invalid MIT-MAGIC-COOKIE-1 key
    All user-level objects in a package should have documentation entries.
    See chapter ‘Writing R documentation files’ in the ‘Writing R
    Extensions’ manual.
Flavor: r-oldrel-osx-x86_64

Version: 1.3
Check: for code/documentation mismatches
Result: WARN
    Invalid MIT-MAGIC-COOKIE-1 key
    Invalid MIT-MAGIC-COOKIE-1 key
    Invalid MIT-MAGIC-COOKIE-1 key
Flavor: r-oldrel-osx-x86_64

Version: 1.3
Check: Rd \usage sections
Result: NOTE
    Invalid MIT-MAGIC-COOKIE-1 key
    The \usage entries for S3 methods should use the \method markup and not
    their full name.
    See chapter ‘Writing R documentation files’ in the ‘Writing R
    Extensions’ manual.
Flavor: r-oldrel-osx-x86_64