CRAN Package Check Results for Package VDA

Last updated on 2015-03-30 03:49:28.

Flavor Version Tinstall Tcheck Ttotal Status Flags
r-devel-linux-x86_64-debian-clang 1.3 1.45 20.89 22.34 NOTE
r-devel-linux-x86_64-debian-gcc 1.3 1.61 20.93 22.54 NOTE
r-devel-linux-x86_64-fedora-clang 1.3 43.79 NOTE
r-devel-linux-x86_64-fedora-gcc 1.3 40.73 NOTE
r-devel-osx-x86_64-clang 1.3 43.91 NOTE
r-prerel-windows-ix86+x86_64 1.3 7.00 49.00 56.00 NOTE
r-prerel-linux-x86_64 1.3 1.54 20.89 22.44 NOTE
r-prerel-solaris-sparc 1.3 315.40 NOTE
r-prerel-solaris-x86 1.3 62.40 NOTE
r-release-linux-x86_64 1.3 1.74 22.60 24.34 OK
r-release-osx-x86_64-mavericks 1.3 OK
r-release-osx-x86_64-snowleopard 1.3 OK
r-release-windows-ix86+x86_64 1.3 8.00 53.00 61.00 OK
r-oldrel-windows-ix86+x86_64 1.3 8.00 87.00 95.00 OK

Check Details

Version: 1.3
Check: DESCRIPTION meta-information
Result: NOTE
    Malformed Description field: should contain one or more complete sentences.
Flavors: r-devel-linux-x86_64-debian-clang, r-devel-linux-x86_64-debian-gcc, r-devel-linux-x86_64-fedora-clang, r-devel-linux-x86_64-fedora-gcc, r-devel-osx-x86_64-clang, r-prerel-windows-ix86+x86_64, r-prerel-linux-x86_64, r-prerel-solaris-sparc, r-prerel-solaris-x86