CRAN Package Check Results for Package VGAM

Last updated on 2019-05-25 00:50:55 CEST.

Flavor Version Tinstall Tcheck Ttotal Status Flags
r-devel-linux-x86_64-debian-clang 1.1-1 86.64 516.92 603.56 OK
r-devel-linux-x86_64-debian-gcc 1.1-1 71.13 385.29 456.42 OK
r-devel-linux-x86_64-fedora-clang 1.1-1 689.23 NOTE
r-devel-linux-x86_64-fedora-gcc 1.1-1 673.82 OK
r-devel-windows-ix86+x86_64 1.1-1 175.00 917.00 1092.00 NOTE
r-patched-linux-x86_64 1.1-1 OK
r-patched-solaris-x86 1.1-1 897.70 NOTE
r-release-linux-x86_64 1.1-1 87.99 524.74 612.73 OK
r-release-windows-ix86+x86_64 1.1-1 193.00 738.00 931.00 NOTE
r-release-osx-x86_64 1.1-1 NOTE
r-oldrel-windows-ix86+x86_64 1.1-1 216.00 594.00 810.00 NOTE
r-oldrel-osx-x86_64 1.1-1 NOTE

Additional issues

LTO

Check Details

Version: 1.1-1
Check: installed package size
Result: NOTE
     installed size is 9.1Mb
     sub-directories of 1Mb or more:
     R 3.7Mb
     doc 1.2Mb
     help 2.8Mb
Flavors: r-devel-linux-x86_64-fedora-clang, r-devel-windows-ix86+x86_64, r-patched-solaris-x86, r-release-windows-ix86+x86_64, r-release-osx-x86_64, r-oldrel-windows-ix86+x86_64, r-oldrel-osx-x86_64