Last updated on 2023-02-01 06:56:29 CET.
Flavor | Version | Tinstall | Tcheck | Ttotal | Status | Flags |
---|---|---|---|---|---|---|
r-devel-linux-x86_64-debian-clang | 1.1-7 | 113.36 | 730.28 | 843.64 | OK | |
r-devel-linux-x86_64-debian-gcc | 1.1-7 | 84.77 | 521.47 | 606.24 | OK | |
r-devel-linux-x86_64-fedora-clang | 1.1-7 | 1027.09 | NOTE | |||
r-devel-linux-x86_64-fedora-gcc | 1.1-7 | 994.11 | OK | |||
r-devel-windows-x86_64 | 1.1-7 | 472.00 | 931.00 | 1403.00 | NOTE | |
r-patched-linux-x86_64 | 1.1-7 | 127.26 | 634.33 | 761.59 | OK | |
r-release-linux-x86_64 | 1.1-7 | 110.70 | 641.49 | 752.19 | OK | |
r-release-macos-arm64 | 1.1-7 | 182.00 | NOTE | |||
r-release-macos-x86_64 | 1.1-7 | 274.00 | NOTE | |||
r-release-windows-x86_64 | 1.1-7 | 475.00 | 900.00 | 1375.00 | NOTE | |
r-oldrel-macos-arm64 | 1.1-7 | 181.00 | NOTE | |||
r-oldrel-macos-x86_64 | 1.1-7 | 270.00 | NOTE | |||
r-oldrel-windows-ix86+x86_64 | 1.1-7 | 195.00 | 958.00 | 1153.00 | NOTE |
Version: 1.1-7
Check: installed package size
Result: NOTE
installed size is 7.8Mb
sub-directories of 1Mb or more:
R 4.1Mb
help 2.9Mb
Flavors: r-devel-linux-x86_64-fedora-clang, r-devel-windows-x86_64, r-release-macos-arm64, r-release-macos-x86_64, r-release-windows-x86_64, r-oldrel-macos-arm64, r-oldrel-macos-x86_64, r-oldrel-windows-ix86+x86_64
Version: 1.1-7
Check: Rd cross-references
Result: NOTE
Undeclared package ‘car’ in Rd xrefs
Flavor: r-devel-linux-x86_64-fedora-clang