CRAN Package Check Results for Package VGAM

Last updated on 2015-01-29 22:48:57.

Flavor Version Tinstall Tcheck Ttotal Status Flags
r-devel-linux-x86_64-debian-clang 0.9-6 19.25 225.78 245.03 NOTE
r-devel-linux-x86_64-debian-gcc 0.9-6 19.88 217.91 237.79 NOTE
r-devel-linux-x86_64-fedora-clang 0.9-6 500.11 NOTE
r-devel-linux-x86_64-fedora-gcc 0.9-6 450.18 NOTE
r-devel-osx-x86_64-clang 0.9-6 275.02 NOTE
r-devel-windows-ix86+x86_64 0.9-6 99.00 354.00 453.00 NOTE
r-patched-linux-x86_64 0.9-6 21.83 235.08 256.91 NOTE
r-patched-solaris-sparc 0.9-6 2696.70 NOTE --no-vignettes
r-patched-solaris-x86 0.9-6 587.10 NOTE
r-release-linux-ix86 0.9-6 26.02 258.87 284.89 NOTE
r-release-linux-x86_64 0.9-6 21.07 238.00 259.07 NOTE
r-release-osx-x86_64-mavericks 0.9-6 NOTE
r-release-osx-x86_64-snowleopard 0.9-6 NOTE
r-release-windows-ix86+x86_64 0.9-6 70.00 371.00 441.00 NOTE
r-oldrel-windows-ix86+x86_64 0.9-6 70.00 413.00 483.00 NOTE

Check Details

Version: 0.9-6
Check: installed package size
Result: NOTE
     installed size is 6.0Mb
     sub-directories of 1Mb or more:
     R 1.2Mb
     help 2.3Mb
     libs 1.2Mb
Flavors: r-devel-linux-x86_64-debian-clang, r-devel-linux-x86_64-debian-gcc, r-devel-linux-x86_64-fedora-clang, r-devel-linux-x86_64-fedora-gcc, r-devel-osx-x86_64-clang, r-devel-windows-ix86+x86_64, r-patched-linux-x86_64, r-patched-solaris-x86, r-release-linux-ix86, r-release-linux-x86_64, r-release-osx-x86_64-mavericks, r-release-osx-x86_64-snowleopard, r-release-windows-ix86+x86_64, r-oldrel-windows-ix86+x86_64

Version: 0.9-6
Check: S3 generic/method consistency
Result: NOTE
    Found the following apparent S3 methods exported but not registered:
     sm.scale.default summary.grc summary.qrrvglm summary.rrvgam
     summary.rrvglm persp.rrvgam plot.rrvgam plot.vgam anova.vgam
     anova.vglm biplot.qrrvglm biplot.rrvglm deviance.qrrvglm deviance.vlm
     family.name family.name.vglmff family.name.vlm logLik.qrrvglm
     logLik.vlm model.matrix.qrrvglm nobs.vlm predict.rrvgam
     predict.rrvglm predict.vgam predict.vlm simulate.vlm terms.vlm
     as.character.SurvS4
    See section ‘Registering S3 methods’ in the ‘Writing R Extensions’
    manual.
Flavors: r-devel-linux-x86_64-debian-clang, r-devel-linux-x86_64-debian-gcc, r-devel-linux-x86_64-fedora-clang, r-devel-linux-x86_64-fedora-gcc, r-devel-osx-x86_64-clang

Version: 0.9-6
Flags: --no-vignettes
Check: installed package size
Result: NOTE
     installed size is 5.5Mb
     sub-directories of 1Mb or more:
     R 1.4Mb
     help 2.3Mb
Flavor: r-patched-solaris-sparc

Version: 0.9-6
Check: re-building of vignette outputs
Result: NOTE
    Error in re-building vignettes:
     ...
     response should be nominal, not ordinal
    Warning in eval(expr, envir, enclos) :
     response should be nominal, not ordinal
    Error in texi2dvi(file = file, pdf = TRUE, clean = clean, quiet = quiet, :
     Running 'texi2dvi' on 'categoricalVGAM.tex' failed.
    LaTeX errors:
    ! LaTeX Error: Missing \begin{document}.
    
    See the LaTeX manual or LaTeX Companion for explanation.
    Type H <return> for immediate help.
     ...
    ! Missing $ inserted.
    <inserted text>
     $
    l.16 <b3><8c><d4>^^[f^^Y<a9>7<cc>2Ro<98>e<a4><de>0<cb><df>^
     <bd>L&#<a5><94>R<e2><d4>4M<9c>޺u<8b><88><f2><f9><bc>i<9a>D<e4>m<c3>^^G|<0b>^^_^^_<d5>F)<c5>ץ<94><dc><e7><a1>...
    ! Extra }, or forgotten $.
    l.16 ...)<c5>ץ<94><dc>硍<f9><94><ef>:J<c6>z<aa><a7>뺮<eb><99>Lfuu<f5><e3><8f>?<96>R...<9a><a6>y<ff><fe>}
     <d3>4<f3><f9><bc>a^^X<86>aH)<ef>޽<8b><96>R<ca><d7>^{<ed><a7><9f>...
    I've deleted a group-closing symbol because it seems to be
    spurious, as in `$x}$'. But perhaps the } is legitimate and
    ! Undefined control sequence.
    l.16 ...<ca><ef><bf><ff><fe><83>^^O><c8><e7><f3>?<fc><f0>Ç^^_~x<dc><e8>^^O<ce>M<be><
    Calls: buildVignettes -> texi2pdf -> texi2dvi
    Execution halted
Flavor: r-release-osx-x86_64-mavericks