CRAN Package Check Results for Package VGAM

Last updated on 2015-04-27 19:47:34.

Flavor Version Tinstall Tcheck Ttotal Status Flags
r-devel-linux-x86_64-debian-clang 0.9-7 20.38 204.09 224.47 NOTE
r-devel-linux-x86_64-debian-gcc 0.9-7 20.98 208.21 229.18 NOTE
r-devel-linux-x86_64-fedora-clang 0.9-7 435.58 OK
r-devel-linux-x86_64-fedora-gcc 0.9-7 395.53 OK
r-devel-osx-x86_64-clang 0.9-7 352.55 OK
r-devel-windows-ix86+x86_64 0.9-7 72.00 461.00 533.00 OK
r-patched-linux-x86_64 0.9-7 20.02 202.31 222.34 NOTE
r-patched-solaris-sparc 0.9-7 2637.40 OK --no-vignettes
r-patched-solaris-x86 0.9-7 491.70 OK
r-release-linux-x86_64 0.9-7 20.53 203.15 223.68 NOTE
r-release-osx-x86_64-mavericks 0.9-7 OK
r-release-osx-x86_64-snowleopard 0.9-7 NOTE
r-release-windows-ix86+x86_64 0.9-7 96.00 434.00 530.00 OK
r-oldrel-windows-ix86+x86_64 0.9-7 58.00 348.00 406.00 OK

Check Details

Version: 0.9-7
Check: installed package size
Result: NOTE
     installed size is 5.2Mb
     sub-directories of 1Mb or more:
     R 1.3Mb
     help 2.3Mb
     libs 1.2Mb
Flavors: r-devel-linux-x86_64-debian-clang, r-devel-linux-x86_64-debian-gcc, r-release-linux-x86_64

Version: 0.9-7
Check: Rd cross-references
Result: NOTE
    Package unavailable to check Rd xrefs: ‘lmtest’
Flavor: r-release-osx-x86_64-snowleopard