CRAN Package Check Results for Package VGAM

Last updated on 2017-09-21 18:47:41.

Flavor Version Tinstall Tcheck Ttotal Status Flags
r-devel-linux-x86_64-debian-clang 1.0-4 20.31 267.08 287.39 OK
r-devel-linux-x86_64-debian-gcc 1.0-4 21.28 262.12 283.40 OK
r-devel-linux-x86_64-fedora-clang 1.0-4 528.54 NOTE
r-devel-linux-x86_64-fedora-gcc 1.0-4 516.48 NOTE
r-devel-windows-ix86+x86_64 1.0-4 81.00 459.00 540.00 NOTE
r-patched-linux-x86_64 1.0-4 20.48 271.92 292.40 OK
r-patched-solaris-x86 1.0-4 609.20 NOTE
r-release-linux-x86_64 1.0-4 26.93 266.51 293.44 OK
r-release-windows-ix86+x86_64 1.0-4 77.00 523.00 600.00 NOTE
r-release-osx-x86_64 1.0-4 NOTE
r-oldrel-windows-ix86+x86_64 1.0-3 76.00 510.00 586.00 NOTE
r-oldrel-osx-x86_64 1.0-4 ERROR

Check Details

Version: 1.0-4
Check: installed package size
Result: NOTE
     installed size is 5.5Mb
     sub-directories of 1Mb or more:
     R 1.5Mb
     help 2.6Mb
Flavors: r-devel-linux-x86_64-fedora-clang, r-devel-linux-x86_64-fedora-gcc, r-devel-windows-ix86+x86_64, r-patched-solaris-x86, r-release-windows-ix86+x86_64, r-release-osx-x86_64

Version: 1.0-3
Check: installed package size
Result: NOTE
     installed size is 6.3Mb
     sub-directories of 1Mb or more:
     R 1.5Mb
     doc 1.2Mb
     help 2.6Mb
Flavor: r-oldrel-windows-ix86+x86_64

Version: 1.0-4
Check: whether package can be installed
Result: ERROR
    Installation failed.
Flavor: r-oldrel-osx-x86_64