CRAN Package Check Results for Package VGAM

Last updated on 2018-06-22 18:47:05 CEST.

Flavor Version Tinstall Tcheck Ttotal Status Flags
r-devel-linux-x86_64-debian-clang 1.0-5 72.89 481.64 554.53 OK
r-devel-linux-x86_64-debian-gcc 1.0-5 51.00 362.53 413.53 OK
r-devel-linux-x86_64-fedora-clang 1.0-5 671.70 NOTE
r-devel-linux-x86_64-fedora-gcc 1.0-5 642.90 OK
r-devel-windows-ix86+x86_64 1.0-5 200.00 731.00 931.00 NOTE
r-patched-linux-x86_64 1.0-5 75.61 479.03 554.64 OK
r-patched-solaris-x86 1.0-5 773.30 NOTE
r-release-linux-x86_64 1.0-5 75.80 475.22 551.02 OK
r-release-windows-ix86+x86_64 1.0-5 147.00 733.00 880.00 NOTE
r-release-osx-x86_64 1.0-5 NOTE
r-oldrel-windows-ix86+x86_64 1.0-5 134.00 560.00 694.00 NOTE
r-oldrel-osx-x86_64 1.0-5 NOTE

Check Details

Version: 1.0-5
Check: installed package size
Result: NOTE
     installed size is 8.7Mb
     sub-directories of 1Mb or more:
     R 3.4Mb
     doc 1.2Mb
     help 2.7Mb
Flavors: r-devel-linux-x86_64-fedora-clang, r-devel-windows-ix86+x86_64, r-patched-solaris-x86, r-release-windows-ix86+x86_64, r-release-osx-x86_64, r-oldrel-windows-ix86+x86_64, r-oldrel-osx-x86_64