CRAN Package Check Results for Package VGAM

Last updated on 2014-08-29 11:55:05.

Flavor Version Tinstall Tcheck Ttotal Status Flags
r-devel-linux-x86_64-debian-clang 0.9-4 19.52 200.01 219.53 NOTE
r-devel-linux-x86_64-debian-gcc 0.9-4 20.37 200.73 221.10 NOTE
r-devel-linux-x86_64-fedora-clang 0.9-4 476.10 NOTE
r-devel-linux-x86_64-fedora-gcc 0.9-4 441.17 NOTE
r-devel-osx-x86_64-clang 0.9-4 348.71 NOTE
r-devel-windows-ix86+x86_64 0.9-4 62.00 333.00 395.00 NOTE
r-patched-linux-x86_64 0.9-4 21.55 211.40 232.95 NOTE
r-patched-solaris-sparc 0.9-4 2661.80 NOTE --no-vignettes
r-patched-solaris-x86 0.9-4 529.70 NOTE
r-release-linux-ix86 0.9-4 26.72 242.35 269.08 OK
r-release-linux-x86_64 0.9-4 21.27 208.21 229.48 OK
r-release-osx-x86_64-mavericks 0.9-4 OK
r-release-osx-x86_64-snowleopard 0.9-4 OK
r-release-windows-ix86+x86_64 0.9-4 63.00 335.00 398.00 OK
r-oldrel-windows-ix86+x86_64 0.9-4 67.00 384.00 451.00 OK

Memtest notes: valgrind

Check Details

Version: 0.9-4
Check: dependencies in R code
Result: NOTE
    Package in Depends field not imported from: ‘splines’
     These packages need to be imported from (in the NAMESPACE file)
     for when this namespace is loaded but not attached.
    See the information on DESCRIPTION files in the chapter ‘Creating R
    packages’ of the ‘Writing R Extensions’ manual.
Flavors: r-devel-linux-x86_64-debian-clang, r-devel-linux-x86_64-debian-gcc, r-devel-linux-x86_64-fedora-clang, r-devel-linux-x86_64-fedora-gcc, r-devel-osx-x86_64-clang, r-devel-windows-ix86+x86_64, r-patched-linux-x86_64, r-patched-solaris-x86

Version: 0.9-4
Check: R code for possible problems
Result: NOTE
    sm.bs: no visible global function definition for ‘spline.des’
    sm.ns: no visible global function definition for ‘spline.des’
Flavors: r-devel-linux-x86_64-debian-clang, r-devel-linux-x86_64-debian-gcc, r-devel-linux-x86_64-fedora-clang, r-devel-linux-x86_64-fedora-gcc, r-devel-osx-x86_64-clang, r-devel-windows-ix86+x86_64

Version: 0.9-4
Flags: --no-vignettes
Check: dependencies in R code
Result: NOTE
    Package in Depends field not imported from: ‘splines’
     These packages need to be imported from (in the NAMESPACE file)
     for when this namespace is loaded but not attached.
    See the information on DESCRIPTION files in the chapter ‘Creating R
    packages’ of the ‘Writing R Extensions’ manual.
Flavor: r-patched-solaris-sparc