CRAN Package Check Results for Package VGAM

Last updated on 2019-03-25 17:51:06 CET.

Flavor Version Tinstall Tcheck Ttotal Status Flags
r-devel-linux-x86_64-debian-clang 1.1-1 91.43 507.05 598.48 OK
r-devel-linux-x86_64-debian-gcc 1.1-1 59.37 377.21 436.58 OK
r-devel-linux-x86_64-fedora-clang 1.1-1 724.61 NOTE
r-devel-linux-x86_64-fedora-gcc 1.1-1 664.91 OK
r-devel-windows-ix86+x86_64 1.1-1 208.00 730.00 938.00 NOTE
r-patched-linux-x86_64 1.1-1 79.13 483.13 562.26 OK
r-patched-solaris-x86 1.1-1 848.80 NOTE
r-release-linux-x86_64 1.1-1 78.57 475.02 553.59 OK
r-release-windows-ix86+x86_64 1.1-1 191.00 761.00 952.00 NOTE
r-release-osx-x86_64 1.1-1 NOTE
r-oldrel-windows-ix86+x86_64 1.1-1 79.00 711.00 790.00 NOTE
r-oldrel-osx-x86_64 1.1-1 NOTE

Check Details

Version: 1.1-1
Check: installed package size
Result: NOTE
     installed size is 9.1Mb
     sub-directories of 1Mb or more:
     R 3.7Mb
     doc 1.2Mb
     help 2.8Mb
Flavors: r-devel-linux-x86_64-fedora-clang, r-devel-windows-ix86+x86_64, r-patched-solaris-x86, r-release-windows-ix86+x86_64, r-release-osx-x86_64, r-oldrel-windows-ix86+x86_64, r-oldrel-osx-x86_64