CRAN Package Check Results for Package VGAM

Last updated on 2015-09-04 14:47:23.

Flavor Version Tinstall Tcheck Ttotal Status Flags
r-devel-linux-x86_64-debian-clang 0.9-8 19.30 238.07 257.37 NOTE
r-devel-linux-x86_64-debian-gcc 0.9-8 20.91 232.55 253.46 NOTE
r-devel-linux-x86_64-fedora-clang 0.9-8 478.86 NOTE
r-devel-linux-x86_64-fedora-gcc 0.9-8 456.02 NOTE
r-devel-osx-x86_64-clang 0.9-8 372.89 NOTE
r-devel-windows-ix86+x86_64 0.9-8 78.00 387.00 465.00 NOTE
r-patched-linux-x86_64 0.9-8 21.30 245.30 266.60 NOTE
r-patched-solaris-sparc 0.9-8 2747.10 NOTE --no-vignettes
r-patched-solaris-x86 0.9-8 570.20 NOTE
r-release-linux-x86_64 0.9-8 21.49 232.50 254.00 NOTE
r-release-osx-x86_64-mavericks 0.9-8 NOTE
r-release-windows-ix86+x86_64 0.9-8 96.00 551.00 647.00 NOTE
r-oldrel-windows-ix86+x86_64 0.9-8 99.00 590.00 689.00 NOTE

Check Details

Version: 0.9-8
Check: installed package size
Result: NOTE
     installed size is 6.7Mb
     sub-directories of 1Mb or more:
     R 1.3Mb
     doc 1.4Mb
     help 2.4Mb
     libs 1.3Mb
Flavors: r-devel-linux-x86_64-debian-clang, r-devel-linux-x86_64-debian-gcc, r-devel-linux-x86_64-fedora-clang, r-devel-linux-x86_64-fedora-gcc, r-devel-osx-x86_64-clang, r-devel-windows-ix86+x86_64, r-patched-linux-x86_64, r-patched-solaris-x86, r-release-linux-x86_64, r-release-osx-x86_64-mavericks, r-release-windows-ix86+x86_64, r-oldrel-windows-ix86+x86_64

Version: 0.9-8
Check: whether the namespace can be loaded with stated dependencies
Result: NOTE
    Warning: no function found corresponding to methods exports from ‘VGAM’ for: ‘show’
    
    A namespace must be able to be loaded with just the base namespace
    loaded: otherwise if the namespace gets loaded by a saved object, the
    session will be unable to start.
    
    Probably some imports need to be declared in the NAMESPACE file.
Flavors: r-devel-linux-x86_64-debian-clang, r-devel-linux-x86_64-debian-gcc, r-devel-linux-x86_64-fedora-clang, r-devel-linux-x86_64-fedora-gcc, r-devel-osx-x86_64-clang, r-devel-windows-ix86+x86_64, r-devel-windows-ix86+x86_64

Version: 0.9-8
Check: R code for possible problems
Result: NOTE
    .Init.Poisson.QO: no visible global function definition for ‘var’
    .Init.Poisson.QO: no visible binding for global variable ‘sd’
    A1A2A3: no visible global function definition for ‘new’
    AA.Aa.aa: no visible global function definition for ‘new’
    AB.Ab.aB.ab: no visible global function definition for ‘new’
    ABO: no visible global function definition for ‘new’
    AR1: no visible global function definition for ‘new’
    Coef.qrrvglm: no visible global function definition for ‘var’
    Coef.qrrvglm: no visible binding for global variable ‘sd’
    Coef.qrrvglm: no visible global function definition for ‘new’
    Coef.rrvgam: no visible global function definition for ‘slotNames’
    Coef.rrvgam: no visible global function definition for ‘optim’
    Coef.rrvgam: no visible global function definition for ‘new’
    Coef.rrvglm: no visible global function definition for ‘new’
    Confint.nb1: no visible global function definition for ‘as’
    Cut: no visible global function definition for ‘quantile’
    MNSs: no visible global function definition for ‘new’
    Max.Coef.qrrvglm: no visible global function definition for ‘slotNames’
    SURff: no visible global function definition for ‘new’
    Select: no visible global function definition for ‘as.formula’
    Tol.Coef.qrrvglm: no visible global function definition for ‘slotNames’
    acat: no visible global function definition for ‘new’
    acat.deriv: no visible global function definition for ‘as.formula’
    acat.deriv: no visible global function definition for ‘deriv3’
    alaplace1: no visible global function definition for ‘new’
    alaplace2: no visible global function definition for ‘new’
    alaplace3: no visible global function definition for ‘new’
    amlbinomial: no visible global function definition for ‘new’
    amlexponential: no visible global function definition for ‘new’
    amlnormal: no visible global function definition for ‘new’
    amlpoisson: no visible global function definition for ‘new’
    augbinomial: no visible global function definition for ‘new’
    augbinomial : <anonymous>: no visible global function definition for
     ‘dbinom’
    benini1: no visible global function definition for ‘new’
    betaII: no visible global function definition for ‘new’
    betaR: no visible global function definition for ‘new’
    betabinomial: no visible global function definition for ‘new’
    betabinomialff: no visible global function definition for ‘new’
    betaff: no visible global function definition for ‘new’
    betageometric: no visible global function definition for ‘new’
    betaprime: no visible global function definition for ‘new’
    better.exponential: no visible global function definition for ‘new’
    biamhcop: no visible global function definition for ‘new’
    biclaytoncop: no visible global function definition for ‘new’
    bifgmcop: no visible global function definition for ‘new’
    bifgmexp: no visible global function definition for ‘new’
    bifrankcop: no visible global function definition for ‘new’
    bigamma.mckay: no visible global function definition for ‘new’
    bigumbelIexp: no visible global function definition for ‘new’
    bilogistic: no visible global function definition for ‘new’
    binom2.Rho: no visible global function definition for ‘new’
    binom2.or: no visible global function definition for ‘new’
    binom2.rho: no visible global function definition for ‘new’
    binom2.rho.ss: no visible global function definition for ‘new’
    binomialff: no visible global function definition for ‘new’
    binomialff : <anonymous>: no visible global function definition for
     ‘model.response’
    binomialff : <anonymous>: no visible global function definition for
     ‘rbinom’
    binormal: no visible global function definition for ‘new’
    binormalcop: no visible global function definition for ‘new’
    biplackettcop: no visible global function definition for ‘new’
    bisa: no visible global function definition for ‘new’
    bistudentt: no visible global function definition for ‘new’
    borel.tanner: no visible global function definition for ‘new’
    brat: no visible global function definition for ‘new’
    bratt: no visible global function definition for ‘new’
    calibrate.qrrvglm: no visible global function definition for ‘slot’
    calibrate.qrrvglm: no visible global function definition for
     ‘flush.console’
    calibrate.qrrvglm: no visible global function definition for ‘optim’
    callcaoc: no visible global function definition for ‘flush.console’
    callcaoc: no visible global function definition for ‘var’
    callcaoc: no visible global function definition for ‘new’
    callcqoc: no visible global function definition for ‘var’
    callcqoc: no visible binding for global variable ‘sd’
    callcqoc: no visible global function definition for ‘flush.console’
    calldcaoc: no visible global function definition for ‘flush.console’
    calldcaoc: no visible global function definition for ‘new’
    calldcqo: no visible global function definition for ‘var’
    calldcqo: no visible binding for global variable ‘sd’
    calldcqo: no visible global function definition for ‘flush.console’
    cao: no visible binding for global variable ‘na.fail’
    cao: no visible global function definition for ‘model.response’
    cao: no visible global function definition for ‘model.offset’
    cao: no visible global function definition for ‘model.weights’
    cao: no visible global function definition for ‘flush.console’
    cao: no visible global function definition for ‘new’
    cao: no visible global function definition for ‘slot<-’
    cao.fit: no visible global function definition for ‘slot’
    cao.fit: no visible global function definition for ‘flush.console’
    cao.fit: no visible global function definition for ‘optim’
    cardioid: no visible global function definition for ‘new’
    cauchy: no visible global function definition for ‘new’
    cauchy1: no visible global function definition for ‘new’
    cdf.lms.bcg: no visible global function definition for ‘pgamma’
    cennormal: no visible global function definition for ‘new’
    cens.gumbel: no visible global function definition for ‘new’
    cens.normal: no visible global function definition for ‘new’
    cens.poisson: no visible global function definition for ‘new’
    cens.rayleigh: no visible global function definition for ‘new’
    chisq: no visible global function definition for ‘new’
    constraints.vlm: no visible global function definition for ‘slot’
    cqo: no visible binding for global variable ‘na.fail’
    cqo: no visible global function definition for ‘model.response’
    cqo: no visible global function definition for ‘model.offset’
    cqo: no visible global function definition for ‘model.weights’
    cqo: no visible global function definition for ‘new’
    cqo: no visible global function definition for ‘slot<-’
    cqo.fit: no visible global function definition for ‘slot’
    cratio: no visible global function definition for ‘new’
    cumulative: no visible global function definition for ‘new’
    dagum: no visible global function definition for ‘new’
    dbetabinom.ab: no visible global function definition for ‘dbinom’
    dbistudenttcop: no visible global function definition for ‘qt’
    dbistudenttcop: no visible global function definition for ‘dt’
    deplot.lms.bcg: no visible global function definition for ‘dgamma’
    deplot.lmscreg: no visible global function definition for ‘slot’
    dfbetavlm: no visible global function definition for ‘is’
    dfbetavlm: no visible global function definition for ‘flush.console’
    dirichlet: no visible global function definition for ‘new’
    dirmul.old: no visible global function definition for ‘new’
    dirmultinomial: no visible global function definition for ‘new’
    dlino: no visible global function definition for ‘dbeta’
    dnaka: no visible global function definition for ‘dgamma’
    double.cens.normal: no visible global function definition for ‘new’
    double.expbinomial: no visible global function definition for ‘new’
    double.exppoisson: no visible global function definition for ‘new’
    dpolono : <anonymous>: no visible global function definition for
     ‘integrate’
    dposbinom: no visible global function definition for ‘dbinom’
    dposgeom: no visible global function definition for ‘dgeom’
    dposnegbin: no visible global function definition for ‘dnbinom’
    dposnegbin: no visible global function definition for ‘pnbinom’
    dweibull3: no visible global function definition for ‘dweibull’
    dzibinom: no visible global function definition for ‘dbinom’
    dzigeom: no visible global function definition for ‘dgeom’
    dzinegbin: no visible global function definition for ‘dnbinom’
    egev: no visible global function definition for ‘new’
    egumbel: no visible global function definition for ‘new’
    erlang: no visible global function definition for ‘new’
    expexpff: no visible global function definition for ‘new’
    expexpff1: no visible global function definition for ‘new’
    expgeometric: no visible global function definition for ‘new’
    explogff: no visible global function definition for ‘new’
    exponential: no visible global function definition for ‘new’
    exponential.mo: no visible global function definition for ‘new’
    exppoisson: no visible global function definition for ‘new’
    felix: no visible global function definition for ‘new’
    fff: no visible global function definition for ‘new’
    fisk: no visible global function definition for ‘new’
    fittedvlm: no visible global function definition for ‘napredict’
    foldnormal: no visible global function definition for ‘new’
    formulavlm: no visible global function definition for ‘slotNames’
    frechet: no visible global function definition for ‘new’
    freund61: no visible global function definition for ‘new’
    gamma1: no visible global function definition for ‘new’
    gamma1 : <anonymous>: no visible global function definition for
     ‘dgamma’
    gamma2: no visible global function definition for ‘new’
    gammaR: no visible global function definition for ‘new’
    gammaff: no visible global function definition for ‘new’
    gammahyperbola: no visible global function definition for ‘new’
    garma: no visible global function definition for ‘new’
    gaussianff: no visible global function definition for ‘new’
    genbetaII: no visible global function definition for ‘new’
    gengamma.stacy: no visible global function definition for ‘new’
    genpoisson: no visible global function definition for ‘new’
    genrayleigh: no visible global function definition for ‘new’
    geometric: no visible global function definition for ‘new’
    get.rrvglm.se1: no visible global function definition for ‘as’
    get.rrvglm.se1: no visible global function definition for ‘as.formula’
    gev: no visible global function definition for ‘new’
    gompertz: no visible global function definition for ‘new’
    gpd: no visible global function definition for ‘new’
    grc: no visible global function definition for ‘is’
    grc: no visible global function definition for ‘as’
    grc: no visible global function definition for ‘as.formula’
    gumbel: no visible global function definition for ‘new’
    gumbelI: no visible global function definition for ‘new’
    gumbelII: no visible global function definition for ‘new’
    hatplot.vlm: no visible global function definition for ‘is’
    hatplot.vlm: no visible global function definition for ‘points’
    hatplot.vlm: no visible global function definition for ‘abline’
    headpreplotvgam: no visible global function definition for ‘as.formula’
    huber1: no visible global function definition for ‘new’
    huber2: no visible global function definition for ‘new’
    hyperg: no visible global function definition for ‘new’
    hypersecant: no visible global function definition for ‘new’
    hypersecant01: no visible global function definition for ‘new’
    hzeta: no visible global function definition for ‘new’
    inv.binomial: no visible global function definition for ‘new’
    inv.gaussianff: no visible global function definition for ‘new’
    inv.lomax: no visible global function definition for ‘new’
    inv.paralogistic: no visible global function definition for ‘new’
    inverse.gaussianff: no visible global function definition for ‘new’
    is.buggy.vlm: no visible global function definition for ‘is’
    is.smart: no visible global function definition for ‘slotNames’
    kumar: no visible global function definition for ‘new’
    laplace: no visible global function definition for ‘new’
    leipnik: no visible global function definition for ‘new’
    levy: no visible global function definition for ‘new’
    lgamma1: no visible global function definition for ‘new’
    lgamma3: no visible global function definition for ‘new’
    lindley: no visible global function definition for ‘new’
    linkfun.vglm: no visible global function definition for ‘slotNames’
    lino: no visible global function definition for ‘new’
    lms.bcg: no visible global function definition for ‘new’
    lms.bcn: no visible global function definition for ‘new’
    lms.yjn: no visible global function definition for ‘new’
    lms.yjn2: no visible global function definition for ‘new’
    logF: no visible global function definition for ‘new’
    logff: no visible global function definition for ‘new’
    logistic: no visible global function definition for ‘new’
    logistic1: no visible global function definition for ‘new’
    logitlaplace1: no visible global function definition for ‘new’
    loglaplace1: no visible global function definition for ‘new’
    loglaplace2: no visible global function definition for ‘new’
    loglinb2: no visible global function definition for ‘new’
    loglinb3: no visible global function definition for ‘new’
    lognormal: no visible global function definition for ‘new’
    lomax: no visible global function definition for ‘new’
    lqnorm: no visible global function definition for ‘new’
    lrtest_vglm : modelUpdate: no visible global function definition for
     ‘as.formula’
    lrtest_vglm: no visible global function definition for ‘new’
    lvplot.qrrvglm: no visible global function definition for ‘par’
    lvplot.qrrvglm: no visible global function definition for ‘slot’
    lvplot.qrrvglm: no visible global function definition for ‘matplot’
    lvplot.qrrvglm: no visible global function definition for ‘lines’
    lvplot.qrrvglm: no visible global function definition for ‘points’
    lvplot.qrrvglm: no visible global function definition for ‘text’
    lvplot.qrrvglm: no visible global function definition for ‘chull’
    lvplot.qrrvglm: no visible global function definition for ‘arrows’
    lvplot.rrvgam: no visible global function definition for ‘par’
    lvplot.rrvgam: no visible global function definition for ‘slotNames’
    lvplot.rrvgam: no visible global function definition for ‘slot’
    lvplot.rrvgam: no visible global function definition for ‘matplot’
    lvplot.rrvgam: no visible global function definition for ‘lines’
    lvplot.rrvgam: no visible global function definition for ‘points’
    lvplot.rrvgam: no visible global function definition for ‘rug’
    lvplot.rrvgam: no visible global function definition for ‘text’
    lvplot.rrvglm: no visible global function definition for ‘par’
    lvplot.rrvglm: no visible global function definition for ‘points’
    lvplot.rrvglm: no visible global function definition for ‘text’
    lvplot.rrvglm: no visible global function definition for ‘arrows’
    lvplot.rrvglm: no visible global function definition for ‘chull’
    lvplot.rrvglm: no visible global function definition for ‘lines’
    makeham: no visible global function definition for ‘new’
    margeff: no visible global function definition for ‘is’
    maxwell: no visible global function definition for ‘new’
    mccullagh89: no visible global function definition for ‘new’
    meplot.default: no visible global function definition for ‘matplot’
    micmen: no visible global function definition for ‘new’
    mix2exp: no visible global function definition for ‘new’
    mix2normal: no visible global function definition for ‘new’
    mix2poisson: no visible global function definition for ‘new’
    model.matrixvlm: no visible global function definition for ‘slot’
    model.matrixvlm: no visible global function definition for ‘slotNames’
    multinomial: no visible global function definition for ‘new’
    nakagami: no visible global function definition for ‘new’
    nefghs: no visible global function definition for ‘new’
    negbinomial: no visible global function definition for ‘new’
    negbinomial.size: no visible global function definition for ‘new’
    normal.vcm: no visible global function definition for ‘new’
    normal1: no visible global function definition for ‘new’
    ordpoisson: no visible global function definition for ‘new’
    paralogistic: no visible global function definition for ‘new’
    paretoII: no visible global function definition for ‘new’
    paretoIII: no visible global function definition for ‘new’
    paretoIV: no visible global function definition for ‘new’
    paretoff: no visible global function definition for ‘new’
    pbetanorm: no visible global function definition for ‘pbeta’
    perks: no visible global function definition for ‘new’
    persp.rrvgam: no visible global function definition for ‘par’
    persp.rrvgam: no visible global function definition for ‘slotNames’
    persp.rrvgam: no visible global function definition for ‘matplot’
    persp.rrvgam: no visible global function definition for ‘rug’
    persp.rrvgam: no visible global function definition for ‘lines’
    persp.rrvgam: no visible global function definition for ‘text’
    persp.rrvgam: no visible global function definition for ‘getS3method’
    perspqrrvglm: no visible global function definition for ‘par’
    perspqrrvglm: no visible global function definition for ‘matplot’
    perspqrrvglm: no visible global function definition for ‘lines’
    perspqrrvglm: no visible global function definition for ‘text’
    perspqrrvglm: no visible global function definition for ‘getS3method’
    pgamma.deriv.unscaled: no visible global function definition for
     ‘pgamma’
    pgengamma.stacy: no visible global function definition for ‘pgamma’
    plgamma: no visible global function definition for ‘pgamma’
    plino: no visible global function definition for ‘pbeta’
    plot.rrvgam: no visible global function definition for ‘par’
    plot.rrvgam: no visible global function definition for ‘slotNames’
    plot.rrvgam: no visible global function definition for ‘matplot’
    plot.rrvgam: no visible global function definition for ‘lines’
    plot.rrvgam: no visible global function definition for ‘rug’
    plot.vgam: no visible global function definition for ‘slotNames’
    plota21: no visible global function definition for ‘abline’
    plota21: no visible global function definition for ‘qchisq’
    plotdeplot.lmscreg: no visible global function definition for ‘par’
    plotdeplot.lmscreg: no visible global function definition for ‘matplot’
    plotdeplot.lmscreg: no visible global function definition for ‘lines’
    plotqrrvglm: no visible global function definition for ‘par’
    plotqtplot.lmscreg: no visible global function definition for ‘par’
    plotqtplot.lmscreg: no visible global function definition for ‘slot’
    plotqtplot.lmscreg: no visible global function definition for ‘matplot’
    plotqtplot.lmscreg: no visible global function definition for
     ‘matpoints’
    plotqtplot.lmscreg: no visible global function definition for ‘lines’
    plotqtplot.lmscreg: no visible global function definition for ‘spline’
    plotqtplot.lmscreg: no visible global function definition for ‘text’
    plotqvar: no visible global function definition for ‘par’
    plotqvar: no visible global function definition for ‘points’
    plotqvar: no visible global function definition for ‘segments’
    plotqvar: no visible global function definition for ‘arrows’
    plotqvar: no visible global function definition for ‘slotNames’
    plotrcim0: no visible global function definition for ‘par’
    plotrcim0: no visible global function definition for ‘axis’
    plotrcim0: no visible global function definition for ‘abline’
    plotvgam: no visible global function definition for ‘slotNames’
    plotvgam.control: no visible global function definition for ‘par’
    plotvsmooth.spline: no visible global function definition for ‘par’
    plotvsmooth.spline: no visible global function definition for ‘matplot’
    plotvsmooth.spline: no visible global function definition for ‘lines’
    pnaka: no visible global function definition for ‘pgamma’
    poisson.points: no visible global function definition for ‘new’
    poissonff: no visible global function definition for ‘new’
    polya: no visible global function definition for ‘new’
    polyaR: no visible global function definition for ‘new’
    posbernoulli.b: no visible global function definition for ‘new’
    posbernoulli.t: no visible global function definition for ‘new’
    posbernoulli.tb: no visible global function definition for ‘new’
    posbinomial: no visible global function definition for ‘new’
    posnegbinomial: no visible global function definition for ‘new’
    posnormal: no visible global function definition for ‘new’
    pospoisson: no visible global function definition for ‘new’
    pposbinom: no visible global function definition for ‘pbinom’
    pposbinom: no visible global function definition for ‘dbinom’
    pposgeom: no visible global function definition for ‘pgeom’
    pposgeom: no visible global function definition for ‘dgeom’
    pposnegbin: no visible global function definition for ‘pnbinom’
    pposnegbin: no visible global function definition for ‘dnbinom’
    predict.rrvgam: no visible global function definition for ‘napredict’
    predict.rrvgam: no visible global function definition for
     ‘delete.response’
    predict.rrvgam: no visible global function definition for ‘slotNames’
    predict.rrvglm: no visible global function definition for ‘napredict’
    predict.vgam: no visible global function definition for ‘napredict’
    predict.vlm: no visible global function definition for ‘napredict’
    predict.vlm: no visible global function definition for
     ‘delete.response’
    predict.vlm: no visible global function definition for ‘as’
    predictors.vglm: no visible global function definition for ‘napredict’
    predictqrrvglm: no visible global function definition for ‘napredict’
    predictqrrvglm: no visible global function definition for
     ‘delete.response’
    predictqrrvglm: no visible global function definition for ‘slotNames’
    predictvglm: no visible global function definition for ‘napredict’
    prentice74: no visible global function definition for ‘new’
    prplot: no visible global function definition for ‘slotNames’
    prplot: no visible global function definition for ‘matplot’
    prplot: no visible global function definition for ‘rug’
    prplot.control: no visible global function definition for ‘par’
    pslash: no visible global function definition for ‘integrate’
    ptikuv: no visible global function definition for ‘pgamma’
    ptpn: no visible global function definition for ‘pgamma’
    put.caption: no visible global function definition for ‘text’
    put.caption: no visible global function definition for ‘weighted.mean’
    put.caption: no visible global function definition for ‘par’
    pweibull3: no visible global function definition for ‘pweibull’
    pzibinom: no visible global function definition for ‘pbinom’
    pzigeom: no visible global function definition for ‘pgeom’
    pzinegbin: no visible global function definition for ‘pnbinom’
    qbetanorm: no visible global function definition for ‘qbeta’
    qcard: no visible global function definition for ‘runif’
    qeexp: no visible global function definition for ‘qf’
    qeunif: no visible global function definition for ‘qbeta’
    qfoldnorm: no visible global function definition for ‘uniroot’
    qgengamma.stacy: no visible global function definition for ‘qgamma’
    qlgamma: no visible global function definition for ‘qgamma’
    qlino: no visible global function definition for ‘qbeta’
    qmaxwell: no visible global function definition for ‘qgamma’
    qnaka: no visible global function definition for ‘uniroot’
    qnupdate: no visible global function definition for ‘flush.console’
    qposbinom: no visible global function definition for ‘qbinom’
    qposbinom: no visible global function definition for ‘pbinom’
    qposbinom: no visible global function definition for ‘dbinom’
    qposgeom: no visible global function definition for ‘qgeom’
    qposgeom: no visible global function definition for ‘pgeom’
    qposgeom: no visible global function definition for ‘dgeom’
    qposnegbin: no visible global function definition for ‘qnbinom’
    qposnegbin: no visible global function definition for ‘pnbinom’
    qposnegbin: no visible global function definition for ‘dnbinom’
    qrice: no visible global function definition for ‘qchisq’
    qtikuv: no visible global function definition for ‘uniroot’
    qtplot.egumbel: no visible global function definition for ‘par’
    qtplot.egumbel: no visible global function definition for ‘matplot’
    qtplot.egumbel: no visible global function definition for ‘matpoints’
    qtplot.egumbel: no visible global function definition for ‘lines’
    qtplot.egumbel: no visible global function definition for ‘spline’
    qtplot.egumbel: no visible global function definition for ‘text’
    qtplot.gumbel: no visible global function definition for ‘par’
    qtplot.gumbel: no visible global function definition for ‘matplot’
    qtplot.gumbel: no visible global function definition for ‘matpoints’
    qtplot.gumbel: no visible global function definition for ‘lines’
    qtplot.gumbel: no visible global function definition for ‘spline’
    qtplot.gumbel: no visible global function definition for ‘text’
    qtplot.lms.bcg: no visible global function definition for ‘qgamma’
    qtpn: no visible global function definition for ‘qgamma’
    qvplot: no visible global function definition for ‘par’
    qvplot: no visible global function definition for ‘points’
    qvplot: no visible global function definition for ‘segments’
    qvplot: no visible global function definition for ‘arrows’
    qvplot: no visible global function definition for ‘slotNames’
    qweibull3: no visible global function definition for ‘qweibull’
    qzibinom: no visible global function definition for ‘qbinom’
    qzigeom: no visible global function definition for ‘qgeom’
    qzinegbin: no visible global function definition for ‘qnbinom’
    ralap: no visible global function definition for ‘runif’
    rayleigh: no visible global function definition for ‘new’
    rbenf: no visible global function definition for ‘runif’
    rbenini: no visible global function definition for ‘runif’
    rbetabinom.ab: no visible global function definition for ‘rbinom’
    rbetabinom.ab: no visible global function definition for ‘rbeta’
    rbetageom: no visible global function definition for ‘rgeom’
    rbetageom: no visible global function definition for ‘rbeta’
    rbetanorm: no visible global function definition for ‘qbeta’
    rbetanorm: no visible global function definition for ‘runif’
    rbiamhcop: no visible global function definition for ‘runif’
    rbiclaytoncop: no visible global function definition for ‘runif’
    rbifgmcop: no visible global function definition for ‘runif’
    rbifrankcop: no visible global function definition for ‘runif’
    rbilogis: no visible global function definition for ‘rlogis’
    rbilogis: no visible global function definition for ‘runif’
    rbinom2.or: no visible global function definition for ‘runif’
    rbinom2.rho: no visible global function definition for ‘runif’
    rbiplackcop: no visible global function definition for ‘runif’
    rcard: no visible global function definition for ‘runif’
    rcim: no visible global function definition for ‘is’
    rcim: no visible global function definition for ‘as’
    rcim: no visible global function definition for ‘as.formula’
    rcqo: no visible global function definition for ‘head’
    rcqo: no visible global function definition for ‘var’
    rcqo: no visible global function definition for ‘sd’
    rcqo: no visible global function definition for ‘runif’
    rcqo: no visible global function definition for ‘rnbinom’
    rcqo: no visible global function definition for ‘rgamma’
    rcqo: no visible global function definition for ‘as.formula’
    rdagum: no visible global function definition for ‘runif’
    rdiric: no visible global function definition for ‘rgamma’
    rec.exp1: no visible global function definition for ‘new’
    rec.normal: no visible global function definition for ‘new’
    reexp: no visible global function definition for ‘runif’
    renorm: no visible global function definition for ‘runif’
    residualsqrrvglm: no visible global function definition for ‘napredict’
    residualsvglm: no visible global function definition for ‘napredict’
    residualsvlm: no visible global function definition for ‘napredict’
    reunif: no visible global function definition for ‘runif’
    rexpgeom: no visible global function definition for ‘runif’
    rexplog: no visible global function definition for ‘runif’
    rexppois: no visible global function definition for ‘runif’
    rfrechet: no visible global function definition for ‘runif’
    rgengamma.stacy: no visible global function definition for ‘rgamma’
    rgenray: no visible global function definition for ‘runif’
    rgev: no visible global function definition for ‘runif’
    rgompertz: no visible global function definition for ‘runif’
    rgpd: no visible global function definition for ‘runif’
    rgumbel: no visible global function definition for ‘runif’
    rgumbelII: no visible global function definition for ‘runif’
    rhuber: no visible global function definition for ‘runif’
    rhzeta: no visible global function definition for ‘runif’
    riceff: no visible global function definition for ‘new’
    rigff: no visible global function definition for ‘new’
    rinv.gaussian: no visible global function definition for ‘runif’
    rkumar: no visible global function definition for ‘runif’
    rlaplace: no visible global function definition for ‘runif’
    rlevy: no visible global function definition for ‘runif’
    rlgamma: no visible global function definition for ‘rgamma’
    rlind: no visible global function definition for ‘runif’
    rlind: no visible global function definition for ‘rgamma’
    rlino: no visible global function definition for ‘rbeta’
    rlog: no visible global function definition for ‘runif’
    rloglap: no visible global function definition for ‘runif’
    rlplot.egev: no visible global function definition for ‘par’
    rlplot.egev: no visible global function definition for ‘points’
    rlplot.egev: no visible global function definition for ‘lines’
    rlplot.gev: no visible global function definition for ‘par’
    rlplot.gev: no visible global function definition for ‘points’
    rlplot.gev: no visible global function definition for ‘lines’
    rmakeham: no visible global function definition for ‘runif’
    rmaxwell: no visible global function definition for ‘rgamma’
    rmoe: no visible global function definition for ‘runif’
    rnaka: no visible global function definition for ‘runif’
    rpareto: no visible global function definition for ‘runif’
    rparetoIV: no visible global function definition for ‘runif’
    rperks: no visible global function definition for ‘runif’
    rpolono: no visible global function definition for ‘rlnorm’
    rposbern: no visible global function definition for ‘runif’
    rposbern: no visible global function definition for ‘rbinom’
    rposbinom: no visible global function definition for ‘qbinom’
    rposbinom: no visible global function definition for ‘runif’
    rposbinom: no visible global function definition for ‘dbinom’
    rposgeom: no visible global function definition for ‘qgeom’
    rposgeom: no visible global function definition for ‘runif’
    rposgeom: no visible global function definition for ‘dgeom’
    rposnegbin: no visible global function definition for ‘qnbinom’
    rposnegbin: no visible global function definition for ‘runif’
    rposnegbin: no visible global function definition for ‘dnbinom’
    rposnorm: no visible global function definition for ‘runif’
    rpospois: no visible global function definition for ‘runif’
    rrar: no visible global function definition for ‘new’
    rrayleigh: no visible global function definition for ‘runif’
    rrr.derivC.ResSS: no visible global function definition for
     ‘flush.console’
    rrr.normalize: no visible global function definition for ‘var’
    rrvglm: no visible binding for global variable ‘na.fail’
    rrvglm: no visible global function definition for ‘.getXlevels’
    rrvglm: no visible global function definition for ‘model.response’
    rrvglm: no visible global function definition for ‘is.empty.model’
    rrvglm: no visible global function definition for ‘model.offset’
    rrvglm: no visible global function definition for ‘model.weights’
    rrvglm: no visible global function definition for ‘new’
    rrvglm: no visible global function definition for ‘slot<-’
    rrvglm.control: no visible global function definition for ‘head’
    rrvglm.fit: no visible global function definition for ‘slot’
    rrvglm.fit: no visible global function definition for ‘flush.console’
    rrvglm.fit: no visible global function definition for ‘runif’
    rrvglm.fit: no visible global function definition for ‘slotNames’
    rsc.t2: no visible global function definition for ‘runif’
    rsimplex: no visible global function definition for ‘runif’
    rsinmad: no visible global function definition for ‘runif’
    rslash: no visible global function definition for ‘runif’
    rtikuv: no visible global function definition for ‘runif’
    rtpn: no visible global function definition for ‘runif’
    rtriangle: no visible global function definition for ‘runif’
    rtruncpareto: no visible global function definition for ‘runif’
    rweibull3: no visible global function definition for ‘rweibull’
    ryules: no visible global function definition for ‘rgeom’
    rzabinom: no visible global function definition for ‘runif’
    rzageom: no visible global function definition for ‘runif’
    rzanegbin: no visible global function definition for ‘runif’
    rzapois: no visible global function definition for ‘runif’
    rzibinom: no visible global function definition for ‘rbinom’
    rzibinom: no visible global function definition for ‘runif’
    rzigeom: no visible global function definition for ‘rgeom’
    rzigeom: no visible global function definition for ‘runif’
    rzinegbin: no visible global function definition for ‘rnbinom’
    rzinegbin: no visible global function definition for ‘runif’
    rzipf: no visible global function definition for ‘runif’
    rzipois: no visible global function definition for ‘runif’
    s.vam: no visible global function definition for ‘flush.console’
    s.vam: no visible global function definition for ‘new’
    sc.studentt2: no visible global function definition for ‘new’
    seq2binomial: no visible global function definition for ‘new’
    shadowvgam: no visible binding for global variable ‘na.fail’
    shadowvgam: no visible global function definition for ‘.getXlevels’
    shadowvgam: no visible global function definition for ‘model.response’
    shadowvgam: no visible global function definition for ‘is.empty.model’
    shadowvglm: no visible binding for global variable ‘na.fail’
    shadowvglm: no visible global function definition for ‘.getXlevels’
    shadowvglm: no visible global function definition for ‘model.response’
    shadowvglm: no visible global function definition for ‘is.empty.model’
    show.Coef.qrrvglm: no visible binding for global variable ‘sd’
    show.summary.vgam: no visible binding for global variable ‘quantile’
    show.summary.vglm: no visible binding for global variable ‘quantile’
    show.summary.vglm: no visible global function definition for
     ‘printCoefmat’
    show.summary.vlm: no visible binding for global variable ‘quantile’
    simple.exponential: no visible global function definition for ‘new’
    simple.poisson: no visible global function definition for ‘new’
    simplex: no visible global function definition for ‘new’
    simulate.vlm: no visible global function definition for ‘runif’
    sinmad: no visible global function definition for ‘new’
    size.binomial: no visible global function definition for ‘new’
    skellam: no visible global function definition for ‘new’
    skewnormal: no visible global function definition for ‘new’
    skira: no visible global function definition for ‘new’
    slash: no visible global function definition for ‘new’
    sm.poly: no visible global function definition for ‘polym’
    sm.scale1: no visible global function definition for ‘var’
    sm.scale2: no visible global function definition for ‘var’
    sratio: no visible global function definition for ‘new’
    studentt: no visible global function definition for ‘new’
    studentt2: no visible global function definition for ‘new’
    studentt3: no visible global function definition for ‘new’
    subset.lohi: no visible global function definition for ‘quantile’
    subset.lohi: no visible global function definition for ‘median’
    subset.lohi: no visible global function definition for ‘weighted.mean’
    subsetcol: no visible global function definition for ‘as.formula’
    summary.qrrvglm: no visible global function definition for ‘as’
    summary.rrvgam: no visible global function definition for ‘as’
    summary.rrvglm: no visible global function definition for ‘as’
    summary.rrvglm: no visible global function definition for ‘new’
    summary.rrvglm: no visible global function definition for ‘slot<-’
    summaryvgam: no visible global function definition for ‘new’
    summaryvgam: no visible global function definition for ‘slot<-’
    summaryvglm: no visible global function definition for ‘new’
    summaryvglm: no visible global function definition for ‘slot<-’
    summaryvlm: no visible global function definition for ‘new’
    tikuv: no visible global function definition for ‘new’
    tobit: no visible global function definition for ‘new’
    tpnff: no visible global function definition for ‘new’
    tpnff3: no visible global function definition for ‘new’
    triangle: no visible global function definition for ‘new’
    trplot.qrrvglm: no visible global function definition for ‘par’
    trplot.qrrvglm: no visible global function definition for ‘matplot’
    trplot.qrrvglm: no visible global function definition for ‘text’
    truncgeometric: no visible global function definition for ‘new’
    truncpareto: no visible global function definition for ‘new’
    truncweibull: no visible global function definition for ‘new’
    uninormal: no visible global function definition for ‘new’
    update_default: no visible global function definition for ‘getCall’
    update_formula: no visible global function definition for
     ‘update.formula’
    update_formula: no visible global function definition for ‘as.formula’
    update_formula: no visible global function definition for
     ‘terms.formula’
    valid.vglmff: no visible global function definition for ‘slot’
    valt: no visible global function definition for ‘var’
    valt: no visible global function definition for ‘flush.console’
    vchol.greenstadt: no visible global function definition for ‘quantile’
    vcovqrrvglm: no visible global function definition for ‘new’
    vcovvlm: no visible global function definition for ‘slotNames’
    vgam: no visible binding for global variable ‘na.fail’
    vgam: no visible global function definition for ‘.getXlevels’
    vgam: no visible global function definition for ‘model.response’
    vgam: no visible global function definition for ‘is.empty.model’
    vgam: no visible global function definition for ‘model.offset’
    vgam: no visible global function definition for ‘model.weights’
    vgam: no visible global function definition for ‘slot’
    vgam: no visible global function definition for ‘new’
    vgam: no visible global function definition for ‘slot<-’
    vgam.control: no visible binding for global variable ‘na.fail’
    vgam.fit: no visible global function definition for ‘slot’
    vgam.fit: no visible global function definition for ‘flush.console’
    vgam.fit: no visible global function definition for ‘runif’
    vgam.fit: no visible global function definition for ‘slotNames’
    vglm: no visible binding for global variable ‘na.fail’
    vglm: no visible global function definition for ‘.getXlevels’
    vglm: no visible global function definition for ‘model.response’
    vglm: no visible global function definition for ‘is.empty.model’
    vglm: no visible global function definition for ‘model.offset’
    vglm: no visible global function definition for ‘model.weights’
    vglm: no visible global function definition for ‘slot’
    vglm: no visible global function definition for ‘new’
    vglm: no visible global function definition for ‘slot<-’
    vglm.control: no visible global function definition for ‘is’
    vglm.fit: no visible global function definition for ‘slot’
    vglm.fit: no visible global function definition for ‘flush.console’
    vglm.fit: no visible global function definition for ‘runif’
    vglm.fit: no visible global function definition for ‘slotNames’
    vlm: no visible binding for global variable ‘na.fail’
    vlm: no visible global function definition for ‘.getXlevels’
    vlm: no visible global function definition for ‘model.response’
    vlm: no visible global function definition for ‘is.empty.model’
    vlm: no visible global function definition for ‘model.offset’
    vlm: no visible global function definition for ‘model.weights’
    vlm: no visible global function definition for ‘new’
    vlm: no visible global function definition for ‘slot<-’
    vlm.wfit: no visible global function definition for ‘lm.fit’
    vmodel.matrix.default: no visible global function definition for
     ‘contrasts<-’
    vonmises: no visible global function definition for ‘new’
    vplot.numeric: no visible global function definition for ‘par’
    vplot.numeric: no visible global function definition for ‘matplot’
    vplot.numeric: no visible global function definition for ‘matlines’
    vplot.numeric: no visible global function definition for ‘points’
    vplot.numeric: no visible global function definition for ‘matpoints’
    vplot.numeric: no visible global function definition for ‘rug’
    vplot.numeric: no visible global function definition for ‘lines’
    vsmooth.spline: no visible global function definition for ‘time’
    vsmooth.spline: no visible global function definition for ‘new’
    vvplot.factor: no visible global function definition for ‘runif’
    vvplot.factor: no visible global function definition for ‘matplot’
    vvplot.factor: no visible global function definition for ‘mtext’
    vvplot.factor: no visible global function definition for ‘axis’
    vvplot.factor: no visible global function definition for ‘par’
    vvplot.factor: no visible global function definition for ‘segments’
    vvplot.factor: no visible global function definition for ‘points’
    vvplot.factor: no visible global function definition for ‘rug’
    vweighted.mean.default: no visible global function definition for
     ‘weighted.mean’
    waldff: no visible global function definition for ‘new’
    waldtest_default : modelUpdate: no visible global function definition
     for ‘as.formula’
    waldtest_default: no visible global function definition for ‘new’
    waldtest_formula: no visible global function definition for
     ‘as.formula’
    weibullR: no visible global function definition for ‘new’
    wweights: no visible global function definition for ‘slotNames’
    yip88: no visible global function definition for ‘new’
    yulesimon: no visible global function definition for ‘new’
    zabinomial: no visible global function definition for ‘new’
    zabinomialff: no visible global function definition for ‘new’
    zageometric: no visible global function definition for ‘new’
    zageometricff: no visible global function definition for ‘new’
    zanegbinomial: no visible global function definition for ‘new’
    zanegbinomialff: no visible global function definition for ‘new’
    zapoisson: no visible global function definition for ‘new’
    zapoissonff: no visible global function definition for ‘new’
    zetaff: no visible global function definition for ‘new’
    zibinomial: no visible global function definition for ‘new’
    zibinomialff: no visible global function definition for ‘new’
    zigeometric: no visible global function definition for ‘new’
    zigeometricff: no visible global function definition for ‘new’
    zinegbinomial: no visible global function definition for ‘new’
    zinegbinomialff: no visible global function definition for ‘new’
    zipebcom: no visible global function definition for ‘new’
    zipf: no visible global function definition for ‘new’
    zipoisson: no visible global function definition for ‘new’
    zipoissonff: no visible global function definition for ‘new’
    show,VGAManova: no visible global function definition for ‘getS3method’
    Undefined global functions or variables:
     .getXlevels abline arrows as as.formula axis chull contrasts<- dbeta
     dbinom delete.response deriv3 dgamma dgeom dnbinom dt dweibull
     flush.console getCall getS3method head integrate is is.empty.model
     lines lm.fit matlines matplot matpoints median model.offset
     model.response model.weights mtext na.fail napredict new optim par
     pbeta pbinom pgamma pgeom pnbinom points polym printCoefmat pweibull
     qbeta qbinom qchisq qf qgamma qgeom qnbinom qt quantile qweibull
     rbeta rbinom rgamma rgeom rlnorm rlogis rnbinom rug runif rweibull sd
     segments slot slot<- slotNames spline terms.formula text time uniroot
     update.formula var weighted.mean
    Consider adding
     importFrom("grDevices", "chull")
     importFrom("graphics", "abline", "arrows", "axis", "lines", "matlines",
     "matplot", "matpoints", "mtext", "par", "points", "rug",
     "segments", "text")
     importFrom("methods", "as", "is", "new", "slot", "slot<-", "slotNames")
     importFrom("stats", ".getXlevels", "as.formula", "contrasts<-",
     "dbeta", "dbinom", "delete.response", "deriv3", "dgamma",
     "dgeom", "dnbinom", "dt", "dweibull", "getCall",
     "integrate", "is.empty.model", "lm.fit", "median",
     "model.offset", "model.response", "model.weights",
     "na.fail", "napredict", "optim", "pbeta", "pbinom",
     "pgamma", "pgeom", "pnbinom", "polym", "printCoefmat",
     "pweibull", "qbeta", "qbinom", "qchisq", "qf", "qgamma",
     "qgeom", "qnbinom", "qt", "quantile", "qweibull", "rbeta",
     "rbinom", "rgamma", "rgeom", "rlnorm", "rlogis", "rnbinom",
     "runif", "rweibull", "sd", "spline", "terms.formula",
     "time", "uniroot", "update.formula", "var", "weighted.mean")
     importFrom("utils", "flush.console", "getS3method", "head")
    to your NAMESPACE (and ensure that your DESCRIPTION Imports field
    contains 'methods').
Flavors: r-devel-linux-x86_64-debian-clang, r-devel-linux-x86_64-debian-gcc, r-devel-linux-x86_64-fedora-clang, r-devel-linux-x86_64-fedora-gcc, r-devel-windows-ix86+x86_64

Version: 0.9-8
Flags: --no-vignettes
Check: installed package size
Result: NOTE
     installed size is 6.2Mb
     sub-directories of 1Mb or more:
     R 1.4Mb
     doc 1.5Mb
     help 2.4Mb
Flavor: r-patched-solaris-sparc