CRAN Package Check Results for Package VGAM

Last updated on 2016-08-28 13:50:38.

Flavor Version Tinstall Tcheck Ttotal Status Flags
r-devel-linux-x86_64-debian-clang 1.0-2 21.53 274.95 296.48 NOTE
r-devel-linux-x86_64-debian-gcc 1.0-2 21.97 269.36 291.33 NOTE
r-devel-linux-x86_64-fedora-clang 1.0-2 536.94 NOTE
r-devel-linux-x86_64-fedora-gcc 1.0-2 511.73 NOTE
r-devel-osx-x86_64-clang 1.0-2 420.78 NOTE
r-devel-windows-ix86+x86_64 1.0-2 126.00 625.00 751.00 NOTE
r-patched-linux-x86_64 1.0-2 20.01 270.17 290.18 NOTE
r-patched-solaris-sparc 1.0-2 3044.90 NOTE --no-vignettes
r-patched-solaris-x86 1.0-2 560.30 NOTE
r-release-linux-x86_64 1.0-2 22.77 271.75 294.52 NOTE
r-release-osx-x86_64-mavericks 1.0-2 NOTE
r-release-windows-ix86+x86_64 1.0-2 87.00 592.00 679.00 NOTE
r-oldrel-windows-ix86+x86_64 1.0-2 108.00 618.00 726.00 NOTE

Check Details

Version: 1.0-2
Check: installed package size
Result: NOTE
     installed size is 6.7Mb
     sub-directories of 1Mb or more:
     R 1.4Mb
     doc 1.2Mb
     help 2.5Mb
     libs 1.1Mb
Flavors: r-devel-linux-x86_64-debian-clang, r-devel-linux-x86_64-debian-gcc, r-devel-linux-x86_64-fedora-clang, r-devel-linux-x86_64-fedora-gcc, r-devel-osx-x86_64-clang, r-devel-windows-ix86+x86_64, r-patched-linux-x86_64, r-patched-solaris-x86, r-release-linux-x86_64, r-release-osx-x86_64-mavericks, r-release-windows-ix86+x86_64, r-oldrel-windows-ix86+x86_64

Version: 1.0-2
Flags: --no-vignettes
Check: installed package size
Result: NOTE
     installed size is 6.4Mb
     sub-directories of 1Mb or more:
     R 1.5Mb
     doc 1.3Mb
     help 2.6Mb
Flavor: r-patched-solaris-sparc

Version: 1.0-2
Check: re-building of vignette outputs
Result: NOTE
    Error in re-building vignettes:
     ...
     input string 348 is invalid in this locale
    Warning in grepl("(Rerun to get|biblatex.*\\(re\\)run)", readLines(log, :
     input string 359 is invalid in this locale
    Error in texi2dvi(file = file, pdf = TRUE, clean = clean, quiet = quiet, :
     Running 'texi2dvi' on 'categoricalVGAM.tex' failed.
    LaTeX errors:
    ! LaTeX Error: Missing \begin{document}.
    
    See the LaTeX manual or LaTeX Companion for explanation.
    Type H <return> for immediate help.
     ...
    ! Missing $ inserted.
    <inserted text>
     $
    l.16 <b3><8c><d4>^^[f^^Y<a9>7<cc>2Ro<98>e<a4><de>0<cb><df>^
     <bd>L&#<a5><94>R<e2><d4>4M<9c>޺u<8b><88><f2><f9><bc>i<9a>D<e4>m<c3>^^G|<0b>^^_^^_<d5>F)<c5>ץ<94><dc><e7><a1>...
    ! Extra }, or forgotten $.
    l.16 ...)<c5>ץ<94><dc>硍<f9><94><ef>:J<c6>z<aa><a7>뺮<eb><99>Lfuu<f5><e3><8f>?<96>R...<9a><a6>y<ff><fe>}
     <d3>4<f3><f9><bc>a^^X<86>aH)<ef>޽<8b><96>R<ca><d7>^{<ed><a7><9f>...
    I've deleted a group-closing symbol because it seems to be
    spurious, as in `$x}$'. But perhaps the } is legitimate and
    ! Undefined control sequence.
    l.16 ...<ca><ef><bf><ff><fe><83>^^O><c8><e7><f3>?<fc><f0>Ç^^_~x<dc><e8>^^O<ce>M<be><
    Calls: buildVignettes -> texi2pdf -> texi2dvi
    Execution halted
Flavor: r-release-osx-x86_64-mavericks