CRAN Package Check Results for Package VGAM

Last updated on 2015-05-30 19:47:37.

Flavor Version Tinstall Tcheck Ttotal Status Flags
r-devel-linux-x86_64-debian-clang 0.9-8 19.57 241.60 261.16 NOTE
r-devel-linux-x86_64-debian-gcc 0.9-8 20.55 230.79 251.34 NOTE
r-devel-linux-x86_64-fedora-clang 0.9-8 514.33 NOTE
r-devel-linux-x86_64-fedora-gcc 0.9-8 462.07 NOTE
r-devel-osx-x86_64-clang 0.9-8 427.70 NOTE
r-devel-windows-ix86+x86_64 0.9-8 74.00 389.00 463.00 NOTE
r-patched-linux-x86_64 0.9-8 21.41 232.49 253.90 NOTE
r-patched-solaris-sparc 0.9-8 2704.60 NOTE --no-vignettes
r-patched-solaris-x86 0.9-8 570.80 NOTE
r-release-linux-x86_64 0.9-8 20.68 234.85 255.53 NOTE
r-release-osx-x86_64-mavericks 0.9-8 NOTE
r-release-osx-x86_64-snowleopard 0.9-8 NOTE
r-release-windows-ix86+x86_64 0.9-8 73.00 373.00 446.00 NOTE
r-oldrel-windows-ix86+x86_64 0.9-8 67.00 403.00 470.00 NOTE

Check Details

Version: 0.9-8
Check: installed package size
Result: NOTE
     installed size is 6.6Mb
     sub-directories of 1Mb or more:
     R 1.3Mb
     doc 1.4Mb
     help 2.4Mb
     libs 1.2Mb
Flavors: r-devel-linux-x86_64-debian-clang, r-devel-linux-x86_64-debian-gcc, r-devel-linux-x86_64-fedora-clang, r-devel-linux-x86_64-fedora-gcc, r-devel-osx-x86_64-clang, r-devel-windows-ix86+x86_64, r-patched-linux-x86_64, r-patched-solaris-x86, r-release-linux-x86_64, r-release-osx-x86_64-mavericks, r-release-osx-x86_64-snowleopard, r-release-windows-ix86+x86_64, r-oldrel-windows-ix86+x86_64

Version: 0.9-8
Flags: --no-vignettes
Check: installed package size
Result: NOTE
     installed size is 6.2Mb
     sub-directories of 1Mb or more:
     R 1.4Mb
     doc 1.5Mb
     help 2.4Mb
Flavor: r-patched-solaris-sparc