CRAN Package Check Results for Package VGAM

Last updated on 2017-11-24 09:48:29 CET.

Flavor Version Tinstall Tcheck Ttotal Status Flags
r-devel-linux-x86_64-debian-clang 1.0-4 19.56 435.17 454.74 OK
r-devel-linux-x86_64-debian-gcc 1.0-4 25.71 522.91 548.62 OK
r-devel-linux-x86_64-fedora-clang 1.0-4 497.20 NOTE
r-devel-linux-x86_64-fedora-gcc 1.0-4 485.57 NOTE
r-devel-windows-ix86+x86_64 1.0-4 84.00 645.00 729.00 NOTE
r-patched-linux-x86_64 1.0-4 26.57 627.64 654.21 OK
r-patched-solaris-x86 1.0-4 601.40 NOTE
r-release-linux-x86_64 1.0-4 27.66 613.38 641.05 OK
r-release-windows-ix86+x86_64 1.0-4 89.00 446.00 535.00 NOTE
r-release-osx-x86_64 1.0-4 NOTE
r-oldrel-windows-ix86+x86_64 1.0-3 76.00 510.00 586.00 NOTE
r-oldrel-osx-x86_64 1.0-4 ERROR

Check Details

Version: 1.0-4
Check: installed package size
Result: NOTE
     installed size is 5.5Mb
     sub-directories of 1Mb or more:
     R 1.5Mb
     help 2.6Mb
Flavors: r-devel-linux-x86_64-fedora-clang, r-devel-linux-x86_64-fedora-gcc, r-devel-windows-ix86+x86_64, r-patched-solaris-x86, r-release-windows-ix86+x86_64, r-release-osx-x86_64

Version: 1.0-3
Check: installed package size
Result: NOTE
     installed size is 6.3Mb
     sub-directories of 1Mb or more:
     R 1.5Mb
     doc 1.2Mb
     help 2.6Mb
Flavor: r-oldrel-windows-ix86+x86_64

Version: 1.0-4
Check: whether package can be installed
Result: ERROR
    Installation failed.
Flavor: r-oldrel-osx-x86_64