CRAN Package Check Results for Package VGAM

Last updated on 2019-08-20 22:47:30 CEST.

Flavor Version Tinstall Tcheck Ttotal Status Flags
r-devel-linux-x86_64-debian-clang 1.1-1 89.50 515.61 605.11 OK
r-devel-linux-x86_64-debian-gcc 1.1-1 68.57 386.73 455.30 OK
r-devel-linux-x86_64-fedora-clang 1.1-1 698.30 NOTE
r-devel-linux-x86_64-fedora-gcc 1.1-1 688.84 OK
r-devel-windows-ix86+x86_64 1.1-1 206.00 908.00 1114.00 NOTE
r-patched-linux-x86_64 1.1-1 86.01 518.86 604.87 OK
r-patched-solaris-x86 1.1-1 909.60 NOTE
r-release-linux-x86_64 1.1-1 85.28 516.93 602.21 OK
r-release-windows-ix86+x86_64 1.1-1 149.00 654.00 803.00 NOTE
r-release-osx-x86_64 1.1-1 NOTE
r-oldrel-windows-ix86+x86_64 1.1-1 243.00 761.00 1004.00 NOTE
r-oldrel-osx-x86_64 1.1-1 NOTE

Additional issues

LTO

Check Details

Version: 1.1-1
Check: installed package size
Result: NOTE
     installed size is 9.2Mb
     sub-directories of 1Mb or more:
     R 3.7Mb
     doc 1.2Mb
     help 2.8Mb
Flavors: r-devel-linux-x86_64-fedora-clang, r-devel-windows-ix86+x86_64, r-patched-solaris-x86, r-release-windows-ix86+x86_64, r-release-osx-x86_64, r-oldrel-windows-ix86+x86_64, r-oldrel-osx-x86_64