CRAN Package Check Results for Package VGAM

Last updated on 2018-04-26 01:47:28 CEST.

Flavor Version Tinstall Tcheck Ttotal Status Flags
r-devel-linux-x86_64-debian-clang 1.0-5 92.15 425.16 517.31 OK
r-devel-linux-x86_64-debian-gcc 1.0-5 55.80 356.32 412.12 OK
r-devel-linux-x86_64-fedora-clang 1.0-5 680.16 NOTE
r-devel-linux-x86_64-fedora-gcc 1.0-5 659.76 NOTE
r-devel-windows-ix86+x86_64 1.0-5 197.00 565.00 762.00 NOTE
r-patched-linux-x86_64 1.0-5 90.18 468.52 558.70 OK
r-patched-solaris-x86 1.0-5 799.80 NOTE
r-release-linux-x86_64 1.0-5 82.97 487.80 570.77 OK
r-release-windows-ix86+x86_64 1.0-5 197.00 565.00 762.00 NOTE
r-release-osx-x86_64 1.0-5 NOTE
r-oldrel-windows-ix86+x86_64 1.0-5 114.00 658.00 772.00 NOTE
r-oldrel-osx-x86_64 1.0-5 NOTE

Check Details

Version: 1.0-5
Check: installed package size
Result: NOTE
     installed size is 8.7Mb
     sub-directories of 1Mb or more:
     R 3.4Mb
     doc 1.2Mb
     help 2.7Mb
Flavors: r-devel-linux-x86_64-fedora-clang, r-devel-linux-x86_64-fedora-gcc, r-devel-windows-ix86+x86_64, r-patched-solaris-x86, r-release-windows-ix86+x86_64, r-release-osx-x86_64, r-oldrel-windows-ix86+x86_64, r-oldrel-osx-x86_64