CRAN Package Check Results for Package VGAM

Last updated on 2022-09-30 07:51:32 CEST.

Flavor Version Tinstall Tcheck Ttotal Status Flags
r-devel-linux-x86_64-debian-clang 1.1-7 113.27 709.15 822.42 OK
r-devel-linux-x86_64-debian-gcc 1.1-7 78.67 506.37 585.04 OK
r-devel-linux-x86_64-fedora-clang 1.1-7 1027.18 NOTE
r-devel-linux-x86_64-fedora-gcc 1.1-7 996.17 OK
r-devel-windows-x86_64 1.1-7 328.00 908.00 1236.00 NOTE
r-patched-linux-x86_64 1.1-7 125.46 645.06 770.52 OK
r-release-linux-x86_64 1.1-7 101.10 645.43 746.53 OK
r-release-macos-arm64 1.1-7 182.00 NOTE
r-release-macos-x86_64 1.1-7 274.00 NOTE
r-release-windows-x86_64 1.1-7 398.00 646.00 1044.00 NOTE
r-oldrel-macos-arm64 1.1-7 181.00 NOTE
r-oldrel-macos-x86_64 1.1-7 270.00 NOTE
r-oldrel-windows-ix86+x86_64 1.1-7 199.00 914.00 1113.00 NOTE

Check Details

Version: 1.1-7
Check: installed package size
Result: NOTE
     installed size is 7.8Mb
     sub-directories of 1Mb or more:
     R 4.1Mb
     help 2.9Mb
Flavors: r-devel-linux-x86_64-fedora-clang, r-devel-windows-x86_64, r-release-macos-arm64, r-release-macos-x86_64, r-release-windows-x86_64, r-oldrel-macos-arm64, r-oldrel-macos-x86_64, r-oldrel-windows-ix86+x86_64

Version: 1.1-7
Check: Rd cross-references
Result: NOTE
    Undeclared package ‘car’ in Rd xrefs
Flavor: r-devel-linux-x86_64-fedora-clang