CRAN Package Check Results for Package VGAM

Last updated on 2014-09-30 17:48:40.

Flavor Version Tinstall Tcheck Ttotal Status Flags
r-devel-linux-x86_64-debian-clang 0.9-4 19.38 198.97 218.35 NOTE
r-devel-linux-x86_64-debian-gcc 0.9-4 20.89 194.24 215.13 NOTE
r-devel-linux-x86_64-fedora-clang 0.9-4 459.27 NOTE
r-devel-linux-x86_64-fedora-gcc 0.9-4 425.69 NOTE
r-devel-osx-x86_64-clang 0.9-4 333.50 NOTE
r-devel-windows-ix86+x86_64 0.9-4 60.00 292.00 352.00 NOTE
r-patched-linux-x86_64 0.9-4 22.39 211.78 234.17 NOTE
r-patched-solaris-sparc 0.9-4 2661.80 NOTE --no-vignettes
r-patched-solaris-x86 0.9-4 536.40 NOTE
r-release-linux-ix86 0.9-4 26.87 243.73 270.60 OK
r-release-linux-x86_64 0.9-4 21.08 214.26 235.34 OK
r-release-osx-x86_64-mavericks 0.9-4 OK
r-release-osx-x86_64-snowleopard 0.9-4 OK
r-release-windows-ix86+x86_64 0.9-4 52.00 341.00 393.00 OK
r-oldrel-windows-ix86+x86_64 0.9-4 55.00 393.00 448.00 OK

Memtest notes: valgrind

Check Details

Version: 0.9-4
Check: installed package size
Result: NOTE
     installed size is 5.1Mb
     sub-directories of 1Mb or more:
     R 1.2Mb
     help 2.3Mb
     libs 1.2Mb
Flavor: r-devel-linux-x86_64-debian-clang

Version: 0.9-4
Check: dependencies in R code
Result: NOTE
    Package in Depends field not imported from: ‘splines’
     These packages need to be imported from (in the NAMESPACE file)
     for when this namespace is loaded but not attached.
    See the information on DESCRIPTION files in the chapter ‘Creating R
    packages’ of the ‘Writing R Extensions’ manual.
Flavors: r-devel-linux-x86_64-debian-clang, r-devel-linux-x86_64-debian-gcc, r-devel-linux-x86_64-fedora-clang, r-devel-linux-x86_64-fedora-gcc, r-devel-osx-x86_64-clang, r-devel-windows-ix86+x86_64, r-patched-linux-x86_64, r-patched-solaris-x86

Version: 0.9-4
Check: R code for possible problems
Result: NOTE
    sm.bs: no visible global function definition for ‘spline.des’
    sm.ns: no visible global function definition for ‘spline.des’
Flavors: r-devel-linux-x86_64-debian-clang, r-devel-linux-x86_64-debian-gcc, r-devel-linux-x86_64-fedora-clang, r-devel-linux-x86_64-fedora-gcc, r-devel-osx-x86_64-clang, r-devel-windows-ix86+x86_64

Version: 0.9-4
Flags: --no-vignettes
Check: dependencies in R code
Result: NOTE
    Package in Depends field not imported from: ‘splines’
     These packages need to be imported from (in the NAMESPACE file)
     for when this namespace is loaded but not attached.
    See the information on DESCRIPTION files in the chapter ‘Creating R
    packages’ of the ‘Writing R Extensions’ manual.
Flavor: r-patched-solaris-sparc