CRAN Package Check Results for Package VGAM

Last updated on 2018-02-20 19:48:44 CET.

Flavor Version Tinstall Tcheck Ttotal Status Flags
r-devel-linux-x86_64-debian-clang 1.0-5 87.78 483.94 571.72 OK
r-devel-linux-x86_64-debian-gcc 1.0-5 54.15 354.88 409.03 OK
r-devel-linux-x86_64-fedora-clang 1.0-5 675.76 NOTE
r-devel-linux-x86_64-fedora-gcc 1.0-5 654.30 NOTE
r-devel-windows-ix86+x86_64 1.0-5 156.00 535.00 691.00 NOTE
r-patched-linux-x86_64 1.0-5 29.23 533.57 562.80 OK
r-patched-solaris-x86 1.0-5 727.30 NOTE
r-release-linux-x86_64 1.0-5 28.36 549.15 577.51 OK
r-release-windows-ix86+x86_64 1.0-5 73.00 768.00 841.00 NOTE
r-release-osx-x86_64 1.0-5 NOTE
r-oldrel-windows-ix86+x86_64 1.0-3 76.00 510.00 586.00 NOTE
r-oldrel-osx-x86_64 1.0-4 ERROR

Check Details

Version: 1.0-5
Check: installed package size
Result: NOTE
     installed size is 8.7Mb
     sub-directories of 1Mb or more:
     R 3.4Mb
     doc 1.2Mb
     help 2.7Mb
Flavors: r-devel-linux-x86_64-fedora-clang, r-devel-linux-x86_64-fedora-gcc, r-devel-windows-ix86+x86_64, r-patched-solaris-x86, r-release-windows-ix86+x86_64, r-release-osx-x86_64

Version: 1.0-3
Check: installed package size
Result: NOTE
     installed size is 6.3Mb
     sub-directories of 1Mb or more:
     R 1.5Mb
     doc 1.2Mb
     help 2.6Mb
Flavor: r-oldrel-windows-ix86+x86_64

Version: 1.0-4
Check: whether package can be installed
Result: ERROR
    Installation failed.
Flavor: r-oldrel-osx-x86_64