CRAN Package Check Results for Package VGAM

Last updated on 2015-11-25 23:47:56.

Flavor Version Tinstall Tcheck Ttotal Status Flags
r-devel-linux-x86_64-debian-gcc 1.0-0 21.06 232.19 253.24 NOTE
r-devel-linux-x86_64-fedora-clang 1.0-0 482.47 NOTE
r-devel-linux-x86_64-fedora-gcc 1.0-0 453.45 NOTE
r-devel-osx-x86_64-clang 1.0-0 523.86 NOTE
r-devel-windows-ix86+x86_64 1.0-0 100.00 426.00 526.00 NOTE
r-patched-linux-x86_64 1.0-0 20.88 233.79 254.67 NOTE
r-patched-solaris-sparc 1.0-0 2727.60 NOTE --no-vignettes
r-patched-solaris-x86 1.0-0 541.30 NOTE
r-release-linux-x86_64 1.0-0 22.06 234.06 256.12 NOTE
r-release-osx-x86_64-mavericks 1.0-0 WARN
r-release-windows-ix86+x86_64 1.0-0 93.00 558.00 651.00 NOTE
r-oldrel-windows-ix86+x86_64 1.0-0 108.00 413.00 521.00 WARN

Check Details

Version: 1.0-0
Check: installed package size
Result: NOTE
     installed size is 6.8Mb
     sub-directories of 1Mb or more:
     R 1.3Mb
     doc 1.4Mb
     help 2.4Mb
     libs 1.2Mb
Flavors: r-devel-linux-x86_64-debian-gcc, r-devel-linux-x86_64-fedora-clang, r-devel-linux-x86_64-fedora-gcc, r-devel-osx-x86_64-clang, r-devel-windows-ix86+x86_64, r-patched-linux-x86_64, r-patched-solaris-x86, r-release-linux-x86_64, r-release-osx-x86_64-mavericks, r-release-windows-ix86+x86_64, r-oldrel-windows-ix86+x86_64

Version: 1.0-0
Flags: --no-vignettes
Check: installed package size
Result: NOTE
     installed size is 6.3Mb
     sub-directories of 1Mb or more:
     R 1.5Mb
     doc 1.5Mb
     help 2.4Mb
Flavor: r-patched-solaris-sparc

Version: 1.0-0
Check: S3 generic/method consistency
Result: WARN
     function(object, ...)
     function(object, matrix.out, label, colon)
     function(object, ...)
     function(object, dispersion, untransform)
    See section ‘Generic functions and methods’ in the ‘Writing R
    Extensions’ manual.
Flavors: r-release-osx-x86_64-mavericks, r-oldrel-windows-ix86+x86_64

Version: 1.0-0
Check: re-building of vignette outputs
Result: NOTE
    Error in re-building vignettes:
     response should be nominal, not ordinal
    Warning in eval(expr, envir, enclos) :
     response should be nominal, not ordinal
    Error in texi2dvi(file = file, pdf = TRUE, clean = clean, quiet = quiet, :
     Running 'texi2dvi' on 'categoricalVGAM.tex' failed.
    LaTeX errors:
    ! LaTeX Error: Missing \begin{document}.
    See the LaTeX manual or LaTeX Companion for explanation.
    Type H <return> for immediate help.
    ! Missing $ inserted.
    <inserted text>
    l.16 <b3><8c><d4>^^[f^^Y<a9>7<cc>2Ro<98>e<a4><de>0<cb><df>^
    ! Extra }, or forgotten $.
    l.16 ...)<c5>ץ<94><dc>硍<f9><94><ef>:J<c6>z<aa><a7>뺮<eb><99>Lfuu<f5><e3><8f>?<96>R...<9a><a6>y<ff><fe>}
    I've deleted a group-closing symbol because it seems to be
    spurious, as in `$x}$'. But perhaps the } is legitimate and
    ! Undefined control sequence.
    l.16 ...<ca><ef><bf><ff><fe><83>^^O><c8><e7><f3>?<fc><f0>Ç^^_~x<dc><e8>^^O<ce>M<be><
    Calls: buildVignettes -> texi2pdf -> texi2dvi
    Execution halted
Flavor: r-release-osx-x86_64-mavericks