CRAN Package Check Results for Package VGAM

Last updated on 2021-01-26 23:48:17 CET.

Flavor Version Tinstall Tcheck Ttotal Status Flags
r-devel-linux-x86_64-debian-clang 1.1-5 98.03 586.65 684.68 OK
r-devel-linux-x86_64-debian-gcc 1.1-5 82.42 422.47 504.89 OK
r-devel-linux-x86_64-fedora-clang 1.1-5 818.92 NOTE
r-devel-linux-x86_64-fedora-gcc 1.1-5 812.36 OK
r-devel-windows-ix86+x86_64 1.1-5 184.00 908.00 1092.00 NOTE
r-patched-linux-x86_64 1.1-5 93.92 540.49 634.41 OK
r-patched-solaris-x86 1.1-5 903.00 NOTE
r-release-linux-x86_64 1.1-5 91.32 545.43 636.75 OK
r-release-macos-x86_64 1.1-5 NOTE
r-release-windows-ix86+x86_64 1.1-5 181.00 719.00 900.00 NOTE
r-oldrel-macos-x86_64 1.1-5 WARN
r-oldrel-windows-ix86+x86_64 1.1-5 143.00 855.00 998.00 WARN

Check Details

Version: 1.1-5
Check: installed package size
Result: NOTE
     installed size is 8.1Mb
     sub-directories of 1Mb or more:
     R 3.9Mb
     help 2.8Mb
Flavors: r-devel-linux-x86_64-fedora-clang, r-devel-windows-ix86+x86_64, r-patched-solaris-x86, r-release-macos-x86_64, r-release-windows-ix86+x86_64, r-oldrel-macos-x86_64, r-oldrel-windows-ix86+x86_64

Version: 1.1-5
Check: Rd cross-references
Result: NOTE
    Undeclared package ‘car’ in Rd xrefs
Flavor: r-devel-linux-x86_64-fedora-clang

Version: 1.1-5
Check: R code for possible problems
Result: NOTE
    spikeplot: no visible global function definition for ‘deparse1’
    Undefined global functions or variables:
     deparse1
Flavors: r-oldrel-macos-x86_64, r-oldrel-windows-ix86+x86_64

Version: 1.1-5
Check: Rd cross-references
Result: WARN
    Missing link or links in documentation object 'spikeplot.Rd':
     ‘[base]{plot}’
    
    See section 'Cross-references' in the 'Writing R Extensions' manual.
Flavors: r-oldrel-macos-x86_64, r-oldrel-windows-ix86+x86_64