CRAN Package Check Results for Package VGAMdata

Last updated on 2016-02-12 12:47:38.

Flavor Version Tinstall Tcheck Ttotal Status Flags
r-devel-linux-x86_64-debian-gcc 1.0-0 1.72 12.21 13.93 OK
r-devel-linux-x86_64-fedora-clang 1.0-0 24.95 OK
r-devel-linux-x86_64-fedora-gcc 1.0-0 23.82 OK
r-devel-osx-x86_64-clang 1.0-0 30.10 OK
r-devel-windows-ix86+x86_64 1.0-0 8.00 32.00 40.00 OK
r-patched-linux-x86_64 1.0-0 1.69 12.96 14.65 OK
r-patched-solaris-sparc 1.0-0 166.40 OK
r-patched-solaris-x86 1.0-0 36.60 OK
r-release-linux-x86_64 1.0-0 1.77 12.71 14.49 OK
r-release-osx-x86_64-mavericks 1.0-0 OK
r-release-windows-ix86+x86_64 1.0-0 7.00 25.00 32.00 OK
r-oldrel-windows-ix86+x86_64 1.0-0 9.00 23.00 32.00 NOTE

Check Details

Version: 1.0-0
Check: DESCRIPTION meta-information
Result: NOTE
    Authors@R field gives persons with no valid roles:
     James Gray
Flavor: r-oldrel-windows-ix86+x86_64