CRAN Package Check Results for Package VGAMdata

Last updated on 2014-09-16 01:48:27.

Flavor Version Tinstall Tcheck Ttotal Status Flags
r-devel-linux-x86_64-debian-clang 0.9-4 1.58 12.16 13.74 OK
r-devel-linux-x86_64-debian-gcc 0.9-4 1.54 11.49 13.04 OK
r-devel-linux-x86_64-fedora-clang 0.9-4 27.71 OK
r-devel-linux-x86_64-fedora-gcc 0.9-4 30.39 OK
r-devel-osx-x86_64-clang 0.9-4 27.64 OK
r-devel-windows-ix86+x86_64 0.9-4 4.00 19.00 23.00 OK
r-patched-linux-x86_64 0.9-4 1.62 12.31 13.93 OK
r-patched-solaris-sparc 0.9-4 157.70 OK
r-patched-solaris-x86 0.9-4 41.30 OK
r-release-linux-ix86 0.9-4 2.51 19.18 21.69 OK
r-release-linux-x86_64 0.9-4 1.63 12.21 13.84 OK
r-release-osx-x86_64-mavericks 0.9-4 WARN
r-release-osx-x86_64-snowleopard 0.9-4 WARN
r-release-windows-ix86+x86_64 0.9-4 5.00 21.00 26.00 OK
r-oldrel-windows-ix86+x86_64 0.9-4 5.00 22.00 27.00 OK

Check Details

Version: 0.9-4
Check: Rd cross-references
Result: WARN
    Missing link or links in documentation object 'trapO.Rd':
     ‘[VGAM]{lakeO}’
    
    Missing link or links in documentation object 'wffc.Rd':
     ‘[VGAM]{lakeO}’
    
    Missing link or links in documentation object 'wffc.nc.Rd':
     ‘[VGAM]{lakeO}’
    
    See the information in section 'Cross-references' of the 'Writing R
    Extensions' manual.
Flavors: r-release-osx-x86_64-mavericks, r-release-osx-x86_64-snowleopard