CRAN Package Check Results for Package VGAMdata

Last updated on 2014-07-24 17:49:10.

Flavor Version Tinstall Tcheck Ttotal Status Flags
r-devel-linux-x86_64-debian-clang 0.9-4 1.64 11.74 13.38 OK
r-devel-linux-x86_64-debian-gcc 0.9-4 1.59 11.98 13.57 OK
r-devel-linux-x86_64-fedora-clang 0.9-4 28.16 OK
r-devel-linux-x86_64-fedora-gcc 0.9-4 26.64 OK
r-devel-osx-x86_64-clang 0.9-4 28.75 OK
r-devel-windows-ix86+x86_64 0.9-4 5.00 21.00 26.00 OK
r-patched-linux-x86_64 0.9-4 1.57 11.96 13.52 OK
r-patched-solaris-sparc 0.9-4 167.20 OK
r-patched-solaris-x86 0.9-4 41.00 OK
r-release-linux-ix86 0.9-4 2.38 18.97 21.35 OK
r-release-linux-x86_64 0.9-4 1.81 12.23 14.04 OK
r-release-osx-x86_64-mavericks 0.9-4 WARN
r-release-osx-x86_64-snowleopard 0.9-4 WARN
r-release-windows-ix86+x86_64 0.9-4 5.00 23.00 28.00 OK
r-oldrel-windows-ix86+x86_64 0.9-4 5.00 21.00 26.00 OK

Check Details

Version: 0.9-4
Check: Rd cross-references
Result: WARNING
    Missing link or links in documentation object 'trapO.Rd':
     ‘[VGAM]{lakeO}’
    
    Missing link or links in documentation object 'wffc.Rd':
     ‘[VGAM]{lakeO}’
    
    Missing link or links in documentation object 'wffc.nc.Rd':
     ‘[VGAM]{lakeO}’
    
    See the information in section 'Cross-references' of the 'Writing R
    Extensions' manual.
Flavors: r-release-osx-x86_64-mavericks, r-release-osx-x86_64-snowleopard