CRAN Package Check Results for Package VGAMdata

Last updated on 2014-08-21 13:48:22.

Flavor Version Tinstall Tcheck Ttotal Status Flags
r-devel-linux-x86_64-debian-clang 0.9-4 1.66 11.73 13.39 OK
r-devel-linux-x86_64-debian-gcc 0.9-4 1.54 11.61 13.15 OK
r-devel-linux-x86_64-fedora-clang 0.9-4 28.51 OK
r-devel-linux-x86_64-fedora-gcc 0.9-4 29.92 OK
r-devel-osx-x86_64-clang 0.9-4 28.32 OK
r-devel-windows-ix86+x86_64 0.9-4 5.00 19.00 24.00 OK
r-patched-linux-x86_64 0.9-4 1.62 11.72 13.34 OK
r-patched-solaris-sparc 0.9-4 157.70 OK
r-patched-solaris-x86 0.9-4 41.30 OK
r-release-linux-ix86 0.9-4 2.42 19.10 21.52 OK
r-release-linux-x86_64 0.9-4 1.68 11.87 13.55 OK
r-release-osx-x86_64-mavericks 0.9-4 WARN
r-release-osx-x86_64-snowleopard 0.9-4 WARN
r-release-windows-ix86+x86_64 0.9-4 5.00 20.00 25.00 OK
r-oldrel-windows-ix86+x86_64 0.9-4 5.00 20.00 25.00 OK

Check Details

Version: 0.9-4
Check: Rd cross-references
Result: WARN
    Missing link or links in documentation object 'trapO.Rd':
     ‘[VGAM]{lakeO}’
    
    Missing link or links in documentation object 'wffc.Rd':
     ‘[VGAM]{lakeO}’
    
    Missing link or links in documentation object 'wffc.nc.Rd':
     ‘[VGAM]{lakeO}’
    
    See the information in section 'Cross-references' of the 'Writing R
    Extensions' manual.
Flavors: r-release-osx-x86_64-mavericks, r-release-osx-x86_64-snowleopard