CRAN Package Check Results for Package VGAMdata

Last updated on 2014-04-24 15:50:50.

Flavor Version Tinstall Tcheck Ttotal Status Flags
r-devel-linux-x86_64-debian-clang 0.9-3 1.59 12.78 14.37 NOTE
r-devel-linux-x86_64-debian-gcc 0.9-3 1.58 12.36 13.94 NOTE
r-devel-linux-x86_64-fedora-clang 0.9-3 28.60 NOTE
r-devel-linux-x86_64-fedora-gcc 0.9-3 27.29 NOTE
r-devel-osx-x86_64-clang 0.9-3 26.83 NOTE
r-devel-osx-x86_64-gcc 0.9-3 NOTE
r-devel-windows-ix86+x86_64 0.9-3 4.00 21.00 25.00 NOTE
r-patched-linux-x86_64 0.9-3 1.60 12.36 13.95 NOTE
r-patched-solaris-sparc 0.9-3 179.90 NOTE
r-patched-solaris-x86 0.9-3 43.10 NOTE
r-release-linux-ix86 0.9-3 3.00 27.00 30.00 NOTE
r-release-linux-x86_64 0.9-3 1.71 13.03 14.74 NOTE
r-release-osx-x86_64-mavericks 0.9-3 NOTE
r-release-osx-x86_64-snowleopard 0.9-3 OK
r-release-windows-ix86+x86_64 0.9-3 4.00 22.00 26.00 NOTE
r-oldrel-windows-ix86+x86_64 0.9-3 4.00 23.00 27.00 NOTE

Check Details

Version: 0.9-3
Check: dependencies in R code
Result: NOTE
    Namespaces in Imports field not imported from:
     ‘methods’ ‘stats’ ‘stats4’
     All declared Imports should be used.
    See the information on DESCRIPTION files in the chapter ‘Creating R
    packages’ of the ‘Writing R Extensions’ manual.
Flavors: r-devel-linux-x86_64-debian-clang, r-devel-linux-x86_64-debian-gcc, r-devel-linux-x86_64-fedora-clang, r-devel-linux-x86_64-fedora-gcc, r-devel-osx-x86_64-clang, r-devel-osx-x86_64-gcc, r-devel-windows-ix86+x86_64, r-patched-linux-x86_64, r-patched-solaris-sparc, r-patched-solaris-x86, r-release-linux-ix86, r-release-linux-x86_64, r-release-osx-x86_64-mavericks, r-release-windows-ix86+x86_64, r-oldrel-windows-ix86+x86_64

Version: 0.9-3
Check: package dependencies
Result: NOTE
    Package suggested but not available for checking: ‘VGAM’
Flavor: r-devel-osx-x86_64-gcc

Version: 0.9-3
Check: Rd cross-references
Result: NOTE
    Package unavailable to check Rd xrefs: ‘VGAM’
Flavor: r-devel-osx-x86_64-gcc