CRAN Package Check Results for Package VGAMdata

Last updated on 2015-08-29 06:48:02.

Flavor Version Tinstall Tcheck Ttotal Status Flags
r-devel-linux-x86_64-debian-clang 0.9-7 1.57 11.54 13.12 NOTE
r-devel-linux-x86_64-debian-gcc 0.9-7 1.62 11.64 13.26 NOTE
r-devel-linux-x86_64-fedora-clang 0.9-7 26.25 NOTE
r-devel-linux-x86_64-fedora-gcc 0.9-7 24.17 NOTE
r-devel-osx-x86_64-clang 0.9-7 25.49 OK
r-devel-windows-ix86+x86_64 0.9-7 8.00 26.00 34.00 NOTE
r-patched-linux-x86_64 0.9-7 1.64 13.12 14.76 OK
r-patched-solaris-sparc 0.9-7 172.60 OK
r-patched-solaris-x86 0.9-7 41.70 OK
r-release-linux-x86_64 0.9-7 1.63 12.25 13.88 OK
r-release-osx-x86_64-mavericks 0.9-7 OK
r-release-windows-ix86+x86_64 0.9-7 7.00 33.00 40.00 OK
r-oldrel-windows-ix86+x86_64 0.9-7 8.00 24.00 32.00 OK

Check Details

Version: 0.9-7
Check: R code for possible problems
Result: NOTE
    DeLury: no visible global function definition for ‘lm’
    DeLury: no visible global function definition for ‘coef’
    Undefined global functions or variables:
     coef lm
    Consider adding
     importFrom("stats", "coef", "lm")
    to your NAMESPACE.
Flavors: r-devel-linux-x86_64-debian-clang, r-devel-linux-x86_64-debian-gcc, r-devel-linux-x86_64-fedora-clang, r-devel-linux-x86_64-fedora-gcc, r-devel-windows-ix86+x86_64