CRAN Package Check Results for Package VGAMdata

Last updated on 2022-11-29 19:54:31 CET.

Flavor Version Tinstall Tcheck Ttotal Status Flags
r-devel-linux-x86_64-debian-clang 1.1-6 10.69 77.42 88.11 NOTE
r-devel-linux-x86_64-debian-gcc 1.1-6 7.65 58.31 65.96 NOTE
r-devel-linux-x86_64-fedora-clang 1.1-6 117.44 NOTE
r-devel-linux-x86_64-fedora-gcc 1.1-6 112.18 NOTE
r-devel-windows-x86_64 1.1-6 65.00 121.00 186.00 NOTE
r-patched-linux-x86_64 1.1-6 12.19 66.80 78.99 OK
r-release-linux-x86_64 1.1-6 9.64 68.65 78.29 OK
r-release-macos-arm64 1.1-6 27.00 OK
r-release-macos-x86_64 1.1-6 42.00 OK
r-release-windows-x86_64 1.1-6 65.00 116.00 181.00 OK
r-oldrel-macos-arm64 1.1-6 26.00 OK
r-oldrel-macos-x86_64 1.1-6 41.00 OK
r-oldrel-windows-ix86+x86_64 1.1-6 17.00 96.00 113.00 OK

Check Details

Version: 1.1-6
Check: Rd files
Result: NOTE
    checkRd: (-1) huse.Rd:61: Escaped LaTeX specials: \&
Flavors: r-devel-linux-x86_64-debian-clang, r-devel-linux-x86_64-debian-gcc, r-devel-linux-x86_64-fedora-clang, r-devel-linux-x86_64-fedora-gcc, r-devel-windows-x86_64