CRAN Package Check Results for Package VGAMdata

Last updated on 2015-07-29 17:48:23.

Flavor Version Tinstall Tcheck Ttotal Status Flags
r-devel-linux-x86_64-debian-clang 0.9-7 1.60 12.29 13.89 NOTE
r-devel-linux-x86_64-debian-gcc 0.9-7 1.88 12.46 14.34 NOTE
r-devel-linux-x86_64-fedora-clang 0.9-7 27.11 NOTE
r-devel-linux-x86_64-fedora-gcc 0.9-7 25.31 NOTE
r-devel-osx-x86_64-clang 0.9-7 26.29 OK
r-devel-windows-ix86+x86_64 0.9-7 8.00 33.00 41.00 NOTE
r-patched-linux-x86_64 0.9-7 1.82 11.90 13.72 OK
r-patched-solaris-sparc 0.9-7 172.60 OK
r-patched-solaris-x86 0.9-7 38.70 OK
r-release-linux-x86_64 0.9-7 1.77 12.10 13.87 OK
r-release-osx-x86_64-mavericks 0.9-7 OK
r-release-windows-ix86+x86_64 0.9-7 7.00 34.00 41.00 OK
r-oldrel-windows-ix86+x86_64 0.9-7 9.00 24.00 33.00 OK

Check Details

Version: 0.9-7
Check: R code for possible problems
Result: NOTE
    DeLury: no visible global function definition for ‘lm’
    DeLury: no visible global function definition for ‘coef’
    Undefined global functions or variables:
     coef lm
    Consider adding
     importFrom("stats", "coef", "lm")
    to your NAMESPACE.
Flavors: r-devel-linux-x86_64-debian-clang, r-devel-linux-x86_64-debian-gcc, r-devel-linux-x86_64-fedora-clang, r-devel-linux-x86_64-fedora-gcc, r-devel-windows-ix86+x86_64