CRAN Package Check Results for Package VGAMdata

Last updated on 2016-05-03 13:47:52.

Flavor Version Tinstall Tcheck Ttotal Status Flags
r-devel-linux-x86_64-debian-gcc 1.0-0 1.62 13.05 14.67 OK
r-devel-linux-x86_64-fedora-clang 1.0-0 25.18 OK
r-devel-linux-x86_64-fedora-gcc 1.0-0 23.58 OK
r-devel-osx-x86_64-clang 1.0-0 30.38 OK
r-devel-windows-ix86+x86_64 1.0-0 5.00 34.00 39.00 OK
r-patched-linux-x86_64 1.0-0 1.77 13.07 14.84 OK
r-patched-solaris-sparc 1.0-0 164.20 OK
r-patched-solaris-x86 1.0-0 37.50 OK
r-release-linux-x86_64 1.0-0 1.70 13.50 15.20 OK
r-release-osx-x86_64-mavericks 1.0-0 OK
r-release-windows-ix86+x86_64 1.0-0 6.00 39.00 45.00 OK
r-oldrel-windows-ix86+x86_64 1.0-0 8.00 32.00 40.00 NOTE

Check Details

Version: 1.0-0
Check: DESCRIPTION meta-information
Result: NOTE
    Authors@R field gives persons with no valid roles:
     James Gray
Flavor: r-oldrel-windows-ix86+x86_64