CRAN Package Check Results for Package VGAMextra

Last updated on 2022-09-28 07:52:01 CEST.

Flavor Version Tinstall Tcheck Ttotal Status Flags
r-devel-linux-x86_64-debian-clang 0.0-5 15.61 134.00 149.61 NOTE
r-devel-linux-x86_64-debian-gcc 0.0-5 11.28 98.52 109.80 NOTE
r-devel-linux-x86_64-fedora-clang 0.0-5 200.76 NOTE
r-devel-linux-x86_64-fedora-gcc 0.0-5 195.75 NOTE
r-devel-windows-x86_64 0.0-5 74.00 181.00 255.00 NOTE
r-patched-linux-x86_64 0.0-5 18.75 118.68 137.43 OK
r-release-linux-x86_64 0.0-5 15.69 118.74 134.43 OK
r-release-macos-arm64 0.0-5 41.00 OK
r-release-macos-x86_64 0.0-5 58.00 OK
r-release-windows-x86_64 0.0-5 83.00 168.00 251.00 OK
r-oldrel-macos-arm64 0.0-5 46.00 OK
r-oldrel-macos-x86_64 0.0-5 92.00 OK
r-oldrel-windows-ix86+x86_64 0.0-5 26.00 145.00 171.00 OK

Check Details

Version: 0.0-5
Check: Rd files
Result: NOTE
    checkRd: (-1) checkTS.VGAMextra.Rd:176: Escaped LaTeX specials: \&
Flavors: r-devel-linux-x86_64-debian-clang, r-devel-linux-x86_64-debian-gcc, r-devel-linux-x86_64-fedora-clang, r-devel-linux-x86_64-fedora-gcc, r-devel-windows-x86_64