CRAN Package Check Results for Package VHDClassification

Last updated on 2016-06-30 12:52:59.

Flavor Version Tinstall Tcheck Ttotal Status Flags
r-devel-linux-x86_64-debian-gcc 0.3 1.16 64.62 65.78 NOTE
r-devel-linux-x86_64-fedora-clang 0.3 110.31 NOTE
r-devel-linux-x86_64-fedora-gcc 0.3 108.03 NOTE
r-devel-osx-x86_64-clang 0.3 84.48 NOTE
r-devel-windows-ix86+x86_64 0.3 3.00 133.00 136.00 NOTE
r-patched-linux-x86_64 0.3 1.10 63.89 64.99 NOTE
r-patched-solaris-sparc 0.3 689.30 NOTE
r-patched-solaris-x86 0.3 156.20 NOTE
r-release-linux-x86_64 0.3 1.00 60.82 61.82 NOTE
r-release-osx-x86_64-mavericks 0.3 NOTE
r-release-windows-ix86+x86_64 0.3 5.00 106.00 111.00 NOTE
r-oldrel-windows-ix86+x86_64 0.3 4.00 139.00 143.00 NOTE

Check Details

Version: 0.3
Check: DESCRIPTION meta-information
Result: NOTE
    Malformed Title field: should not end in a period.
Flavors: r-devel-linux-x86_64-debian-gcc, r-devel-linux-x86_64-fedora-clang, r-devel-linux-x86_64-fedora-gcc, r-devel-osx-x86_64-clang, r-devel-windows-ix86+x86_64, r-patched-linux-x86_64, r-patched-solaris-sparc, r-patched-solaris-x86, r-release-linux-x86_64, r-release-osx-x86_64-mavericks, r-release-windows-ix86+x86_64, r-oldrel-windows-ix86+x86_64