CRAN Package Check Results for Package VHDClassification

Last updated on 2014-04-25 05:47:28.

Flavor Version Tinstall Tcheck Ttotal Status Flags
r-devel-linux-x86_64-debian-clang 0.3 1.28 70.98 72.27 OK
r-devel-linux-x86_64-debian-gcc 0.3 1.08 69.82 70.90 OK
r-devel-linux-x86_64-fedora-clang 0.3 156.80 OK
r-devel-linux-x86_64-fedora-gcc 0.3 142.62 OK
r-devel-osx-x86_64-clang 0.3 104.78 OK
r-devel-osx-x86_64-gcc 0.3 OK
r-devel-windows-ix86+x86_64 0.3 4.00 100.00 104.00 OK
r-patched-linux-x86_64 0.3 1.09 80.10 81.19 OK
r-patched-solaris-sparc 0.3 772.40 OK
r-patched-solaris-x86 0.3 181.50 OK
r-release-linux-ix86 0.3 2.00 109.00 111.00 OK
r-release-linux-x86_64 0.3 1.10 89.29 90.39 OK
r-release-osx-x86_64-mavericks 0.3 WARN
r-release-osx-x86_64-snowleopard 0.3 OK
r-release-windows-ix86+x86_64 0.3 3.00 94.00 97.00 OK
r-oldrel-windows-ix86+x86_64 0.3 3.00 105.00 108.00 OK

Check Details

Version: 0.3
Check: PDF version of manual
Result: WARNING
    LaTeX errors when creating PDF version.
    This typically indicates Rd problems.
    LaTeX errors found:
    ! LaTeX Error: File `upquote.sty' not found.
    
    Type X to quit or <RETURN> to proceed,
    or enter new name. (Default extension: sty)
    
    4e27ebaa/Rd2.tex:8: ==> Fatal error occurred, no output PDF file produced!
Flavor: r-release-osx-x86_64-mavericks