CRAN Package Check Results for Package VHDClassification

Last updated on 2015-07-30 17:47:36.

Flavor Version Tinstall Tcheck Ttotal Status Flags
r-devel-linux-x86_64-debian-clang 0.3 0.94 59.88 60.82 NOTE
r-devel-linux-x86_64-debian-gcc 0.3 0.82 58.94 59.76 NOTE
r-devel-linux-x86_64-fedora-clang 0.3 121.20 NOTE
r-devel-linux-x86_64-fedora-gcc 0.3 115.72 NOTE
r-devel-osx-x86_64-clang 0.3 98.21 NOTE
r-devel-windows-ix86+x86_64 0.3 7.00 129.00 136.00 NOTE
r-patched-linux-x86_64 0.3 0.82 67.12 67.94 NOTE
r-patched-solaris-sparc 0.3 782.10 NOTE
r-patched-solaris-x86 0.3 169.40 NOTE
r-release-linux-x86_64 0.3 0.83 60.54 61.37 NOTE
r-release-osx-x86_64-mavericks 0.3 NOTE
r-release-windows-ix86+x86_64 0.3 4.00 130.00 134.00 NOTE
r-oldrel-windows-ix86+x86_64 0.3 3.00 156.00 159.00 OK

Check Details

Version: 0.3
Check: DESCRIPTION meta-information
Result: NOTE
    Malformed Title field: should not end in a period.
Flavors: r-devel-linux-x86_64-debian-clang, r-devel-linux-x86_64-debian-gcc, r-devel-linux-x86_64-fedora-clang, r-devel-linux-x86_64-fedora-gcc, r-devel-osx-x86_64-clang, r-devel-windows-ix86+x86_64, r-patched-linux-x86_64, r-patched-solaris-sparc, r-patched-solaris-x86, r-release-linux-x86_64, r-release-osx-x86_64-mavericks, r-release-windows-ix86+x86_64