CRAN Package Check Results for Package VHDClassification

Last updated on 2017-03-27 21:49:20.

Flavor Version Tinstall Tcheck Ttotal Status Flags
r-devel-linux-x86_64-debian-clang 0.3 0.96 57.88 58.85 NOTE
r-devel-linux-x86_64-debian-gcc 0.3 0.98 58.74 59.71 NOTE
r-devel-linux-x86_64-fedora-clang 0.3 103.36 NOTE --no-stop-on-test-error
r-devel-linux-x86_64-fedora-gcc 0.3 103.05 NOTE --no-stop-on-test-error
r-devel-macos-x86_64-clang 0.3 80.52 NOTE --no-stop-on-test-error
r-devel-windows-ix86+x86_64 0.3 4.00 86.00 90.00 NOTE
r-patched-linux-x86_64 0.3 0.99 60.64 61.63 NOTE
r-patched-solaris-sparc 0.3 643.30 NOTE
r-patched-solaris-x86 0.3 140.90 NOTE
r-release-linux-x86_64 0.3 0.83 60.14 60.97 NOTE
r-release-osx-x86_64-mavericks 0.3 NOTE
r-release-windows-ix86+x86_64 0.3 4.00 127.00 131.00 NOTE
r-oldrel-windows-ix86+x86_64 0.3 3.00 105.00 108.00 NOTE

Check Details

Version: 0.3
Check: DESCRIPTION meta-information
Result: NOTE
    Malformed Title field: should not end in a period.
Flavors: r-devel-linux-x86_64-debian-clang, r-devel-linux-x86_64-debian-gcc, r-devel-windows-ix86+x86_64, r-patched-linux-x86_64, r-patched-solaris-sparc, r-patched-solaris-x86, r-release-linux-x86_64, r-release-osx-x86_64-mavericks, r-release-windows-ix86+x86_64, r-oldrel-windows-ix86+x86_64

Version: 0.3
Flags: --no-stop-on-test-error
Check: DESCRIPTION meta-information
Result: NOTE
    Malformed Title field: should not end in a period.
Flavors: r-devel-linux-x86_64-fedora-clang, r-devel-linux-x86_64-fedora-gcc, r-devel-macos-x86_64-clang