CRAN Package Check Results for Package VHDClassification

Last updated on 2016-07-27 17:50:22.

Flavor Version Tinstall Tcheck Ttotal Status Flags
r-devel-linux-x86_64-debian-clang 0.3 1.02 67.42 68.44 NOTE
r-devel-linux-x86_64-debian-gcc 0.3 1.23 62.80 64.03 NOTE
r-devel-linux-x86_64-fedora-clang 0.3 120.54 NOTE
r-devel-linux-x86_64-fedora-gcc 0.3 105.28 NOTE
r-devel-osx-x86_64-clang 0.3 86.17 NOTE
r-devel-windows-ix86+x86_64 0.3 5.00 109.00 114.00 NOTE
r-patched-linux-x86_64 0.3 1.09 69.20 70.29 NOTE
r-patched-solaris-sparc 0.3 689.30 NOTE
r-patched-solaris-x86 0.3 140.80 NOTE
r-release-linux-x86_64 0.3 1.12 63.84 64.96 NOTE
r-release-osx-x86_64-mavericks 0.3 NOTE
r-release-windows-ix86+x86_64 0.3 6.00 126.00 132.00 NOTE
r-oldrel-windows-ix86+x86_64 0.3 5.00 141.00 146.00 NOTE

Check Details

Version: 0.3
Check: DESCRIPTION meta-information
Result: NOTE
    Malformed Title field: should not end in a period.
Flavors: r-devel-linux-x86_64-debian-clang, r-devel-linux-x86_64-debian-gcc, r-devel-linux-x86_64-fedora-clang, r-devel-linux-x86_64-fedora-gcc, r-devel-osx-x86_64-clang, r-devel-windows-ix86+x86_64, r-patched-linux-x86_64, r-patched-solaris-sparc, r-patched-solaris-x86, r-release-linux-x86_64, r-release-osx-x86_64-mavericks, r-release-windows-ix86+x86_64, r-oldrel-windows-ix86+x86_64