CRAN Package Check Results for Package VHDClassification

Last updated on 2015-04-19 11:51:26.

Flavor Version Tinstall Tcheck Ttotal Status Flags
r-devel-linux-x86_64-debian-clang 0.3 0.86 62.37 63.23 NOTE
r-devel-linux-x86_64-debian-gcc 0.3 0.83 60.06 60.89 NOTE
r-devel-linux-x86_64-fedora-clang 0.3 125.66 NOTE
r-devel-linux-x86_64-fedora-gcc 0.3 113.80 NOTE
r-devel-osx-x86_64-clang 0.3 108.79 NOTE
r-devel-windows-ix86+x86_64 0.3 5.00 113.00 118.00 NOTE
r-patched-linux-x86_64 0.3 0.84 60.76 61.60 NOTE
r-patched-solaris-sparc 0.3 769.70 NOTE
r-patched-solaris-x86 0.3 158.80 NOTE
r-release-linux-x86_64 0.3 0.92 59.59 60.51 NOTE
r-release-osx-x86_64-mavericks 0.3 NOTE
r-release-osx-x86_64-snowleopard 0.3 NOTE
r-release-windows-ix86+x86_64 0.3 2.00 93.00 95.00 NOTE
r-oldrel-windows-ix86+x86_64 0.3 4.00 129.00 133.00 OK

Check Details

Version: 0.3
Check: DESCRIPTION meta-information
Result: NOTE
    Malformed Title field: should not end in a period.
Flavors: r-devel-linux-x86_64-debian-clang, r-devel-linux-x86_64-debian-gcc, r-devel-linux-x86_64-fedora-clang, r-devel-linux-x86_64-fedora-gcc, r-devel-osx-x86_64-clang, r-devel-windows-ix86+x86_64, r-patched-linux-x86_64, r-patched-solaris-sparc, r-patched-solaris-x86, r-release-linux-x86_64, r-release-osx-x86_64-mavericks, r-release-osx-x86_64-snowleopard, r-release-windows-ix86+x86_64