CRAN Package Check Results for Package VHDClassification

Last updated on 2016-02-10 02:49:26.

Flavor Version Tinstall Tcheck Ttotal Status Flags
r-devel-linux-x86_64-debian-gcc 0.3 0.82 68.87 69.69 NOTE
r-devel-linux-x86_64-fedora-clang 0.3 118.58 NOTE
r-devel-linux-x86_64-fedora-gcc 0.3 109.41 NOTE
r-devel-osx-x86_64-clang 0.3 115.75 NOTE
r-devel-windows-ix86+x86_64 0.3 4.00 104.00 108.00 NOTE
r-patched-linux-x86_64 0.3 0.90 63.40 64.29 NOTE
r-patched-solaris-sparc 0.3 696.30 NOTE
r-patched-solaris-x86 0.3 156.30 NOTE
r-release-linux-x86_64 0.3 0.86 62.65 63.50 NOTE
r-release-osx-x86_64-mavericks 0.3 NOTE
r-release-windows-ix86+x86_64 0.3 5.00 101.00 106.00 NOTE
r-oldrel-windows-ix86+x86_64 0.3 6.00 117.00 123.00 OK

Check Details

Version: 0.3
Check: DESCRIPTION meta-information
Result: NOTE
    Malformed Title field: should not end in a period.
Flavors: r-devel-linux-x86_64-debian-gcc, r-devel-linux-x86_64-fedora-clang, r-devel-linux-x86_64-fedora-gcc, r-devel-osx-x86_64-clang, r-devel-windows-ix86+x86_64, r-patched-linux-x86_64, r-patched-solaris-sparc, r-patched-solaris-x86, r-release-linux-x86_64, r-release-osx-x86_64-mavericks, r-release-windows-ix86+x86_64