CRAN Package Check Results for Package VHDClassification

Last updated on 2016-09-29 00:47:31.

Flavor Version Tinstall Tcheck Ttotal Status Flags
r-devel-linux-x86_64-debian-clang 0.3 0.80 59.81 60.61 NOTE
r-devel-linux-x86_64-debian-gcc 0.3 0.84 58.13 58.97 NOTE
r-devel-linux-x86_64-fedora-clang 0.3 108.89 NOTE
r-devel-linux-x86_64-fedora-gcc 0.3 104.46 NOTE
r-devel-macos-x86_64-clang 0.3 80.00 NOTE
r-devel-windows-ix86+x86_64 0.3 6.00 130.00 136.00 NOTE
r-patched-linux-x86_64 0.3 0.82 59.59 60.41 NOTE
r-patched-solaris-sparc 0.3 689.30 NOTE
r-patched-solaris-x86 0.3 136.70 NOTE
r-release-linux-x86_64 0.3 0.84 57.95 58.78 NOTE
r-release-osx-x86_64-mavericks 0.3 NOTE
r-release-windows-ix86+x86_64 0.3 3.00 98.00 101.00 NOTE
r-oldrel-windows-ix86+x86_64 0.3 5.00 132.00 137.00 NOTE

Check Details

Version: 0.3
Check: DESCRIPTION meta-information
Result: NOTE
    Malformed Title field: should not end in a period.
Flavors: r-devel-linux-x86_64-debian-clang, r-devel-linux-x86_64-debian-gcc, r-devel-linux-x86_64-fedora-clang, r-devel-linux-x86_64-fedora-gcc, r-devel-macos-x86_64-clang, r-devel-windows-ix86+x86_64, r-patched-linux-x86_64, r-patched-solaris-sparc, r-patched-solaris-x86, r-release-linux-x86_64, r-release-osx-x86_64-mavericks, r-release-windows-ix86+x86_64, r-oldrel-windows-ix86+x86_64