CRAN Package Check Results for Package VHDClassification

Last updated on 2016-12-08 08:47:56.

Flavor Version Tinstall Tcheck Ttotal Status Flags
r-devel-linux-x86_64-debian-clang 0.3 1.05 61.35 62.40 NOTE
r-devel-linux-x86_64-debian-gcc 0.3 1.07 58.55 59.62 NOTE
r-devel-linux-x86_64-fedora-clang 0.3 108.46 NOTE --no-stop-on-test-error
r-devel-linux-x86_64-fedora-gcc 0.3 104.65 NOTE --no-stop-on-test-error
r-devel-macos-x86_64-clang 0.3 80.52 NOTE --no-stop-on-test-error
r-devel-windows-ix86+x86_64 0.3 4.00 120.00 124.00 NOTE
r-patched-linux-x86_64 0.3 0.90 63.07 63.97 NOTE
r-patched-solaris-sparc 0.3 689.30 NOTE
r-patched-solaris-x86 0.3 143.70 NOTE
r-release-linux-x86_64 0.3 0.91 63.80 64.71 NOTE
r-release-osx-x86_64-mavericks 0.3 NOTE
r-release-windows-ix86+x86_64 0.3 3.00 92.00 95.00 NOTE
r-oldrel-windows-ix86+x86_64 0.3 4.00 104.00 108.00 NOTE

Check Details

Version: 0.3
Check: DESCRIPTION meta-information
Result: NOTE
    Malformed Title field: should not end in a period.
Flavors: r-devel-linux-x86_64-debian-clang, r-devel-linux-x86_64-debian-gcc, r-devel-windows-ix86+x86_64, r-patched-linux-x86_64, r-patched-solaris-sparc, r-patched-solaris-x86, r-release-linux-x86_64, r-release-osx-x86_64-mavericks, r-release-windows-ix86+x86_64, r-oldrel-windows-ix86+x86_64

Version: 0.3
Flags: --no-stop-on-test-error
Check: DESCRIPTION meta-information
Result: NOTE
    Malformed Title field: should not end in a period.
Flavors: r-devel-linux-x86_64-fedora-clang, r-devel-linux-x86_64-fedora-gcc, r-devel-macos-x86_64-clang