CRAN Package Check Results for Package VHDClassification

Last updated on 2017-12-15 04:47:49 CET.

Flavor Version Tinstall Tcheck Ttotal Status Flags
r-devel-linux-x86_64-debian-clang 0.3 1.47 74.03 75.50 NOTE
r-devel-linux-x86_64-debian-gcc 0.3 1.19 63.57 64.76 NOTE
r-devel-linux-x86_64-fedora-clang 0.3 93.91 NOTE
r-devel-linux-x86_64-fedora-gcc 0.3 95.03 NOTE
r-devel-windows-ix86+x86_64 0.3 7.00 128.00 135.00 NOTE
r-patched-linux-x86_64 0.3 1.28 91.99 93.27 NOTE
r-patched-solaris-x86 0.3 145.20 NOTE
r-release-linux-x86_64 0.3 1.45 91.76 93.21 NOTE
r-release-windows-ix86+x86_64 0.3 3.00 127.00 130.00 NOTE
r-release-osx-x86_64 0.3 NOTE
r-oldrel-windows-ix86+x86_64 0.3 4.00 135.00 139.00 NOTE
r-oldrel-osx-x86_64 0.3 NOTE

Check Details

Version: 0.3
Check: DESCRIPTION meta-information
Result: NOTE
    Malformed Title field: should not end in a period.
Flavors: r-devel-linux-x86_64-debian-clang, r-devel-linux-x86_64-debian-gcc, r-devel-linux-x86_64-fedora-clang, r-devel-linux-x86_64-fedora-gcc, r-devel-windows-ix86+x86_64, r-patched-linux-x86_64, r-patched-solaris-x86, r-release-linux-x86_64, r-release-windows-ix86+x86_64, r-release-osx-x86_64, r-oldrel-windows-ix86+x86_64, r-oldrel-osx-x86_64