CRAN Package Check Results for Package VHDClassification

Last updated on 2017-08-17 04:47:34.

Flavor Version Tinstall Tcheck Ttotal Status Flags
r-devel-linux-x86_64-debian-clang 0.3 1.03 60.92 61.94 NOTE
r-devel-linux-x86_64-debian-gcc 0.3 1.07 55.60 56.67 NOTE
r-devel-linux-x86_64-fedora-clang 0.3 101.52 NOTE
r-devel-linux-x86_64-fedora-gcc 0.3 102.81 NOTE
r-devel-windows-ix86+x86_64 0.3 4.00 92.00 96.00 NOTE
r-patched-linux-x86_64 0.3 0.97 53.88 54.85 NOTE
r-patched-solaris-x86 0.3 138.60 NOTE
r-release-linux-x86_64 0.3 1.04 54.67 55.71 NOTE
r-release-windows-ix86+x86_64 0.3 3.00 98.00 101.00 NOTE
r-release-osx-x86_64 0.3 NOTE
r-oldrel-windows-ix86+x86_64 0.3 4.00 94.00 98.00 NOTE
r-oldrel-osx-x86_64 0.3 NOTE

Check Details

Version: 0.3
Check: DESCRIPTION meta-information
Result: NOTE
    Malformed Title field: should not end in a period.
Flavors: r-devel-linux-x86_64-debian-clang, r-devel-linux-x86_64-debian-gcc, r-devel-linux-x86_64-fedora-clang, r-devel-linux-x86_64-fedora-gcc, r-devel-windows-ix86+x86_64, r-patched-linux-x86_64, r-patched-solaris-x86, r-release-linux-x86_64, r-release-windows-ix86+x86_64, r-release-osx-x86_64, r-oldrel-windows-ix86+x86_64, r-oldrel-osx-x86_64