CRAN Package Check Results for Package VHDClassification

Last updated on 2015-05-28 11:48:47.

Flavor Version Tinstall Tcheck Ttotal Status Flags
r-devel-linux-x86_64-debian-clang 0.3 0.87 59.80 60.66 NOTE
r-devel-linux-x86_64-debian-gcc 0.3 0.82 62.62 63.44 NOTE
r-devel-linux-x86_64-fedora-clang 0.3 124.81 NOTE
r-devel-linux-x86_64-fedora-gcc 0.3 116.59 NOTE
r-devel-osx-x86_64-clang 0.3 100.43 NOTE
r-devel-windows-ix86+x86_64 0.3 4.00 96.00 100.00 NOTE
r-patched-linux-x86_64 0.3 0.84 60.30 61.14 NOTE
r-patched-solaris-sparc 0.3 964.20 NOTE
r-patched-solaris-x86 0.3 169.70 NOTE
r-release-linux-x86_64 0.3 0.84 61.29 62.13 NOTE
r-release-osx-x86_64-mavericks 0.3 NOTE
r-release-osx-x86_64-snowleopard 0.3 NOTE
r-release-windows-ix86+x86_64 0.3 3.00 96.00 99.00 NOTE
r-oldrel-windows-ix86+x86_64 0.3 5.00 138.00 143.00 OK

Check Details

Version: 0.3
Check: DESCRIPTION meta-information
Result: NOTE
    Malformed Title field: should not end in a period.
Flavors: r-devel-linux-x86_64-debian-clang, r-devel-linux-x86_64-debian-gcc, r-devel-linux-x86_64-fedora-clang, r-devel-linux-x86_64-fedora-gcc, r-devel-osx-x86_64-clang, r-devel-windows-ix86+x86_64, r-patched-linux-x86_64, r-patched-solaris-sparc, r-patched-solaris-x86, r-release-linux-x86_64, r-release-osx-x86_64-mavericks, r-release-osx-x86_64-snowleopard, r-release-windows-ix86+x86_64