CRAN Package Check Results for Package VHDClassification

Last updated on 2017-10-17 19:48:18.

Flavor Version Tinstall Tcheck Ttotal Status Flags
r-devel-linux-x86_64-debian-clang 0.3 1.00 64.09 65.09 NOTE
r-devel-linux-x86_64-debian-gcc 0.3 1.26 61.20 62.45 NOTE
r-devel-linux-x86_64-fedora-clang 0.3 112.84 NOTE
r-devel-linux-x86_64-fedora-gcc 0.3 112.86 NOTE
r-devel-windows-ix86+x86_64 0.3 4.00 90.00 94.00 NOTE
r-patched-linux-x86_64 0.3 0.99 61.27 62.26 NOTE
r-patched-solaris-x86 0.3 140.40 NOTE
r-release-linux-x86_64 0.3 1.09 60.32 61.40 NOTE
r-release-windows-ix86+x86_64 0.3 5.00 118.00 123.00 NOTE
r-release-osx-x86_64 0.3 NOTE
r-oldrel-windows-ix86+x86_64 0.3 4.00 126.00 130.00 NOTE
r-oldrel-osx-x86_64 0.3 NOTE

Check Details

Version: 0.3
Check: DESCRIPTION meta-information
Result: NOTE
    Malformed Title field: should not end in a period.
Flavors: r-devel-linux-x86_64-debian-clang, r-devel-linux-x86_64-debian-gcc, r-devel-linux-x86_64-fedora-clang, r-devel-linux-x86_64-fedora-gcc, r-devel-windows-ix86+x86_64, r-patched-linux-x86_64, r-patched-solaris-x86, r-release-linux-x86_64, r-release-windows-ix86+x86_64, r-release-osx-x86_64, r-oldrel-windows-ix86+x86_64, r-oldrel-osx-x86_64