CRAN Package Check Results for Package VHDClassification

Last updated on 2015-03-29 09:49:50.

Flavor Version Tinstall Tcheck Ttotal Status Flags
r-devel-linux-x86_64-debian-clang 0.3 0.84 64.76 65.60 NOTE
r-devel-linux-x86_64-debian-gcc 0.3 0.83 63.27 64.10 NOTE
r-devel-linux-x86_64-fedora-clang 0.3 153.07 NOTE
r-devel-linux-x86_64-fedora-gcc 0.3 137.65 NOTE
r-devel-osx-x86_64-clang 0.3 105.28 NOTE
r-prerel-windows-ix86+x86_64 0.3 5.00 90.00 95.00 NOTE
r-prerel-linux-x86_64 0.3 0.83 62.00 62.83 NOTE
r-prerel-solaris-sparc 0.3 769.70 NOTE
r-prerel-solaris-x86 0.3 165.80 NOTE
r-release-linux-x86_64 0.3 1.07 66.46 67.53 OK
r-release-osx-x86_64-mavericks 0.3 OK
r-release-osx-x86_64-snowleopard 0.3 OK
r-release-windows-ix86+x86_64 0.3 4.00 102.00 106.00 OK
r-oldrel-windows-ix86+x86_64 0.3 4.00 108.00 112.00 OK

Check Details

Version: 0.3
Check: DESCRIPTION meta-information
Result: NOTE
    Malformed Title field: should not end in a period.
Flavors: r-devel-linux-x86_64-debian-clang, r-devel-linux-x86_64-debian-gcc, r-devel-linux-x86_64-fedora-clang, r-devel-linux-x86_64-fedora-gcc, r-devel-osx-x86_64-clang, r-prerel-windows-ix86+x86_64, r-prerel-linux-x86_64, r-prerel-solaris-sparc, r-prerel-solaris-x86