CRAN Package Check Results for Package VHDClassification

Last updated on 2016-05-30 03:47:55.

Flavor Version Tinstall Tcheck Ttotal Status Flags
r-devel-linux-x86_64-debian-gcc 0.3 0.91 62.80 63.71 NOTE
r-devel-linux-x86_64-fedora-clang 0.3 120.79 NOTE
r-devel-linux-x86_64-fedora-gcc 0.3 105.33 NOTE
r-devel-osx-x86_64-clang 0.3 114.43 NOTE
r-devel-windows-ix86+x86_64 0.3 3.00 88.00 91.00 NOTE
r-patched-linux-x86_64 0.3 0.94 57.21 58.15 NOTE
r-patched-solaris-sparc 0.3 708.00 NOTE
r-patched-solaris-x86 0.3 151.10 NOTE
r-release-linux-x86_64 0.3 0.91 62.29 63.20 NOTE
r-release-osx-x86_64-mavericks 0.3 NOTE
r-release-windows-ix86+x86_64 0.3 4.00 108.00 112.00 NOTE
r-oldrel-windows-ix86+x86_64 0.3 3.00 149.00 152.00 NOTE

Check Details

Version: 0.3
Check: DESCRIPTION meta-information
Result: NOTE
    Malformed Title field: should not end in a period.
Flavors: r-devel-linux-x86_64-debian-gcc, r-devel-linux-x86_64-fedora-clang, r-devel-linux-x86_64-fedora-gcc, r-devel-osx-x86_64-clang, r-devel-windows-ix86+x86_64, r-patched-linux-x86_64, r-patched-solaris-sparc, r-patched-solaris-x86, r-release-linux-x86_64, r-release-osx-x86_64-mavericks, r-release-windows-ix86+x86_64, r-oldrel-windows-ix86+x86_64