CRAN Package Check Results for Package VHDClassification

Last updated on 2017-01-23 12:50:51.

Flavor Version Tinstall Tcheck Ttotal Status Flags
r-devel-linux-x86_64-debian-clang 0.3 0.97 57.53 58.50 NOTE
r-devel-linux-x86_64-debian-gcc 0.3 1.08 57.90 58.98 NOTE
r-devel-linux-x86_64-fedora-clang 0.3 101.12 NOTE --no-stop-on-test-error
r-devel-linux-x86_64-fedora-gcc 0.3 98.05 NOTE --no-stop-on-test-error
r-devel-macos-x86_64-clang 0.3 81.47 NOTE --no-stop-on-test-error
r-devel-windows-ix86+x86_64 0.3 3.00 104.00 107.00 NOTE
r-patched-linux-x86_64 0.3 0.85 62.07 62.92 NOTE
r-patched-solaris-sparc 0.3 758.20 NOTE
r-patched-solaris-x86 0.3 147.60 NOTE
r-release-linux-x86_64 0.3 0.84 64.53 65.37 NOTE
r-release-osx-x86_64-mavericks 0.3 NOTE
r-release-windows-ix86+x86_64 0.3 8.00 132.00 140.00 NOTE
r-oldrel-windows-ix86+x86_64 0.3 10.00 138.00 148.00 NOTE

Check Details

Version: 0.3
Check: DESCRIPTION meta-information
Result: NOTE
    Malformed Title field: should not end in a period.
Flavors: r-devel-linux-x86_64-debian-clang, r-devel-linux-x86_64-debian-gcc, r-devel-windows-ix86+x86_64, r-patched-linux-x86_64, r-patched-solaris-sparc, r-patched-solaris-x86, r-release-linux-x86_64, r-release-osx-x86_64-mavericks, r-release-windows-ix86+x86_64, r-oldrel-windows-ix86+x86_64

Version: 0.3
Flags: --no-stop-on-test-error
Check: DESCRIPTION meta-information
Result: NOTE
    Malformed Title field: should not end in a period.
Flavors: r-devel-linux-x86_64-fedora-clang, r-devel-linux-x86_64-fedora-gcc, r-devel-macos-x86_64-clang