CRAN Package Check Results for Package VHDClassification

Last updated on 2016-08-31 08:49:42.

Flavor Version Tinstall Tcheck Ttotal Status Flags
r-devel-linux-x86_64-debian-clang 0.3 0.82 56.64 57.46 NOTE
r-devel-linux-x86_64-debian-gcc 0.3 0.94 55.58 56.52 NOTE
r-devel-linux-x86_64-fedora-clang 0.3 108.44 NOTE
r-devel-linux-x86_64-fedora-gcc 0.3 104.53 NOTE
r-devel-osx-x86_64-clang 0.3 85.19 NOTE
r-devel-windows-ix86+x86_64 0.3 5.00 129.00 134.00 NOTE
r-patched-linux-x86_64 0.3 0.77 59.32 60.10 NOTE
r-patched-solaris-sparc 0.3 689.30 NOTE
r-patched-solaris-x86 0.3 143.70 NOTE
r-release-linux-x86_64 0.3 0.84 59.90 60.75 NOTE
r-release-osx-x86_64-mavericks 0.3 NOTE
r-release-windows-ix86+x86_64 0.3 6.00 126.00 132.00 NOTE
r-oldrel-windows-ix86+x86_64 0.3 9.00 109.00 118.00 NOTE

Check Details

Version: 0.3
Check: DESCRIPTION meta-information
Result: NOTE
    Malformed Title field: should not end in a period.
Flavors: r-devel-linux-x86_64-debian-clang, r-devel-linux-x86_64-debian-gcc, r-devel-linux-x86_64-fedora-clang, r-devel-linux-x86_64-fedora-gcc, r-devel-osx-x86_64-clang, r-devel-windows-ix86+x86_64, r-patched-linux-x86_64, r-patched-solaris-sparc, r-patched-solaris-x86, r-release-linux-x86_64, r-release-osx-x86_64-mavericks, r-release-windows-ix86+x86_64, r-oldrel-windows-ix86+x86_64