CRAN Package Check Results for Package VHDClassification

Last updated on 2015-09-05 06:48:34.

Flavor Version Tinstall Tcheck Ttotal Status Flags
r-devel-linux-x86_64-debian-clang 0.3 0.79 58.89 59.68 NOTE
r-devel-linux-x86_64-debian-gcc 0.3 0.77 56.49 57.26 NOTE
r-devel-linux-x86_64-fedora-clang 0.3 118.15 NOTE
r-devel-linux-x86_64-fedora-gcc 0.3 111.68 NOTE
r-devel-osx-x86_64-clang 0.3 84.46 NOTE
r-devel-windows-ix86+x86_64 0.3 6.00 104.00 110.00 NOTE
r-patched-linux-x86_64 0.3 0.92 62.37 63.29 NOTE
r-patched-solaris-sparc 0.3 782.10 NOTE
r-patched-solaris-x86 0.3 172.00 NOTE
r-release-linux-x86_64 0.3 0.84 61.70 62.53 NOTE
r-release-osx-x86_64-mavericks 0.3 NOTE
r-release-windows-ix86+x86_64 0.3 5.00 106.00 111.00 NOTE
r-oldrel-windows-ix86+x86_64 0.3 5.00 121.00 126.00 OK

Check Details

Version: 0.3
Check: DESCRIPTION meta-information
Result: NOTE
    Malformed Title field: should not end in a period.
Flavors: r-devel-linux-x86_64-debian-clang, r-devel-linux-x86_64-debian-gcc, r-devel-linux-x86_64-fedora-clang, r-devel-linux-x86_64-fedora-gcc, r-devel-osx-x86_64-clang, r-devel-windows-ix86+x86_64, r-patched-linux-x86_64, r-patched-solaris-sparc, r-patched-solaris-x86, r-release-linux-x86_64, r-release-osx-x86_64-mavericks, r-release-windows-ix86+x86_64