CRAN Package Check Results for Package VHDClassification

Last updated on 2017-02-25 23:48:14.

Flavor Version Tinstall Tcheck Ttotal Status Flags
r-devel-linux-x86_64-debian-clang 0.3 1.03 56.66 57.69 NOTE
r-devel-linux-x86_64-debian-gcc 0.3 1.06 60.84 61.90 NOTE
r-devel-linux-x86_64-fedora-clang 0.3 103.52 NOTE --no-stop-on-test-error
r-devel-linux-x86_64-fedora-gcc 0.3 110.92 NOTE --no-stop-on-test-error
r-devel-macos-x86_64-clang 0.3 81.01 NOTE --no-stop-on-test-error
r-devel-windows-ix86+x86_64 0.3 7.00 129.00 136.00 NOTE
r-patched-linux-x86_64 0.3 0.84 58.24 59.08 NOTE
r-patched-solaris-sparc 0.3 758.20 NOTE
r-patched-solaris-x86 0.3 141.30 NOTE
r-release-linux-x86_64 0.3 0.87 60.83 61.70 NOTE
r-release-osx-x86_64-mavericks 0.3 NOTE
r-release-windows-ix86+x86_64 0.3 6.00 140.00 146.00 NOTE
r-oldrel-windows-ix86+x86_64 0.3 4.00 129.00 133.00 NOTE

Check Details

Version: 0.3
Check: DESCRIPTION meta-information
Result: NOTE
    Malformed Title field: should not end in a period.
Flavors: r-devel-linux-x86_64-debian-clang, r-devel-linux-x86_64-debian-gcc, r-devel-windows-ix86+x86_64, r-patched-linux-x86_64, r-patched-solaris-sparc, r-patched-solaris-x86, r-release-linux-x86_64, r-release-osx-x86_64-mavericks, r-release-windows-ix86+x86_64, r-oldrel-windows-ix86+x86_64

Version: 0.3
Flags: --no-stop-on-test-error
Check: DESCRIPTION meta-information
Result: NOTE
    Malformed Title field: should not end in a period.
Flavors: r-devel-linux-x86_64-fedora-clang, r-devel-linux-x86_64-fedora-gcc, r-devel-macos-x86_64-clang