CRAN Package Check Results for Package VHDClassification

Last updated on 2017-04-27 05:52:15.

Flavor Version Tinstall Tcheck Ttotal Status Flags
r-devel-linux-x86_64-debian-clang 0.3 1.03 60.63 61.66 NOTE
r-devel-linux-x86_64-debian-gcc 0.3 1.00 58.46 59.46 NOTE
r-devel-linux-x86_64-fedora-clang 0.3 104.04 NOTE --no-stop-on-test-error
r-devel-linux-x86_64-fedora-gcc 0.3 107.11 NOTE --no-stop-on-test-error
r-devel-windows-ix86+x86_64 0.3 3.00 123.00 126.00 NOTE
r-patched-linux-x86_64 0.3 0.99 56.25 57.24 NOTE
r-patched-solaris-sparc 0.3 643.30 NOTE
r-patched-solaris-x86 0.3 176.80 NOTE
r-release-linux-x86_64 0.3 0.96 62.81 63.77 NOTE
r-release-windows-ix86+x86_64 0.3 4.00 102.00 106.00 NOTE
r-release-osx-x86_64 0.3 NOTE
r-oldrel-windows-ix86+x86_64 0.3 3.00 136.00 139.00 NOTE
r-oldrel-osx-x86_64 0.3 NOTE

Check Details

Version: 0.3
Check: DESCRIPTION meta-information
Result: NOTE
    Malformed Title field: should not end in a period.
Flavors: r-devel-linux-x86_64-debian-clang, r-devel-linux-x86_64-debian-gcc, r-devel-windows-ix86+x86_64, r-patched-linux-x86_64, r-patched-solaris-sparc, r-patched-solaris-x86, r-release-linux-x86_64, r-release-windows-ix86+x86_64, r-release-osx-x86_64, r-oldrel-windows-ix86+x86_64, r-oldrel-osx-x86_64

Version: 0.3
Flags: --no-stop-on-test-error
Check: DESCRIPTION meta-information
Result: NOTE
    Malformed Title field: should not end in a period.
Flavors: r-devel-linux-x86_64-fedora-clang, r-devel-linux-x86_64-fedora-gcc