CRAN Package Check Results for Package VIF

Last updated on 2019-05-27 00:19:47 CEST.

Flavor Version Tinstall Tcheck Ttotal Status Flags
r-devel-linux-x86_64-debian-clang 1.0 1.39 20.44 21.83 NOTE
r-devel-linux-x86_64-debian-gcc 1.0 1.43 16.79 18.22 NOTE
r-devel-linux-x86_64-fedora-clang 1.0 26.78 NOTE
r-devel-linux-x86_64-fedora-gcc 1.0 25.66 NOTE
r-devel-windows-ix86+x86_64 1.0 13.00 42.00 55.00 NOTE
r-patched-linux-x86_64 1.0 NOTE
r-patched-solaris-x86 1.0 43.20 NOTE
r-release-linux-x86_64 1.0 1.77 20.28 22.05 NOTE
r-release-windows-ix86+x86_64 1.0 5.00 37.00 42.00 NOTE
r-release-osx-x86_64 1.0 NOTE
r-oldrel-windows-ix86+x86_64 1.0 2.00 27.00 29.00 NOTE
r-oldrel-osx-x86_64 1.0 NOTE

Check Details

Version: 1.0
Check: R code for possible problems
Result: NOTE
    vif: no visible global function definition for 'sd'
    vif: no visible global function definition for 'lm'
    vif: no visible global function definition for 'pnorm'
    Undefined global functions or variables:
     lm pnorm sd
    Consider adding
     importFrom("stats", "lm", "pnorm", "sd")
    to your NAMESPACE file.
Flavors: r-devel-linux-x86_64-debian-clang, r-devel-linux-x86_64-debian-gcc, r-devel-linux-x86_64-fedora-clang, r-devel-linux-x86_64-fedora-gcc, r-devel-windows-ix86+x86_64, r-patched-linux-x86_64, r-patched-solaris-x86, r-release-linux-x86_64, r-release-windows-ix86+x86_64, r-release-osx-x86_64, r-oldrel-windows-ix86+x86_64, r-oldrel-osx-x86_64

Version: 1.0
Check: Rd line widths
Result: NOTE
    Rd file 'vif.Rd':
     \usage lines wider than 90 characters:
     vif(y, x, w0 = 0.05, dw = 0.05, subsize = 200, trace = TRUE, mode = c("dense", "sparse"))
     \examples lines wider than 100 characters:
     vif.sel <- vif(housingexp$y, housingexp$x, w0 = 0.0005, dw = 0.005, subsize = 300, trace = FALSE);
    
    These lines will be truncated in the PDF manual.
Flavors: r-devel-linux-x86_64-debian-clang, r-devel-linux-x86_64-debian-gcc, r-devel-linux-x86_64-fedora-clang, r-devel-linux-x86_64-fedora-gcc, r-patched-linux-x86_64, r-release-linux-x86_64