CRAN Package Check Results for Package VIF

Last updated on 2019-08-23 11:48:51 CEST.

Flavor Version Tinstall Tcheck Ttotal Status Flags
r-devel-linux-x86_64-debian-clang 1.0 1.67 20.70 22.37 NOTE
r-devel-linux-x86_64-debian-gcc 1.0 NOTE
r-devel-linux-x86_64-fedora-clang 1.0 29.39 NOTE
r-devel-linux-x86_64-fedora-gcc 1.0 26.94 NOTE
r-devel-windows-ix86+x86_64 1.0 5.00 39.00 44.00 NOTE
r-patched-linux-x86_64 1.0 1.51 20.73 22.24 NOTE
r-patched-solaris-x86 1.0 44.30 NOTE
r-release-linux-x86_64 1.0 1.51 20.78 22.29 NOTE
r-release-windows-ix86+x86_64 1.0 4.00 40.00 44.00 NOTE
r-release-osx-x86_64 1.0 NOTE
r-oldrel-windows-ix86+x86_64 1.0 2.00 27.00 29.00 NOTE
r-oldrel-osx-x86_64 1.0 NOTE

Check Details

Version: 1.0
Check: R code for possible problems
Result: NOTE
    vif: no visible global function definition for 'sd'
    vif: no visible global function definition for 'lm'
    vif: no visible global function definition for 'pnorm'
    Undefined global functions or variables:
     lm pnorm sd
    Consider adding
     importFrom("stats", "lm", "pnorm", "sd")
    to your NAMESPACE file.
Flavors: r-devel-linux-x86_64-debian-clang, r-devel-linux-x86_64-debian-gcc, r-devel-linux-x86_64-fedora-clang, r-devel-linux-x86_64-fedora-gcc, r-devel-windows-ix86+x86_64, r-patched-linux-x86_64, r-patched-solaris-x86, r-release-linux-x86_64, r-release-windows-ix86+x86_64, r-release-osx-x86_64, r-oldrel-windows-ix86+x86_64, r-oldrel-osx-x86_64

Version: 1.0
Check: Rd line widths
Result: NOTE
    Rd file 'vif.Rd':
     \usage lines wider than 90 characters:
     vif(y, x, w0 = 0.05, dw = 0.05, subsize = 200, trace = TRUE, mode = c("dense", "sparse"))
     \examples lines wider than 100 characters:
     vif.sel <- vif(housingexp$y, housingexp$x, w0 = 0.0005, dw = 0.005, subsize = 300, trace = FALSE);
    
    These lines will be truncated in the PDF manual.
Flavors: r-devel-linux-x86_64-debian-clang, r-devel-linux-x86_64-debian-gcc, r-devel-linux-x86_64-fedora-clang, r-devel-linux-x86_64-fedora-gcc, r-patched-linux-x86_64, r-release-linux-x86_64