CRAN Package Check Results for Package VIFCP

Last updated on 2022-12-10 05:57:41 CET.

Flavor Version Tinstall Tcheck Ttotal Status Flags
r-devel-linux-x86_64-debian-clang 1.2 2.43 26.94 29.37 OK
r-devel-linux-x86_64-debian-gcc 1.2 1.87 19.95 21.82 OK
r-devel-linux-x86_64-fedora-clang 1.2 47.44 NOTE
r-devel-linux-x86_64-fedora-gcc 1.2 45.64 NOTE
r-devel-windows-x86_64 1.2 10.00 50.00 60.00 OK
r-patched-linux-x86_64 1.2 2.18 25.42 27.60 OK
r-release-linux-x86_64 1.2 2.37 26.15 28.52 OK
r-release-macos-arm64 1.2 16.00 OK
r-release-macos-x86_64 1.2 22.00 OK
r-release-windows-x86_64 1.2 6.00 47.00 53.00 OK
r-oldrel-macos-arm64 1.2 20.00 OK
r-oldrel-macos-x86_64 1.2 31.00 OK
r-oldrel-windows-ix86+x86_64 1.2 7.00 49.00 56.00 OK

Check Details

Version: 1.2
Check: compiled code
Result: NOTE
    File ‘VIFCP/libs/VIFCP.so’:
     Found no calls to: ‘R_registerRoutines’, ‘R_useDynamicSymbols’
    
    It is good practice to register native routines and to disable symbol
    search.
    
    See ‘Writing portable packages’ in the ‘Writing R Extensions’ manual.
Flavors: r-devel-linux-x86_64-fedora-clang, r-devel-linux-x86_64-fedora-gcc