CRAN Package Check Results for Package VIGoR

Last updated on 2018-07-17 20:50:23 CEST.

Flavor Version Tinstall Tcheck Ttotal Status Flags
r-devel-linux-x86_64-debian-clang 1.0 5.82 24.22 30.04 NOTE
r-devel-linux-x86_64-debian-gcc 1.0 4.91 19.11 24.02 NOTE
r-devel-linux-x86_64-fedora-clang 1.0 37.62 NOTE
r-devel-linux-x86_64-fedora-gcc 1.0 34.62 NOTE
r-devel-windows-ix86+x86_64 1.0 16.00 44.00 60.00 NOTE
r-patched-linux-x86_64 1.0 7.09 23.48 30.57 NOTE
r-patched-solaris-x86 1.0 63.90 NOTE
r-release-linux-x86_64 1.0 5.36 23.38 28.74 NOTE
r-release-windows-ix86+x86_64 1.0 17.00 44.00 61.00 NOTE
r-release-osx-x86_64 1.0 NOTE
r-oldrel-windows-ix86+x86_64 1.0 14.00 41.00 55.00 NOTE
r-oldrel-osx-x86_64 1.0 NOTE

Check Details

Version: 1.0
Check: R code for possible problems
Result: NOTE
    hyperpara: no visible binding for global variable ‘var’
    hyperpara: no visible global function definition for ‘hist’
    Undefined global functions or variables:
     hist var
    Consider adding
     importFrom("graphics", "hist")
     importFrom("stats", "var")
    to your NAMESPACE file.
Flavors: r-devel-linux-x86_64-debian-clang, r-devel-linux-x86_64-debian-gcc, r-devel-linux-x86_64-fedora-clang, r-devel-linux-x86_64-fedora-gcc, r-devel-windows-ix86+x86_64, r-patched-linux-x86_64, r-patched-solaris-x86, r-release-linux-x86_64, r-release-windows-ix86+x86_64, r-release-osx-x86_64, r-oldrel-windows-ix86+x86_64, r-oldrel-osx-x86_64

Version: 1.0
Check: compiled code
Result: NOTE
    File ‘VIGoR/libs/VIGoR.so’:
     Found no calls to: ‘R_registerRoutines’, ‘R_useDynamicSymbols’
    
    It is good practice to register native routines and to disable symbol
    search.
    
    See ‘Writing portable packages’ in the ‘Writing R Extensions’ manual.
Flavors: r-devel-linux-x86_64-debian-clang, r-devel-linux-x86_64-debian-gcc, r-devel-linux-x86_64-fedora-clang, r-devel-linux-x86_64-fedora-gcc, r-patched-linux-x86_64, r-release-linux-x86_64