CRAN Package Check Results for Package VIGoR

Last updated on 2018-12-12 15:48:31 CET.

Flavor Version Tinstall Tcheck Ttotal Status Flags
r-devel-linux-x86_64-debian-clang 1.0 6.24 24.25 30.49 NOTE
r-devel-linux-x86_64-debian-gcc 1.0 4.78 19.56 24.34 NOTE
r-devel-linux-x86_64-fedora-clang 1.0 37.27 NOTE
r-devel-linux-x86_64-fedora-gcc 1.0 35.32 NOTE
r-devel-windows-ix86+x86_64 1.0 17.00 44.00 61.00 NOTE
r-patched-linux-x86_64 1.0 6.17 23.25 29.42 NOTE
r-patched-solaris-x86 1.0 65.60 NOTE
r-release-linux-x86_64 1.0 5.72 23.24 28.96 NOTE
r-release-windows-ix86+x86_64 1.0 17.00 44.00 61.00 NOTE
r-release-osx-x86_64 1.0 NOTE
r-oldrel-windows-ix86+x86_64 1.0 12.00 43.00 55.00 NOTE
r-oldrel-osx-x86_64 1.0 NOTE

Check Details

Version: 1.0
Check: R code for possible problems
Result: NOTE
    hyperpara: no visible binding for global variable ‘var’
    hyperpara: no visible global function definition for ‘hist’
    Undefined global functions or variables:
     hist var
    Consider adding
     importFrom("graphics", "hist")
     importFrom("stats", "var")
    to your NAMESPACE file.
Flavors: r-devel-linux-x86_64-debian-clang, r-devel-linux-x86_64-debian-gcc, r-devel-linux-x86_64-fedora-clang, r-devel-linux-x86_64-fedora-gcc, r-devel-windows-ix86+x86_64, r-patched-linux-x86_64, r-patched-solaris-x86, r-release-linux-x86_64, r-release-windows-ix86+x86_64, r-release-osx-x86_64, r-oldrel-windows-ix86+x86_64, r-oldrel-osx-x86_64

Version: 1.0
Check: compiled code
Result: NOTE
    File ‘VIGoR/libs/VIGoR.so’:
     Found no calls to: ‘R_registerRoutines’, ‘R_useDynamicSymbols’
    
    It is good practice to register native routines and to disable symbol
    search.
    
    See ‘Writing portable packages’ in the ‘Writing R Extensions’ manual.
Flavors: r-devel-linux-x86_64-fedora-clang, r-devel-linux-x86_64-fedora-gcc