CRAN Package Check Results for Package VIM

Last updated on 2014-09-17 08:49:32.

Flavor Version Tinstall Tcheck Ttotal Status Flags
r-devel-linux-x86_64-debian-clang 4.0.0 8.54 71.44 79.98 OK
r-devel-linux-x86_64-debian-gcc 4.0.0 8.80 71.32 80.12 OK
r-devel-linux-x86_64-fedora-clang 4.0.0 180.24 OK
r-devel-linux-x86_64-fedora-gcc 4.0.0 177.07 OK
r-devel-osx-x86_64-clang 4.0.0 136.27 OK
r-devel-windows-ix86+x86_64 4.0.0 30.00 126.00 156.00 OK
r-patched-linux-x86_64 4.0.0 9.07 79.70 88.77 OK
r-patched-solaris-sparc 4.0.0 1028.10 OK
r-patched-solaris-x86 4.0.0 232.30 OK
r-release-linux-ix86 4.0.0 11.33 95.93 107.26 OK
r-release-linux-x86_64 4.0.0 9.12 76.84 85.96 OK
r-release-osx-x86_64-mavericks 4.0.0 NOTE
r-release-osx-x86_64-snowleopard 4.0.0 OK
r-release-windows-ix86+x86_64 4.0.0 26.00 139.00 165.00 OK
r-oldrel-windows-ix86+x86_64 4.0.0 28.00 152.00 180.00 OK

Check Details

Version: 4.0.0
Check: Rd cross-references
Result: NOTE
    Package unavailable to check Rd xrefs: ‘StatDA’
Flavor: r-release-osx-x86_64-mavericks