CRAN Package Check Results for Package VIM

Last updated on 2016-12-08 23:49:55.

Flavor Version Tinstall Tcheck Ttotal Status Flags
r-devel-linux-x86_64-debian-clang 4.6.0 13.61 84.82 98.44 OK
r-devel-linux-x86_64-debian-gcc 4.6.0 15.25 85.55 100.80 OK
r-devel-linux-x86_64-fedora-clang 4.6.0 214.19 OK --no-stop-on-test-error
r-devel-linux-x86_64-fedora-gcc 4.6.0 211.76 OK --no-stop-on-test-error
r-devel-macos-x86_64-clang 4.6.0 158.70 OK --no-stop-on-test-error
r-devel-windows-ix86+x86_64 4.6.0 37.00 171.00 208.00 OK
r-patched-linux-x86_64 4.6.0 12.55 80.58 93.14 OK
r-patched-solaris-sparc 4.6.0 1096.20 NOTE
r-patched-solaris-x86 4.6.0 228.60 NOTE
r-release-linux-x86_64 4.6.0 12.71 78.98 91.70 OK
r-release-osx-x86_64-mavericks 4.6.0 OK
r-release-windows-ix86+x86_64 4.6.0 34.00 173.00 207.00 OK
r-oldrel-windows-ix86+x86_64 4.6.0 50.00 179.00 229.00 OK

Check Details

Version: 4.6.0
Check: Rd cross-references
Result: NOTE
    Package unavailable to check Rd xrefs: ‘StatDA’
Flavors: r-patched-solaris-sparc, r-patched-solaris-x86