CRAN Package Check Results for Package VIM

Last updated on 2014-04-23 20:47:24.

Flavor Version Tinstall Tcheck Ttotal Status Flags
r-devel-linux-x86_64-debian-clang 4.0.0 8.90 77.00 85.90 OK
r-devel-linux-x86_64-debian-gcc 4.0.0 9.59 76.67 86.26 OK
r-devel-linux-x86_64-fedora-clang 4.0.0 192.43 OK
r-devel-linux-x86_64-fedora-gcc 4.0.0 189.08 OK
r-devel-osx-x86_64-clang 4.0.0 138.13 OK
r-devel-osx-x86_64-gcc 4.0.0 ERROR
r-devel-windows-ix86+x86_64 4.0.0 30.00 147.00 177.00 OK
r-patched-linux-x86_64 4.0.0 9.59 76.92 86.51 OK
r-patched-solaris-sparc 4.0.0 1046.50 OK
r-patched-solaris-x86 4.0.0 237.00 OK
r-release-linux-ix86 4.0.0 14.00 118.00 132.00 OK
r-release-linux-x86_64 4.0.0 9.70 79.16 88.86 OK
r-release-osx-x86_64-mavericks 4.0.0 WARN
r-release-osx-x86_64-snowleopard 4.0.0 OK
r-release-windows-ix86+x86_64 4.0.0 30.00 144.00 174.00 OK
r-oldrel-windows-ix86+x86_64 4.0.0 30.00 142.00 172.00 OK

Check Details

Version: 4.0.0
Check: package dependencies
Result: ERROR
    Packages required but not available: ‘car’ ‘robustbase’
    
    See the information on DESCRIPTION files in the chapter ‘Creating R
    packages’ of the ‘Writing R Extensions’ manual.
Flavor: r-devel-osx-x86_64-gcc

Version: 4.0.0
Check: Rd cross-references
Result: NOTE
    Packages unavailable to check Rd xrefs: ‘mvoutlier’, ‘StatDA’, ‘mi’
Flavor: r-release-osx-x86_64-mavericks

Version: 4.0.0
Check: PDF version of manual
Result: WARNING
    LaTeX errors when creating PDF version.
    This typically indicates Rd problems.
    LaTeX errors found:
    ! LaTeX Error: File `upquote.sty' not found.
    
    Type X to quit or <RETURN> to proceed,
    or enter new name. (Default extension: sty)
    
    4836bfca/Rd2.tex:8: ==> Fatal error occurred, no output PDF file produced!
Flavor: r-release-osx-x86_64-mavericks