CRAN Package Check Results for Package VIM

Last updated on 2015-05-30 11:50:40.

Flavor Version Tinstall Tcheck Ttotal Status Flags
r-devel-linux-x86_64-debian-clang 4.1.0 9.16 73.68 82.84 OK
r-devel-linux-x86_64-debian-gcc 4.1.0 9.11 72.67 81.78 OK
r-devel-linux-x86_64-fedora-clang 4.1.0 171.66 OK
r-devel-linux-x86_64-fedora-gcc 4.1.0 153.17 OK
r-devel-osx-x86_64-clang 4.1.0 141.31 OK
r-devel-windows-ix86+x86_64 4.1.0 29.00 143.00 172.00 OK
r-patched-linux-x86_64 4.1.0 8.71 70.75 79.46 OK
r-patched-solaris-sparc 4.1.0 966.80 OK
r-patched-solaris-x86 4.1.0 206.50 OK
r-release-linux-x86_64 4.1.0 8.94 71.04 79.98 OK
r-release-osx-x86_64-mavericks 4.1.0 OK
r-release-osx-x86_64-snowleopard 4.1.0 ERROR
r-release-windows-ix86+x86_64 4.1.0 29.00 145.00 174.00 OK
r-oldrel-windows-ix86+x86_64 4.1.0 39.00 205.00 244.00 OK

Check Details

Version: 4.1.0
Check: package dependencies
Result: ERROR
    Package required but not available: ‘car’
    
    See section ‘The DESCRIPTION file’ in the ‘Writing R Extensions’
    manual.
Flavor: r-release-osx-x86_64-snowleopard