CRAN Package Check Results for Package VIM

Last updated on 2015-06-29 23:47:18.

Flavor Version Tinstall Tcheck Ttotal Status Flags
r-devel-linux-x86_64-debian-clang 4.1.0 8.65 72.09 80.74 NOTE
r-devel-linux-x86_64-debian-gcc 4.1.0 8.69 71.55 80.24 NOTE
r-devel-linux-x86_64-fedora-clang 4.1.0 166.54 OK
r-devel-linux-x86_64-fedora-gcc 4.1.0 154.96 OK
r-devel-osx-x86_64-clang 4.1.0 145.19 OK
r-devel-windows-ix86+x86_64 4.1.0 36.00 138.00 174.00 NOTE
r-patched-linux-x86_64 4.1.0 8.69 71.68 80.37 OK
r-patched-solaris-sparc 4.1.0 1035.20 OK
r-patched-solaris-x86 4.1.0 213.40 OK
r-release-linux-x86_64 4.1.0 9.14 73.62 82.76 OK
r-release-osx-x86_64-mavericks 4.1.0 OK
r-release-windows-ix86+x86_64 4.1.0 43.00 151.00 194.00 OK
r-oldrel-windows-ix86+x86_64 4.1.0 42.00 255.00 297.00 OK

Check Details

Version: 4.1.0
Check: R code for possible problems
Result: NOTE
    barMiss_work : localAxis: no visible global function definition for
     ‘axis’
    barMiss_work : localTitle: no visible global function definition for
     ‘title’
    barMiss_work : createPlot: no visible global function definition for
     ‘barplot’
    barMiss_work : createPlot: no visible global function definition for
     ‘abline’
    barMiss_work : createPlot: no visible global function definition for
     ‘rect’
    barMiss_work : createPlot: no visible global function definition for
     ‘par’
    barMiss_work: no visible global function definition for ‘par’
    bgmap : bgmap.plot: no visible global function definition for ‘lines’
    bgmap : bgmap.plot: no visible global function definition for ‘par’
    circles: no visible global function definition for ‘par’
    circles: no visible global function definition for ‘polygon’
    colormapMiss: no visible global function definition for ‘par’
    colormapMiss.data.frame: no visible global function definition for
     ‘par’
    colormapMiss.default: no visible global function definition for ‘par’
    colormapMiss.survey.design: no visible global function definition for
     ‘par’
    colormapMissLegend: no visible global function definition for ‘par’
    colormapMissLegend: no visible global function definition for ‘rect’
    colormapMissLegend: no visible global function definition for ‘text’
    colormapMiss_work: no visible global function definition for ‘par’
    colormapMiss_work: no visible global function definition for ‘text’
    growdotMiss: no visible global function definition for ‘par’
    growdotMiss.data.frame: no visible global function definition for ‘par’
    growdotMiss.default: no visible global function definition for ‘par’
    growdotMiss.survey.design: no visible global function definition for
     ‘par’
    growdotMiss_work: no visible global function definition for ‘par’
    growdotMiss_work: no visible global function definition for ‘rect’
    growdotMiss_work: no visible global function definition for ‘strheight’
    growdotMiss_work: no visible global function definition for ‘strwidth’
    growdotMiss_work: no visible global function definition for ‘text’
    histMiss_work : localAxis: no visible global function definition for
     ‘axis’
    histMiss_work : localTitle: no visible global function definition for
     ‘title’
    histMiss_work : createPlot: no visible global function definition for
     ‘hist’
    histMiss_work : createPlot: no visible global function definition for
     ‘par’
    histMiss_work : createPlot: no visible global function definition for
     ‘axTicks’
    histMiss_work : createPlot: no visible global function definition for
     ‘abline’
    histMiss_work : createPlot: no visible global function definition for
     ‘rect’
    histMiss_work: no visible global function definition for ‘par’
    irmi_work: no visible global function definition for ‘head’
    irmi_work: no visible global function definition for ‘flush.console’
    locatorVIM: no visible global function definition for ‘locator’
    mapMiss_work: no visible global function definition for ‘points’
    marginmatrix_work : panel.marginplot: no visible global function
     definition for ‘par’
    marginplot: no visible global function definition for ‘par’
    marginplot : initializeWindow: no visible global function definition
     for ‘plot.new’
    marginplot : initializeWindow: no visible global function definition
     for ‘plot.window’
    marginplot : localPoints: no visible global function definition for
     ‘points’
    marginplot: no visible global function definition for ‘box’
    marginplot: no visible global function definition for ‘boxplot’
    marginplot: no visible global function definition for ‘abline’
    marginplot: no visible global function definition for ‘strwidth’
    marginplot: no visible global function definition for ‘strheight’
    marginplot: no visible global function definition for ‘text’
    marginplot : localAxis: no visible global function definition for
     ‘axis’
    marginplot : localBox: no visible global function definition for ‘box’
    marginplot : localTitle: no visible global function definition for
     ‘title’
    matrixplot_work: no visible global function definition for ‘par’
    matrixplot_work : initializeWindow: no visible global function
     definition for ‘plot.new’
    matrixplot_work : initializeWindow: no visible global function
     definition for ‘plot.window’
    matrixplot_work : localWindow: no visible global function definition
     for ‘plot.window’
    matrixplot_work : createPlot: no visible global function definition for
     ‘rect’
    matrixplot_work: no visible binding for global variable ‘axis’
    matrixplot_work: no visible global function definition for ‘axis’
    matrixplot_work: no visible global function definition for ‘title’
    pairsVIM: no visible binding for global variable ‘points’
    pairsVIM: no visible global function definition for ‘par’
    pairsVIM : initializePlot: no visible global function definition for
     ‘plot.new’
    pairsVIM : initializePlot: no visible global function definition for
     ‘plot.window’
    pairsVIM : localAxis: no visible global function definition for ‘axis’
    pairsVIM : localBox: no visible global function definition for ‘box’
    pairsVIM : localTitle: no visible global function definition for ‘par’
    pairsVIM : localTitle: no visible global function definition for
     ‘title’
    pairsVIM : localText: no visible global function definition for ‘text’
    pairsVIM : localStrwidth: no visible global function definition for
     ‘strwidth’
    pairsVIM : localStrheight: no visible global function definition for
     ‘strheight’
    parcoordMiss: no visible global function definition for ‘par’
    parcoordMiss.data.frame: no visible global function definition for
     ‘par’
    parcoordMiss.default: no visible global function definition for ‘par’
    parcoordMiss.survey.design: no visible global function definition for
     ‘par’
    parcoordMiss_work: no visible global function definition for ‘par’
    parcoordMiss_work : localWindow: no visible global function definition
     for ‘plot.window’
    parcoordMiss_work : localLines: no visible global function definition
     for ‘lines’
    parcoordMiss_work : localAxis: no visible global function definition
     for ‘axis’
    parcoordMiss_work : localTitle: no visible global function definition
     for ‘title’
    parcoordMiss_work : createPlot: no visible global function definition
     for ‘plot.new’
    parcoordMiss_work : createPlot: no visible global function definition
     for ‘lines’
    parcoordMiss_work : createPlot: no visible global function definition
     for ‘par’
    pbox: no visible global function definition for ‘par’
    pbox.data.frame: no visible global function definition for ‘par’
    pbox.default: no visible global function definition for ‘par’
    pbox.survey.design: no visible global function definition for ‘par’
    pbox_work: no visible global function definition for ‘par’
    pbox_work : localBoxplot: no visible global function definition for
     ‘boxplot’
    pbox_work : createPlot: no visible global function definition for ‘par’
    pbox_work : createPlot : initializeWindow: no visible global function
     definition for ‘plot.new’
    pbox_work : createPlot : initializeWindow: no visible global function
     definition for ‘plot.window’
    pbox_work : createPlot: no visible global function definition for ‘box’
    pbox_work : createPlot: no visible global function definition for
     ‘abline’
    pbox_work : createPlot: no visible global function definition for
     ‘text’
    pbox_work : createPlot : localXAxis: no visible global function
     definition for ‘axis’
    pbox_work : createPlot : localYAxis: no visible global function
     definition for ‘axis’
    pbox_work : createPlot : localBox: no visible global function
     definition for ‘box’
    pbox_work : createPlot : localTitle: no visible global function
     definition for ‘title’
    plot.aggr: no visible global function definition for ‘par’
    plot.aggr: no visible global function definition for ‘strheight’
    plot.aggr: no visible global function definition for ‘strwidth’
    plot.aggr: no visible global function definition for ‘layout’
    plot.aggr: no visible global function definition for ‘lcm’
    plot.aggr: no visible global function definition for ‘barplot’
    plot.aggr: no visible global function definition for ‘axis’
    plot.aggr: no visible global function definition for ‘rect’
    plot.aggr: no visible global function definition for ‘title’
    plot.aggr: no visible global function definition for ‘text’
    prettyLabels: no visible global function definition for ‘par’
    prettyLabels: no visible global function definition for ‘strwidth’
    prettyLabels: no visible global function definition for ‘strheight’
    rugNA: no visible binding for global variable ‘Axis’
    scattJitt: no visible global function definition for ‘par’
    scattJitt: no visible global function definition for ‘abline’
    scattJitt: no visible global function definition for ‘text’
    scattJitt : localAxis: no visible global function definition for ‘axis’
    scattJitt : localBox: no visible global function definition for ‘box’
    scattMiss: no visible global function definition for ‘par’
    scattMiss : createPlot : localPlot: no visible global function
     definition for ‘lines’
    scattMiss : createPlot : localPlot: no visible global function
     definition for ‘abline’
    scattMiss : createPlot: no visible global function definition for
     ‘points’
    scattmatrixMiss: no visible global function definition for ‘par’
    scattmatrixMiss.data.frame: no visible global function definition for
     ‘par’
    scattmatrixMiss.default: no visible global function definition for
     ‘par’
    scattmatrixMiss.survey.design: no visible global function definition
     for ‘par’
    scattmatrixMiss_work: no visible global function definition for ‘par’
    scattmatrixMiss_work : createPlot : panel.miss: no visible global
     function definition for ‘points’
    scattmatrixMiss_work : createPlot : panel.density: no visible global
     function definition for ‘par’
    scattmatrixMiss_work : createPlot : panel.density : localPlot: no
     visible global function definition for ‘par’
    scattmatrixMiss_work : createPlot : panel.density: no visible global
     function definition for ‘lines’
    spineMiss : localAxis: no visible global function definition for ‘axis’
    spineMiss : localTitle: no visible global function definition for
     ‘title’
    spineMiss : createPlot: no visible global function definition for
     ‘rect’
    spineMiss : createPlot: no visible global function definition for
     ‘hist’
    spineMiss : createPlot: no visible global function definition for
     ‘abline’
    spineMiss : createPlot: no visible global function definition for ‘par’
    spineMiss: no visible global function definition for ‘par’
    useMN: no visible global function definition for ‘capture.output’
Flavors: r-devel-linux-x86_64-debian-clang, r-devel-linux-x86_64-debian-gcc, r-devel-windows-ix86+x86_64