CRAN Package Check Results for Package VIM

Last updated on 2014-11-27 17:47:45.

Flavor Version Tinstall Tcheck Ttotal Status Flags
r-devel-linux-x86_64-debian-clang 4.1.0 6.48 54.01 60.49 OK
r-devel-linux-x86_64-debian-gcc 4.1.0 6.82 52.72 59.54 OK
r-devel-linux-x86_64-fedora-clang 4.1.0 130.01 OK
r-devel-linux-x86_64-fedora-gcc 4.1.0 139.45 OK
r-devel-osx-x86_64-clang 4.1.0 106.47 OK
r-devel-windows-ix86+x86_64 4.1.0 25.00 105.00 130.00 OK
r-patched-linux-x86_64 4.1.0 6.90 55.24 62.14 OK
r-patched-solaris-sparc 4.1.0 654.70 OK
r-patched-solaris-x86 4.1.0 158.40 OK
r-release-linux-ix86 4.1.0 8.34 66.90 75.24 OK
r-release-linux-x86_64 4.1.0 7.06 56.38 63.44 OK
r-release-osx-x86_64-mavericks 4.1.0 OK
r-release-osx-x86_64-snowleopard 4.1.0 ERROR
r-release-windows-ix86+x86_64 4.1.0 24.00 119.00 143.00 OK
r-oldrel-windows-ix86+x86_64 4.0.0 25.00 145.00 170.00 OK

Check Details

Version: 4.1.0
Check: package dependencies
Result: ERROR
    Package required and available but unsuitable version: ‘data.table’
    
    See the information on DESCRIPTION files in the chapter ‘Creating R
    packages’ of the ‘Writing R Extensions’ manual.
Flavor: r-release-osx-x86_64-snowleopard