CRAN Package Check Results for Package VIM

Last updated on 2015-01-31 20:47:03.

Flavor Version Tinstall Tcheck Ttotal Status Flags
r-devel-linux-x86_64-debian-clang 4.1.0 5.75 46.25 52.00 OK
r-devel-linux-x86_64-debian-gcc 4.1.0 7.67 44.50 52.16 OK
r-devel-linux-x86_64-fedora-clang 4.1.0 121.30 OK
r-devel-linux-x86_64-fedora-gcc 4.1.0 105.11 OK
r-devel-osx-x86_64-clang 4.1.0 106.59 OK
r-devel-windows-ix86+x86_64 4.1.0 27.00 88.00 115.00 OK
r-patched-linux-x86_64 4.1.0 8.28 55.94 64.22 OK
r-patched-solaris-sparc 4.1.0 714.00 OK
r-patched-solaris-x86 4.1.0 156.70 OK
r-release-linux-ix86 4.1.0 8.40 67.83 76.22 OK
r-release-linux-x86_64 4.1.0 7.00 55.54 62.54 OK
r-release-osx-x86_64-mavericks 4.1.0 OK
r-release-osx-x86_64-snowleopard 4.1.0 ERROR
r-release-windows-ix86+x86_64 4.1.0 29.00 123.00 152.00 OK
r-oldrel-windows-ix86+x86_64 4.0.0 25.00 145.00 170.00 OK

Check Details

Version: 4.1.0
Check: package dependencies
Result: ERROR
    Package required and available but unsuitable version: ‘data.table’
    
    See the information on DESCRIPTION files in the chapter ‘Creating R
    packages’ of the ‘Writing R Extensions’ manual.
Flavor: r-release-osx-x86_64-snowleopard