CRAN Package Check Results for Package VIM

Last updated on 2017-03-28 23:50:57.

Flavor Version Tinstall Tcheck Ttotal Status Flags
r-devel-linux-x86_64-debian-clang 4.6.0 14.43 86.55 100.98 NOTE
r-devel-linux-x86_64-debian-gcc 4.6.0 14.63 85.78 100.41 NOTE
r-devel-linux-x86_64-fedora-clang 4.6.0 207.99 NOTE --no-stop-on-test-error
r-devel-linux-x86_64-fedora-gcc 4.6.0 212.28 NOTE --no-stop-on-test-error
r-devel-macos-x86_64-clang 4.6.0 155.13 NOTE --no-stop-on-test-error
r-devel-windows-ix86+x86_64 4.6.0 37.00 202.00 239.00 OK
r-patched-linux-x86_64 4.6.0 13.82 83.95 97.77 NOTE
r-patched-solaris-sparc 4.6.0 1175.60 NOTE
r-patched-solaris-x86 4.6.0 250.00 NOTE
r-release-linux-x86_64 4.6.0 12.88 81.25 94.13 OK
r-release-osx-x86_64-mavericks 4.6.0 OK
r-release-windows-ix86+x86_64 4.6.0 51.00 169.00 220.00 OK
r-oldrel-windows-ix86+x86_64 4.6.0 36.00 198.00 234.00 OK

Check Details

Version: 4.6.0
Check: compiled code
Result: NOTE
    File ‘VIM/libs/VIM.so’:
     Found no calls to: ‘R_registerRoutines’, ‘R_useDynamicSymbols’
    
    It is good practice to register native routines and to disable symbol
    search.
    
    See ‘Writing portable packages’ in the ‘Writing R Extensions’ manual.
Flavors: r-devel-linux-x86_64-debian-clang, r-devel-linux-x86_64-debian-gcc, r-patched-linux-x86_64

Version: 4.6.0
Flags: --no-stop-on-test-error
Check: compiled code
Result: NOTE
    File ‘VIM/libs/VIM.so’:
     Found no calls to: ‘R_registerRoutines’, ‘R_useDynamicSymbols’
    
    It is good practice to register native routines and to disable symbol
    search.
    
    See ‘Writing portable packages’ in the ‘Writing R Extensions’ manual.
Flavors: r-devel-linux-x86_64-fedora-clang, r-devel-linux-x86_64-fedora-gcc, r-devel-macos-x86_64-clang

Version: 4.6.0
Check: Rd cross-references
Result: NOTE
    Package unavailable to check Rd xrefs: ‘StatDA’
Flavors: r-patched-solaris-sparc, r-patched-solaris-x86