CRAN Package Check Results for Package VIM

Last updated on 2017-01-16 10:48:17.

Flavor Version Tinstall Tcheck Ttotal Status Flags
r-devel-linux-x86_64-debian-clang 4.6.0 13.68 82.75 96.43 OK
r-devel-linux-x86_64-debian-gcc 4.6.0 14.81 82.79 97.60 OK
r-devel-linux-x86_64-fedora-clang 4.6.0 206.13 OK --no-stop-on-test-error
r-devel-linux-x86_64-fedora-gcc 4.6.0 201.00 NOTE --no-stop-on-test-error
r-devel-macos-x86_64-clang 4.6.0 152.91 OK --no-stop-on-test-error
r-devel-windows-ix86+x86_64 4.6.0 40.00 191.00 231.00 OK
r-patched-linux-x86_64 4.6.0 12.69 80.41 93.10 OK
r-patched-solaris-sparc 4.6.0 1164.80 NOTE
r-patched-solaris-x86 4.6.0 230.50 NOTE
r-release-linux-x86_64 4.6.0 12.69 80.19 92.88 OK
r-release-osx-x86_64-mavericks 4.6.0 OK
r-release-windows-ix86+x86_64 4.6.0 48.00 190.00 238.00 OK
r-oldrel-windows-ix86+x86_64 4.6.0 36.00 202.00 238.00 OK

Check Details

Version: 4.6.0
Flags: --no-stop-on-test-error
Check: compiled code
Result: NOTE
    File ‘VIM/libs/VIM.so’:
     Found no calls to: ‘R_registerRoutines’, ‘R_useDynamicSymbols’
    
    It is good practice to use registered native symbols and disable symbol
    search.
    
    See ‘Writing portable packages’ in the ‘Writing R Extensions’ manual.
Flavor: r-devel-linux-x86_64-fedora-gcc

Version: 4.6.0
Check: Rd cross-references
Result: NOTE
    Package unavailable to check Rd xrefs: ‘StatDA’
Flavors: r-patched-solaris-sparc, r-patched-solaris-x86