CRAN Package Check Results for Package VIM

Last updated on 2014-07-25 14:47:45.

Flavor Version Tinstall Tcheck Ttotal Status Flags
r-devel-linux-x86_64-debian-clang 4.0.0 9.84 75.13 84.96 OK
r-devel-linux-x86_64-debian-gcc 4.0.0 10.32 73.36 83.68 OK
r-devel-linux-x86_64-fedora-clang 4.0.0 195.91 OK
r-devel-linux-x86_64-fedora-gcc 4.0.0 186.42 OK
r-devel-osx-x86_64-clang 4.0.0 146.14 OK
r-devel-windows-ix86+x86_64 4.0.0 32.00 138.00 170.00 OK
r-patched-linux-x86_64 4.0.0 9.16 74.41 83.57 OK
r-patched-solaris-sparc 4.0.0 1046.50 OK
r-patched-solaris-x86 4.0.0 236.90 OK
r-release-linux-ix86 4.0.0 11.25 90.39 101.64 OK
r-release-linux-x86_64 4.0.0 9.46 74.51 83.97 OK
r-release-osx-x86_64-mavericks 4.0.0 NOTE
r-release-osx-x86_64-snowleopard 4.0.0 OK
r-release-windows-ix86+x86_64 4.0.0 28.00 152.00 180.00 OK
r-oldrel-windows-ix86+x86_64 4.0.0 30.00 143.00 173.00 OK

Check Details

Version: 4.0.0
Check: Rd cross-references
Result: NOTE
    Package unavailable to check Rd xrefs: ‘StatDA’
Flavor: r-release-osx-x86_64-mavericks