CRAN Package Check Results for Package VIM

Last updated on 2014-08-21 05:47:07.

Flavor Version Tinstall Tcheck Ttotal Status Flags
r-devel-linux-x86_64-debian-clang 4.0.0 8.70 74.13 82.83 OK
r-devel-linux-x86_64-debian-gcc 4.0.0 8.88 73.02 81.90 OK
r-devel-linux-x86_64-fedora-clang 4.0.0 202.11 OK
r-devel-linux-x86_64-fedora-gcc 4.0.0 202.78 OK
r-devel-osx-x86_64-clang 4.0.0 143.44 OK
r-devel-windows-ix86+x86_64 4.0.0 29.00 137.00 166.00 OK
r-patched-linux-x86_64 4.0.0 9.27 77.29 86.56 OK
r-patched-solaris-sparc 4.0.0 1028.10 OK
r-patched-solaris-x86 4.0.0 234.30 OK
r-release-linux-ix86 4.0.0 11.60 91.14 102.74 OK
r-release-linux-x86_64 4.0.0 9.15 76.54 85.70 OK
r-release-osx-x86_64-mavericks 4.0.0 NOTE
r-release-osx-x86_64-snowleopard 4.0.0 OK
r-release-windows-ix86+x86_64 4.0.0 29.00 142.00 171.00 OK
r-oldrel-windows-ix86+x86_64 4.0.0 30.00 155.00 185.00 OK

Check Details

Version: 4.0.0
Check: Rd cross-references
Result: NOTE
    Package unavailable to check Rd xrefs: ‘StatDA’
Flavor: r-release-osx-x86_64-mavericks