CRAN Package Check Results for Package VIM

Last updated on 2015-04-20 02:48:52.

Flavor Version Tinstall Tcheck Ttotal Status Flags
r-devel-linux-x86_64-debian-clang 4.1.0 8.52 71.50 80.02 OK
r-devel-linux-x86_64-debian-gcc 4.1.0 8.55 73.32 81.87 OK
r-devel-linux-x86_64-fedora-clang 4.1.0 165.91 OK
r-devel-linux-x86_64-fedora-gcc 4.1.0 150.34 OK
r-devel-osx-x86_64-clang 4.1.0 144.07 OK
r-devel-windows-ix86+x86_64 4.1.0 40.00 191.00 231.00 OK
r-patched-linux-x86_64 4.1.0 8.82 69.91 78.74 OK
r-patched-solaris-sparc 4.1.0 1055.80 OK
r-patched-solaris-x86 4.1.0 199.80 OK
r-release-linux-x86_64 4.1.0 8.80 70.04 78.84 OK
r-release-osx-x86_64-mavericks 4.1.0 OK
r-release-osx-x86_64-snowleopard 4.1.0 ERROR
r-release-windows-ix86+x86_64 4.1.0 24.00 139.00 163.00 OK
r-oldrel-windows-ix86+x86_64 4.1.0 34.00 193.00 227.00 OK

Check Details

Version: 4.1.0
Check: package dependencies
Result: ERROR
    Package required but not available: ‘car’
    
    See section ‘The DESCRIPTION file’ in the ‘Writing R Extensions’
    manual.
Flavor: r-release-osx-x86_64-snowleopard