CRAN Package Check Results for Package VIM

Last updated on 2014-12-22 19:48:36.

Flavor Version Tinstall Tcheck Ttotal Status Flags
r-devel-linux-x86_64-debian-clang 4.1.0 7.51 55.04 62.56 OK
r-devel-linux-x86_64-debian-gcc 4.1.0 7.95 52.02 59.98 OK
r-devel-linux-x86_64-fedora-clang 4.1.0 128.89 OK
r-devel-linux-x86_64-fedora-gcc 4.1.0 120.46 OK
r-devel-osx-x86_64-clang 4.1.0 107.47 OK
r-devel-windows-ix86+x86_64 4.1.0 24.00 106.00 130.00 OK
r-patched-linux-x86_64 4.1.0 7.10 57.38 64.47 OK
r-patched-solaris-sparc 4.1.0 715.30 OK
r-patched-solaris-x86 4.1.0 154.00 OK
r-release-linux-ix86 4.1.0 8.30 66.58 74.88 OK
r-release-linux-x86_64 4.1.0 7.01 55.31 62.32 OK
r-release-osx-x86_64-mavericks 4.1.0 OK
r-release-osx-x86_64-snowleopard 4.1.0 ERROR
r-release-windows-ix86+x86_64 4.1.0 32.00 119.00 151.00 OK
r-oldrel-windows-ix86+x86_64 4.0.0 25.00 145.00 170.00 OK

Check Details

Version: 4.1.0
Check: package dependencies
Result: ERROR
    Package required and available but unsuitable version: ‘data.table’
    
    See the information on DESCRIPTION files in the chapter ‘Creating R
    packages’ of the ‘Writing R Extensions’ manual.
Flavor: r-release-osx-x86_64-snowleopard