CRAN Package Check Results for Package VIM

Last updated on 2024-02-21 23:11:45 CET.

Flavor Version Tinstall Tcheck Ttotal Status Flags
r-devel-linux-x86_64-debian-clang 6.2.2 OK
r-devel-linux-x86_64-debian-gcc 6.2.2 33.91 161.64 195.55 OK
r-devel-linux-x86_64-fedora-clang 6.2.2 321.09 NOTE
r-devel-linux-x86_64-fedora-gcc 6.2.2 326.39 NOTE
r-devel-windows-x86_64 6.2.2 36.00 192.00 228.00 NOTE
r-patched-linux-x86_64 6.2.2 51.99 210.20 262.19 OK
r-release-linux-x86_64 6.2.2 31.76 208.87 240.63 OK
r-release-macos-arm64 6.2.2 99.00 NOTE
r-release-macos-x86_64 6.2.2 172.00 NOTE
r-release-windows-x86_64 6.2.2 47.00 250.00 297.00 NOTE
r-oldrel-macos-arm64 6.2.2 80.00 NOTE
r-oldrel-windows-x86_64 6.2.2 45.00 233.00 278.00 NOTE

Check Details

Version: 6.2.2
Check: dependencies in R code
Result: NOTE Namespace in Imports field not imported from: ‘magrittr’ All declared Imports should be used. Flavors: r-devel-linux-x86_64-fedora-clang, r-devel-linux-x86_64-fedora-gcc, r-oldrel-macos-arm64

Version: 6.2.2
Check: Rd cross-references
Result: NOTE Undeclared package ‘mi’ in Rd xrefs Flavor: r-devel-linux-x86_64-fedora-clang

Version: 6.2.2
Check: data for non-ASCII characters
Result: NOTE Note: found 2754 marked UTF-8 strings Flavors: r-devel-linux-x86_64-fedora-clang, r-devel-linux-x86_64-fedora-gcc, r-oldrel-macos-arm64

Version: 6.2.2
Check: installed package size
Result: NOTE installed size is 5.2Mb sub-directories of 1Mb or more: doc 2.7Mb libs 1.1Mb Flavors: r-devel-windows-x86_64, r-release-macos-arm64, r-release-macos-x86_64, r-release-windows-x86_64, r-oldrel-macos-arm64, r-oldrel-windows-x86_64