CRAN Package Check Results for Package VIM

Last updated on 2015-03-01 19:48:21.

Flavor Version Tinstall Tcheck Ttotal Status Flags
r-devel-linux-x86_64-debian-clang 4.1.0 8.60 72.00 80.60 OK
r-devel-linux-x86_64-debian-gcc 4.1.0 8.52 70.56 79.08 OK
r-devel-linux-x86_64-fedora-clang 4.1.0 171.27 OK
r-devel-linux-x86_64-fedora-gcc 4.1.0 153.30 OK
r-devel-osx-x86_64-clang 4.1.0 141.96 OK
r-devel-windows-ix86+x86_64 4.1.0 32.00 134.00 166.00 OK
r-patched-linux-x86_64 4.1.0 12.85 97.47 110.32 OK
r-patched-solaris-sparc 4.1.0 714.00 OK
r-patched-solaris-x86 4.1.0 291.60 OK
r-release-linux-ix86 4.1.0 13.04 111.19 124.24 OK
r-release-linux-x86_64 4.1.0 12.62 96.53 109.15 OK
r-release-osx-x86_64-mavericks 4.1.0 OK
r-release-osx-x86_64-snowleopard 4.1.0 ERROR
r-release-windows-ix86+x86_64 4.1.0 37.00 201.00 238.00 OK
r-oldrel-windows-ix86+x86_64 4.0.0 25.00 145.00 170.00 OK

Check Details

Version: 4.1.0
Check: package dependencies
Result: ERROR
    Package required and available but unsuitable version: ‘data.table’
    
    See section ‘The DESCRIPTION file’ in the ‘Writing R Extensions’
    manual.
Flavor: r-release-osx-x86_64-snowleopard