CRAN Package Check Results for Package VIM

Last updated on 2016-09-25 21:50:23.

Flavor Version Tinstall Tcheck Ttotal Status Flags
r-devel-linux-x86_64-debian-clang 4.5.0 12.95 75.30 88.25 OK
r-devel-linux-x86_64-debian-gcc 4.5.0 13.61 74.07 87.68 OK
r-devel-linux-x86_64-fedora-clang 4.5.0 180.11 OK
r-devel-linux-x86_64-fedora-gcc 4.5.0 173.78 OK
r-devel-macos-x86_64-clang 4.5.0 133.73 OK
r-devel-windows-ix86+x86_64 4.5.0 36.00 228.00 264.00 OK
r-patched-linux-x86_64 4.5.0 13.41 73.60 87.01 OK
r-patched-solaris-sparc 4.5.0 1077.00 OK
r-patched-solaris-x86 4.5.0 219.50 NOTE
r-release-linux-x86_64 4.5.0 14.44 75.50 89.94 OK
r-release-osx-x86_64-mavericks 4.5.0 OK
r-release-windows-ix86+x86_64 4.5.0 56.00 214.00 270.00 OK
r-oldrel-windows-ix86+x86_64 4.5.0 57.00 234.00 291.00 OK

Check Details

Version: 4.5.0
Check: Rd cross-references
Result: NOTE
    Package unavailable to check Rd xrefs: ‘StatDA’
Flavor: r-patched-solaris-x86