CRAN Package Check Results for Package VIM

Last updated on 2016-06-29 22:47:46.

Flavor Version Tinstall Tcheck Ttotal Status Flags
r-devel-linux-x86_64-debian-gcc 4.4.1 10.77 76.05 86.82 OK
r-devel-linux-x86_64-fedora-clang 4.4.1 161.71 OK
r-devel-linux-x86_64-fedora-gcc 4.4.1 151.01 OK
r-devel-osx-x86_64-clang 4.4.1 127.59 NOTE
r-devel-windows-ix86+x86_64 4.4.1 30.00 153.00 183.00 OK
r-patched-linux-x86_64 4.4.1 9.51 73.19 82.70 OK
r-patched-solaris-sparc 4.4.1 953.40 NOTE
r-patched-solaris-x86 4.4.1 201.90 NOTE
r-release-linux-x86_64 4.4.1 8.47 72.64 81.12 OK
r-release-osx-x86_64-mavericks 4.4.1 OK
r-release-windows-ix86+x86_64 4.4.1 44.00 148.00 192.00 OK
r-oldrel-windows-ix86+x86_64 4.4.1 44.00 155.00 199.00 OK

Check Details

Version: 4.4.1
Check: Rd cross-references
Result: NOTE
    Package unavailable to check Rd xrefs: ‘StatDA’
Flavor: r-devel-osx-x86_64-clang

Version: 4.4.1
Check: installed package size
Result: NOTE
     installed size is 5.8Mb
     sub-directories of 1Mb or more:
     libs 4.9Mb
Flavors: r-patched-solaris-sparc, r-patched-solaris-x86