CRAN Package Check Results for Package VIMGUI

Last updated on 2014-07-25 17:48:10.

Flavor Version Tinstall Tcheck Ttotal Status Flags
r-devel-linux-x86_64-debian-clang 0.9.0 9.09 125.40 134.48 OK
r-devel-linux-x86_64-debian-gcc 0.9.0 8.82 121.91 130.74 OK
r-devel-linux-x86_64-fedora-clang 0.9.0 333.76 OK
r-devel-linux-x86_64-fedora-gcc 0.9.0 321.27 OK
r-devel-osx-x86_64-clang 0.9.0 266.63 OK
r-devel-windows-ix86+x86_64 0.9.0 25.00 172.00 197.00 NOTE
r-patched-linux-x86_64 0.9.0 8.96 124.04 133.00 OK
r-patched-solaris-sparc 0.9.0 1791.90 OK
r-patched-solaris-x86 0.9.0 474.30 OK
r-release-linux-ix86 0.9.0 11.46 157.13 168.59 OK
r-release-linux-x86_64 0.9.0 9.36 126.38 135.74 OK
r-release-osx-x86_64-mavericks 0.9.0 ERROR
r-release-osx-x86_64-snowleopard 0.9.0 NOTE
r-release-windows-ix86+x86_64 0.9.0 29.00 187.00 216.00 NOTE
r-oldrel-windows-ix86+x86_64 0.9.0 31.00 185.00 216.00 OK

Check Details

Version: 0.9.0
Check: DESCRIPTION meta-information
Result: NOTE
    'LinkingTo' field is unused: package has no 'src' directory
Flavors: r-devel-windows-ix86+x86_64, r-release-windows-ix86+x86_64

Version: 0.9.0
Check: package dependencies
Result: ERROR
    Packages required but not available: ‘gWidgetsRGtk2’ ‘RGtk2’
    
    See the information on DESCRIPTION files in the chapter ‘Creating R
    packages’ of the ‘Writing R Extensions’ manual.
Flavor: r-release-osx-x86_64-mavericks

Version: 0.9.0
Check: re-building of vignette outputs
Result: NOTE
    Error in re-building vignettes:
     ...
    Attaching package: 'survey'
    
    The following object is masked from 'package:graphics':
    
     dotchart
    
    Loading required package: gWidgetsRGtk2
    Loading required package: RGtk2
    Loading required package: gWidgets
    VIM is ready to use.
     (Enter vmGUImenu() to start the OLD graphical user interface.)
    
     Enter VIMGUI() to start the NEW graphical user interface.
    Error in texi2dvi(file = file, pdf = TRUE, clean = clean, quiet = quiet, :
     Running 'texi2dvi' on 'VIM-EU-SILC.tex' failed.
    LaTeX errors:
    ! LaTeX Error: File `boxedminipage.sty' not found.
    
    Type X to quit or <RETURN> to proceed,
    or enter new name. (Default extension: sty)
    
    VIMGUI.Rcheck/vign_test/VIMGUI/vignettes/VIM-EU-SILC.tex:19: ==> Fatal error o
    ccurred, no output PDF file produced!
    Calls: buildVignettes -> texi2pdf -> texi2dvi
    Execution halted
Flavor: r-release-osx-x86_64-snowleopard