CRAN Package Check Results for Package VIMGUI

Last updated on 2015-07-06 14:49:01.

Flavor Version Tinstall Tcheck Ttotal Status Flags
r-devel-linux-x86_64-debian-clang 0.9.0 8.55 118.00 126.55 NOTE
r-devel-linux-x86_64-debian-gcc 0.9.0 8.33 115.61 123.94 NOTE
r-devel-linux-x86_64-fedora-clang 0.9.0 256.81 NOTE
r-devel-linux-x86_64-fedora-gcc 0.9.0 244.09 NOTE
r-devel-osx-x86_64-clang 0.9.0 221.94 NOTE
r-devel-windows-ix86+x86_64 0.9.0 26.00 176.00 202.00 NOTE
r-patched-linux-x86_64 0.9.0 8.38 116.48 124.86 NOTE
r-patched-solaris-sparc 0.9.0 1455.20 NOTE
r-patched-solaris-x86 0.9.0 377.10 NOTE
r-release-linux-x86_64 0.9.0 8.70 117.09 125.79 NOTE
r-release-osx-x86_64-mavericks 0.9.0 ERROR
r-release-windows-ix86+x86_64 0.9.0 33.00 183.00 216.00 NOTE
r-oldrel-windows-ix86+x86_64 0.9.0 46.00 293.00 339.00 NOTE

Check Details

Version: 0.9.0
Check: dependencies in R code
Result: NOTE
    Package in Depends field not imported from: ‘tcltk’
     These packages need to be imported from (in the NAMESPACE file)
     for when this namespace is loaded but not attached.
Flavors: r-devel-linux-x86_64-debian-clang, r-devel-linux-x86_64-debian-gcc, r-devel-linux-x86_64-fedora-clang, r-devel-linux-x86_64-fedora-gcc, r-devel-osx-x86_64-clang, r-devel-windows-ix86+x86_64, r-patched-linux-x86_64, r-patched-solaris-sparc, r-patched-solaris-x86, r-release-linux-x86_64, r-release-windows-ix86+x86_64, r-oldrel-windows-ix86+x86_64

Version: 0.9.0
Check: R code for possible problems
Result: NOTE
    .onAttach: no visible global function definition for ‘addTclPath’
    .onAttach: no visible global function definition for ‘tclRequire’
    TKRaggr : <anonymous>: no visible global function definition for ‘par’
    TKRdevice: no visible global function definition for ‘tktoplevel’
    TKRdevice: no visible global function definition for ‘tkwm.title’
    TKRdevice: no visible global function definition for ‘tclvalue’
    TKRdevice: no visible global function definition for ‘tkwinfo’
    TKRdevice: no visible global function definition for ‘tkframe’
    TKRdevice: no visible global function definition for ‘tkcanvas’
    TKRmarginmatrix_work : <anonymous>: no visible global function
     definition for ‘par’
    TKRmarginmatrix_work : <anonymous>: no visible global function
     definition for ‘X11.options’
    TKRmatrixplot_work : <anonymous>: no visible global function definition
     for ‘par’
    TKRmatrixplot_work : OnLeftClick: no visible global function definition
     for ‘tclvalue’
    TKRmatrixplot_work : OnLeftClick: no visible global function definition
     for ‘tkwinfo’
    TKRmatrixplot_work: no visible global function definition for ‘tkbind’
    TKRparcoordMiss_work : <anonymous>: no visible global function
     definition for ‘par’
    TKRparcoordMiss_work : <anonymous>: no visible global function
     definition for ‘X11.options’
    TKRparcoordMiss_work : OnLeftClick: no visible global function
     definition for ‘tclvalue’
    TKRparcoordMiss_work : OnLeftClick: no visible global function
     definition for ‘tkwinfo’
    TKRparcoordMiss_work: no visible global function definition for
     ‘tkbind’
    TKRpbox_work : <anonymous>: no visible global function definition for
     ‘par’
    TKRpbox_work : OnLeftClick: no visible global function definition for
     ‘tclvalue’
    TKRpbox_work : OnLeftClick: no visible global function definition for
     ‘tkwinfo’
    TKRpbox_work: no visible global function definition for ‘tkbind’
    TKRscattmatrixMiss_work : <anonymous>: no visible global function
     definition for ‘par’
    TKRscattmatrixMiss_work : <anonymous>: no visible global function
     definition for ‘X11.options’
    TKRscattmatrixMiss_work : OnLeftClick: no visible global function
     definition for ‘tclvalue’
    TKRscattmatrixMiss_work : OnLeftClick: no visible global function
     definition for ‘tkwinfo’
    TKRscattmatrixMiss_work: no visible global function definition for
     ‘tkbind’
    VIMGUI : savePlotToFile: no visible global function definition for
     ‘getToolkitWidget’
    VIMGUI : savePlotToFile: no visible global function definition for
     ‘gfile’
    VIMGUI : savePlotToFile: no visible global function definition for
     ‘dev.off’
    VIMGUI : loadDataSet: no visible global function definition for ‘gfile’
    VIMGUI : loadDataSet: no visible binding for global variable ‘window’
    VIMGUI : setDataSet: no visible global function definition for
     ‘gmessage’
    VIMGUI : setDataSet: no visible global function definition for
     ‘gbasicdialog’
    VIMGUI : setDataSet: no visible global function definition for
     ‘gdroplist’
    VIMGUI : saveToFile: no visible global function definition for ‘gfile’
    VIMGUI : saveToFile: no visible binding for global variable ‘window’
    VIMGUI : saveToFile: no visible global function definition for
     ‘gmessage’
    VIMGUI : saveToVariable: no visible global function definition for
     ‘gwindow’
    VIMGUI : saveToVariable: no visible global function definition for
     ‘glayout’
    VIMGUI : saveToVariable: no visible global function definition for
     ‘gcombobox’
    VIMGUI : saveToVariable: no visible global function definition for
     ‘gbutton’
    VIMGUI : saveToVariable: no visible global function definition for
     ‘addHandlerClicked’
    VIMGUI : saveToVariable : <anonymous>: no visible global function
     definition for ‘gconfirm’
    VIMGUI : WaitingDialog: no visible global function definition for
     ‘gwindow’
    VIMGUI : WaitingDialog: no visible global function definition for
     ‘glabel’
    VIMGUI : importCSV: no visible global function definition for ‘gwindow’
    VIMGUI : importCSV: no visible global function definition for ‘ggroup’
    VIMGUI : importCSV: no visible global function definition for ‘gedit’
    VIMGUI : importCSV : buttonHandler: no visible global function
     definition for ‘gfile’
    VIMGUI : importCSV : buttonHandler : <anonymous> : <anonymous>: no
     visible global function definition for ‘gmessage’
    VIMGUI : importCSV : previewCSV: no visible global function definition
     for ‘gframe’
    VIMGUI : importCSV : previewCSV: no visible global function definition
     for ‘ggroup’
    VIMGUI : importCSV : previewCSV: no visible global function definition
     for ‘read.table’
    VIMGUI : importCSV : previewCSV: no visible global function definition
     for ‘gtable’
    VIMGUI : importCSV: no visible global function definition for
     ‘gstatusbar’
    VIMGUI : importCSV: no visible global function definition for ‘gbutton’
    VIMGUI : importCSV: no visible global function definition for
     ‘gcheckbox’
    VIMGUI : importCSV: no visible global function definition for
     ‘addHandlerKeystroke’
    VIMGUI : importCSV : <anonymous>: no visible global function definition
     for ‘read.table’
    VIMGUI : importCSV : <anonymous> : <anonymous>: no visible global
     function definition for ‘gmessage’
    VIMGUI : importCSV: no visible global function definition for ‘gframe’
    VIMGUI : importCSV: no visible global function definition for ‘glabel’
    VIMGUI : importSPSS: no visible global function definition for
     ‘gwindow’
    VIMGUI : importSPSS: no visible binding for global variable ‘window’
    VIMGUI : importSPSS: no visible global function definition for ‘ggroup’
    VIMGUI : importSPSS: no visible global function definition for ‘gedit’
    VIMGUI : importSPSS : buttonHandler: no visible global function
     definition for ‘gfile’
    VIMGUI : importSPSS: no visible global function definition for
     ‘gstatusbar’
    VIMGUI : importSPSS: no visible global function definition for
     ‘gbutton’
    VIMGUI : importSPSS: no visible global function definition for
     ‘gcheckbox’
    VIMGUI : importSPSS : <anonymous> : <anonymous>: no visible global
     function definition for ‘gmessage’
    VIMGUI : importSPSS: no visible global function definition for ‘gframe’
    VIMGUI : importSTATA: no visible global function definition for
     ‘gwindow’
    VIMGUI : importSTATA: no visible binding for global variable ‘window’
    VIMGUI : importSTATA: no visible global function definition for
     ‘ggroup’
    VIMGUI : importSTATA: no visible global function definition for ‘gedit’
    VIMGUI : importSTATA : buttonHandler: no visible global function
     definition for ‘gfile’
    VIMGUI : importSTATA: no visible global function definition for
     ‘gstatusbar’
    VIMGUI : importSTATA: no visible global function definition for
     ‘gbutton’
    VIMGUI : importSTATA: no visible global function definition for
     ‘gcheckbox’
    VIMGUI : importSTATA : <anonymous> : <anonymous>: no visible global
     function definition for ‘gmessage’
    VIMGUI : importSTATA: no visible global function definition for
     ‘gframe’
    VIMGUI : importSAS: no visible global function definition for ‘gwindow’
    VIMGUI : importSAS: no visible binding for global variable ‘window’
    VIMGUI : importSAS: no visible global function definition for ‘ggroup’
    VIMGUI : importSAS: no visible global function definition for ‘glayout’
    VIMGUI : importSAS: no visible global function definition for ‘gedit’
    VIMGUI : importSAS : buttonHandler: no visible global function
     definition for ‘gfile’
    VIMGUI : importSAS: no visible global function definition for
     ‘gstatusbar’
    VIMGUI : importSAS: no visible global function definition for ‘gbutton’
    VIMGUI : importSAS : <anonymous> : <anonymous>: no visible global
     function definition for ‘gmessage’
    VIMGUI : importSAS: no visible global function definition for ‘gframe’
    VIMGUI : exportCSV: no visible global function definition for ‘gwindow’
    VIMGUI : exportCSV: no visible binding for global variable ‘window’
    VIMGUI : exportCSV: no visible global function definition for ‘ggroup’
    VIMGUI : exportCSV: no visible global function definition for ‘gedit’
    VIMGUI : exportCSV : buttonHandler: no visible global function
     definition for ‘gfile’
    VIMGUI : exportCSV: no visible global function definition for
     ‘gstatusbar’
    VIMGUI : exportCSV: no visible global function definition for ‘gbutton’
    VIMGUI : exportCSV: no visible global function definition for
     ‘gcheckbox’
    VIMGUI : exportCSV : <anonymous>: no visible global function definition
     for ‘gconfirm’
    VIMGUI : exportCSV : <anonymous>: no visible global function definition
     for ‘write.table’
    VIMGUI : exportCSV : <anonymous> : <anonymous>: no visible global
     function definition for ‘gmessage’
    VIMGUI : exportCSV: no visible global function definition for ‘gframe’
    VIMGUI : exportCSV: no visible global function definition for ‘glabel’
    VIMGUI : exportSPSS: no visible global function definition for
     ‘gwindow’
    VIMGUI : exportSPSS: no visible binding for global variable ‘window’
    VIMGUI : exportSPSS: no visible global function definition for ‘ggroup’
    VIMGUI : exportSPSS: no visible global function definition for
     ‘glayout’
    VIMGUI : exportSPSS: no visible global function definition for ‘gedit’
    VIMGUI : exportSPSS : databuttonHandler: no visible global function
     definition for ‘gfile’
    VIMGUI : exportSPSS : codebuttonHandler: no visible global function
     definition for ‘gfile’
    VIMGUI : exportSPSS: no visible global function definition for
     ‘gbutton’
    VIMGUI : exportSPSS : <anonymous>: no visible global function
     definition for ‘gconfirm’
    VIMGUI : exportSPSS : <anonymous> : <anonymous>: no visible global
     function definition for ‘gmessage’
    VIMGUI : exportSPSS: no visible global function definition for ‘gframe’
    VIMGUI : exportSTATA: no visible global function definition for
     ‘gwindow’
    VIMGUI : exportSTATA: no visible binding for global variable ‘window’
    VIMGUI : exportSTATA: no visible global function definition for
     ‘ggroup’
    VIMGUI : exportSTATA: no visible global function definition for ‘gedit’
    VIMGUI : exportSTATA: no visible global function definition for
     ‘gcheckbox’
    VIMGUI : exportSTATA: no visible global function definition for
     ‘gcombobox’
    VIMGUI : exportSTATA : buttonHandler: no visible global function
     definition for ‘gfile’
    VIMGUI : exportSTATA: no visible global function definition for
     ‘gbutton’
    VIMGUI : exportSTATA : <anonymous>: no visible global function
     definition for ‘gconfirm’
    VIMGUI : exportSTATA : <anonymous> : <anonymous>: no visible global
     function definition for ‘gmessage’
    VIMGUI : exportSTATA: no visible global function definition for
     ‘gframe’
    VIMGUI : exportSTATA: no visible global function definition for
     ‘glabel’
    VIMGUI : exportSAS: no visible global function definition for ‘gwindow’
    VIMGUI : exportSAS: no visible binding for global variable ‘window’
    VIMGUI : exportSAS: no visible global function definition for ‘ggroup’
    VIMGUI : exportSAS: no visible global function definition for ‘gedit’
    VIMGUI : exportSAS: no visible global function definition for
     ‘gcombobox’
    VIMGUI : exportSAS : databuttonHandler: no visible global function
     definition for ‘gfile’
    VIMGUI : exportSAS : codebuttonHandler: no visible global function
     definition for ‘gfile’
    VIMGUI : exportSAS: no visible global function definition for ‘gbutton’
    VIMGUI : exportSAS : <anonymous>: no visible global function definition
     for ‘gconfirm’
    VIMGUI : exportSAS : <anonymous> : <anonymous>: no visible global
     function definition for ‘gmessage’
    VIMGUI : exportSAS: no visible global function definition for ‘gframe’
    VIMGUI : exportSAS: no visible global function definition for ‘glabel’
    VIMGUI : updatePanels: no visible global function definition for
     ‘blockHandler’
    VIMGUI : updatePanels: no visible global function definition for
     ‘unblockHandler’
    VIMGUI : initPanels : <anonymous>: no visible global function
     definition for ‘blockHandler’
    VIMGUI : initPanels : <anonymous>: no visible global function
     definition for ‘unblockHandler’
    VIMGUI : initPanels: no visible global function definition for
     ‘capture.output’
    VIMGUI : OptionsHandler: no visible global function definition for
     ‘gwindow’
    VIMGUI : OptionsHandler: no visible global function definition for
     ‘ggroup’
    VIMGUI : OptionsHandler: no visible global function definition for
     ‘glabel’
    VIMGUI : OptionsHandler: no visible global function definition for
     ‘glayout’
    VIMGUI : OptionsHandler: no visible global function definition for
     ‘gdroplist’
    VIMGUI : OptionsHandler: no visible global function definition for
     ‘gslider’
    VIMGUI : OptionsHandler: no visible global function definition for
     ‘gbutton’
    VIMGUI : ScriptHandler: no visible global function definition for
     ‘gwindow’
    VIMGUI : ScriptHandler: no visible global function definition for
     ‘gtext’
    VIMGUI : bufferedPlot: no visible global function definition for
     ‘getToolkitWidget’
    VIMGUI : bufferedPlot: no visible global function definition for
     ‘dev.off’
    VIMGUI : undoImputation: no visible global function definition for
     ‘gconfirm’
    VIMGUI : Imputation: no visible global function definition for
     ‘capture.output’
    VIMGUI : Imputation : <anonymous>: no visible global function
     definition for ‘gmessage’
    VIMGUI : Imputation: no visible global function definition for
     ‘gmessage’
    VIMGUI : Imputation: no visible global function definition for
     ‘as.formula’
    VIMGUI : dataPanelChangeHandler: no visible global function definition
     for ‘as.formula’
    VIMGUI : dataPanelChangeHandler: no visible global function definition
     for ‘aggregate’
    VIMGUI : dataPanelChangeHandler : <anonymous>: no visible global
     function definition for ‘sd’
    VIMGUI : dataPanelChangeHandler: no visible global function definition
     for ‘coef’
    VIMGUI : dataPanelChangeHandler: no visible global function definition
     for ‘sd’
    VIMGUI : createSurveyDialog: no visible global function definition for
     ‘gwindow’
    VIMGUI : createSurveyDialog: no visible global function definition for
     ‘glayout’
    VIMGUI : createSurveyDialog: no visible global function definition for
     ‘gtable’
    VIMGUI : createSurveyDialog: no visible global function definition for
     ‘gdroplist’
    VIMGUI : createSurveyDialog: no visible global function definition for
     ‘ggroup’
    VIMGUI : createSurveyDialog: no visible global function definition for
     ‘gbutton’
    VIMGUI : createSurveyDialog: no visible global function definition for
     ‘gedit’
    VIMGUI : createSurveyDialog: no visible global function definition for
     ‘glabel’
    VIMGUI : createSurveyDialog: no visible global function definition for
     ‘addHandlerFocus’
    VIMGUI : createSurveyDialog : <anonymous>: no visible global function
     definition for ‘gconfirm’
    VIMGUI : createSurveyDialog : <anonymous>: no visible global function
     definition for ‘as.formula’
    VIMGUI : createSurveyDialog : <anonymous> : <anonymous>: no visible
     global function definition for ‘gmessage’
    VIMGUI : createSurveyDialog: no visible global function definition for
     ‘addHandlerClicked’
    VIMGUI : createPrepareDialog: no visible global function definition for
     ‘gwindow’
    VIMGUI : createPrepareDialog: no visible global function definition for
     ‘gdroplist’
    VIMGUI : createPrepareDialog: no visible global function definition for
     ‘gedit’
    VIMGUI : createPrepareDialog: no visible global function definition for
     ‘gbutton’
    VIMGUI : createPrepareDialog: no visible global function definition for
     ‘glayout’
    VIMGUI : createPrepareDialog: no visible global function definition for
     ‘glabel’
    VIMGUI : createPrepareDialog: no visible global function definition for
     ‘addHandlerClicked’
    VIMGUI : createPrepareDialog : <anonymous>: no visible global function
     definition for ‘gconfirm’
    VIMGUI : createPrepareDialog : <anonymous> : <anonymous>: no visible
     global function definition for ‘gmessage’
    VIMGUI : undoPrepare: no visible global function definition for
     ‘gconfirm’
    VIMGUI : createNaDialog: no visible global function definition for
     ‘gwindow’
    VIMGUI : createNaDialog: no visible global function definition for
     ‘glayout’
    VIMGUI : createNaDialog: no visible global function definition for
     ‘gtable’
    VIMGUI : createNaDialog: no visible global function definition for
     ‘gedit’
    VIMGUI : createNaDialog: no visible global function definition for
     ‘gbutton’
    VIMGUI : createNaDialog: no visible global function definition for
     ‘glabel’
    VIMGUI : createNaDialog: no visible global function definition for
     ‘addHandlerClicked’
    VIMGUI: no visible global function definition for ‘gaction’
    VIMGUI: no visible global function definition for ‘gwindow’
    VIMGUI: no visible global function definition for ‘gmenu’
    VIMGUI: no visible global function definition for ‘gnotebook’
    VIMGUI: no visible global function definition for ‘ggroup’
    VIMGUI: no visible global function definition for ‘gframe’
    VIMGUI: no visible global function definition for ‘gtext’
    VIMGUI: no visible global function definition for ‘gtable’
    VIMGUI: no visible global function definition for ‘glayout’
    VIMGUI: no visible global function definition for ‘gdroplist’
    VIMGUI: no visible global function definition for ‘gradio’
    VIMGUI: no visible global function definition for ‘glabel’
    VIMGUI: no visible global function definition for ‘gbutton’
    VIMGUI: no visible global function definition for ‘addHandlerClicked’
    VIMGUI: no visible global function definition for ‘gedit’
    VIMGUI: no visible global function definition for ‘gcheckbox’
    VIMGUI: no visible global function definition for ‘gslider’
    VIMGUI: no visible global function definition for ‘addHandlerFocus’
    VIMGUI: no visible global function definition for ‘gimage’
    VIMGUI: no visible global function definition for ‘gcombobox’
    VIMGUI: no visible global function definition for
     ‘add3rdMousePopupmenu’
    VIMGUI: no visible global function definition for ‘getToolkitWidget’
    VIMGUI: no visible global function definition for ‘addHandlerUnrealize’
    adjustTypesDialog: no visible global function definition for
     ‘gbasicdialog’
    adjustTypesDialog: no visible global function definition for ‘ggroup’
    adjustTypesDialog: no visible global function definition for ‘glayout’
    adjustTypesDialog: no visible global function definition for ‘gbutton’
    adjustTypesDialog: no visible global function definition for ‘glabel’
    adjustTypesDialog: no visible global function definition for
     ‘gcheckbox’
    adjustTypesDialog: no visible global function definition for ‘head’
    adjustTypesDialog: no visible global function definition for
     ‘gdroplist’
    adjustTypesDialog: no visible global function definition for
     ‘addHandlerClicked’
    bind.listbox: no visible global function definition for ‘tclvalue’
    bind.listbox: no visible global function definition for ‘tkcget’
    bind.listbox: no visible global function definition for ‘tkbind’
    bind.radiobuttons: no visible global function definition for ‘tclvalue’
    bind.radiobuttons: no visible global function definition for ‘tkcget’
    bind.radiobuttons: no visible global function definition for ‘tkbind’
    checkboxes: no visible global function definition for ‘tkframe’
    checkboxes: no visible binding for global variable ‘tclVar’
    checkboxes: no visible global function definition for ‘tkgrid’
    checkboxes: no visible global function definition for ‘tklabel’
    checkboxes: no visible global function definition for ‘tkcheckbutton’
    checkboxes: no visible global function definition for
     ‘tkgrid.configure’
    closeDialog: no visible global function definition for ‘tkdestroy’
    closeDialog: no visible global function definition for ‘tkfocus’
    createSummaryDataframe : <anonymous>: no visible global function
     definition for ‘fivenum’
    deselectAll.listbox: no visible global function definition for
     ‘tkselection.clear’
    deselectAll.radiobuttons: no visible global function definition for
     ‘tkdeselect’
    empty.listbox: no visible global function definition for ‘tkdelete’
    finish.TKRdevice: no visible global function definition for ‘tkpack’
    finish.TKRdevice: no visible global function definition for ‘tklabel’
    finish.TKRdevice: no visible global function definition for ‘tkcreate’
    finish.TKRdevice: no visible global function definition for ‘.Tcl’
    finish.TKRdevice: no visible global function definition for
     ‘tkscrollbar’
    finish.TKRdevice : <anonymous>: no visible global function definition
     for ‘tkxview’
    finish.TKRdevice : <anonymous>: no visible global function definition
     for ‘tkyview’
    finish.TKRdevice: no visible global function definition for ‘tkgrid’
    finish.TKRdevice: no visible global function definition for
     ‘tkgrid.rowconfigure’
    finish.TKRdevice: no visible global function definition for
     ‘tkgrid.columnconfigure’
    finish.TKRdevice: no visible global function definition for ‘tclvalue’
    finish.TKRdevice: no visible global function definition for ‘tkwinfo’
    finish.TKRdevice: no visible global function definition for
     ‘tkconfigure’
    finish.TKRdevice : <anonymous>: no visible global function definition
     for ‘tkset’
    finish.TKRdevice: no visible global function definition for
     ‘tkwm.maxsize’
    finish.TKRdevice: no visible global function definition for
     ‘tkwm.minsize’
    getPosition: no visible global function definition for ‘tclvalue’
    getPosition: no visible global function definition for ‘.Tcl’
    getSelection.checkboxes: no visible binding for global variable
     ‘tclvalue’
    getSelection.listbox: no visible global function definition for
     ‘tkcurselection’
    getSelection.radiobuttons: no visible global function definition for
     ‘tclvalue’
    getSize.listbox: no visible global function definition for ‘tclvalue’
    getSize.listbox: no visible global function definition for ‘tksize’
    initializeDialog: no visible global function definition for
     ‘tktoplevel’
    initializeDialog: no visible global function definition for
     ‘tkwm.title’
    initializeDialog: no visible global function definition for
     ‘tkwm.geometry’
    initializeDialog: no visible global function definition for
     ‘tkwm.resizable’
    initializeDialog: no visible global function definition for ‘tkfocus’
    insert.listbox: no visible global function definition for ‘tkinsert’
    insertTable: no visible global function definition for
     ‘getToolkitWidget’
    isFocus: no visible global function definition for ‘getToolkitWidget’
    listbox: no visible global function definition for ‘tkframe’
    listbox: no visible global function definition for ‘tklistbox’
    listbox: no visible global function definition for ‘tkscrollbar’
    listbox : <anonymous>: no visible global function definition for
     ‘tkyview’
    listbox: no visible global function definition for ‘tkconfigure’
    listbox : <anonymous>: no visible global function definition for
     ‘tkset’
    listbox: no visible global function definition for ‘tkinsert’
    listbox: no visible global function definition for ‘tkselection.set’
    listbox: no visible global function definition for ‘tksee’
    listbox : onLetter: no visible global function definition for
     ‘tclvalue’
    listbox : onLetter: no visible global function definition for ‘tkyview’
    listbox : onLetter: no visible global function definition for
     ‘tkyview.scroll’
    listbox: no visible global function definition for ‘tkbind’
    listbox: no visible global function definition for ‘tkgrid’
    listbox: no visible global function definition for ‘tklabel’
    listbox: no visible global function definition for ‘tkgrid.configure’
    loadingWindow: no visible global function definition for ‘gwindow’
    loadingWindow: no visible global function definition for ‘glabel’
    okCancel: no visible global function definition for ‘tkframe’
    okCancel: no visible global function definition for ‘tkbutton’
    okCancel: no visible global function definition for ‘tkgrid’
    radiobuttons: no visible global function definition for ‘tkframe’
    radiobuttons: no visible global function definition for ‘tclVar’
    radiobuttons: no visible global function definition for ‘tkgrid’
    radiobuttons: no visible global function definition for ‘tklabel’
    radiobuttons: no visible global function definition for ‘tkradiobutton’
    radiobuttons: no visible global function definition for
     ‘tkgrid.configure’
    selectAll.listbox: no visible global function definition for
     ‘tkselection.set’
    setState.listbox: no visible global function definition for
     ‘tkconfigure’
    setState.okCancel: no visible global function definition for
     ‘tkconfigure’
    setState.radiobuttons: no visible global function definition for
     ‘tclvalue’
    setState.radiobuttons: no visible global function definition for
     ‘tkcget’
    setState.radiobuttons: no visible global function definition for
     ‘tkconfigure’
    setWidgetBgColor: no visible global function definition for
     ‘getToolkitWidget’
    testMeans: no visible global function definition for ‘t.test’
    vmGUImenu : activateMenus: no visible global function definition for
     ‘.Tcl’
    vmGUImenu : Quit: no visible global function definition for
     ‘tkmessageBox’
    vmGUImenu : Quit: no visible global function definition for ‘tclvalue’
    vmGUImenu : NotImplemented: no visible global function definition for
     ‘tkmessageBox’
    vmGUImenu : vmGUIdata: no visible global function definition for
     ‘tkwidget’
    vmGUImenu : vmGUIdata: no visible global function definition for
     ‘tkpack’
    vmGUImenu : vmGUIdata: no visible global function definition for
     ‘tkgrid’
    vmGUImenu : LoadRData: no visible global function definition for
     ‘tclvalue’
    vmGUImenu : LoadRData: no visible global function definition for
     ‘tkgetOpenFile’
    vmGUImenu : LoadRData: no visible global function definition for
     ‘tkmessageBox’
    vmGUImenu : vmGUItransform: no visible global function definition for
     ‘tkframe’
    vmGUImenu : vmGUItransform: no visible global function definition for
     ‘tkwidget’
    vmGUImenu : vmGUItransform: no visible global function definition for
     ‘tkpack’
    vmGUImenu : vmGUItransform: no visible global function definition for
     ‘tclVar’
    vmGUImenu : vmGUItransform : setAlrVar: no visible global function
     definition for ‘tkfocus’
    vmGUImenu : vmGUItransform : setAlrVar: no visible global function
     definition for ‘tclvalue’
    vmGUImenu : vmGUItransform: no visible global function definition for
     ‘tkgrid’
    vmGUImenu : vmGUItransform : activateElements: no visible global
     function definition for ‘tkconfigure’
    vmGUImenu : vmGUImap: no visible global function definition for
     ‘tkframe’
    vmGUImenu : vmGUImap: no visible global function definition for
     ‘tkwidget’
    vmGUImenu : vmGUImap: no visible global function definition for
     ‘tkpack’
    vmGUImenu : vmGUImap: no visible global function definition for
     ‘tclVar’
    vmGUImenu : vmGUImap : setCoords: no visible global function definition
     for ‘tkfocus’
    vmGUImenu : vmGUImap : setCoords: no visible global function definition
     for ‘tclvalue’
    vmGUImenu : vmGUImap: no visible global function definition for
     ‘tkgrid’
    vmGUImenu : vmGUImap: no visible global function definition for
     ‘tklabel’
    vmGUImenu : vmGUImap : setRegion: no visible global function definition
     for ‘tkfocus’
    vmGUImenu : vmGUImap : setRegion: no visible global function definition
     for ‘tclvalue’
    vmGUImenu : knnGUI: no visible global function definition for
     ‘tkwidget’
    vmGUImenu : knnGUI: no visible global function definition for ‘tkpack’
    vmGUImenu : knnGUI: no visible global function definition for ‘tkgrid’
    vmGUImenu : hotdeckGUI : onOKhotdeck: no visible global function
     definition for ‘tkmessageBox’
    vmGUImenu : hotdeckGUI: no visible global function definition for
     ‘tkwidget’
    vmGUImenu : hotdeckGUI: no visible global function definition for
     ‘tkpack’
    vmGUImenu : hotdeckGUI: no visible global function definition for
     ‘tkgrid’
    vmGUImenu : irmiGUI: no visible global function definition for
     ‘tkwidget’
    vmGUImenu : irmiGUI: no visible global function definition for ‘tkpack’
    vmGUImenu : irmiGUI: no visible global function definition for ‘tkgrid’
    vmGUImenu : irmiGUI : setrobust: no visible global function definition
     for ‘tclvalue’
    vmGUImenu : Aggr: no visible global function definition for ‘dev.new’
    vmGUImenu : Aggr: no visible global function definition for ‘plot’
    vmGUImenu : AggrImp: no visible global function definition for
     ‘dev.new’
    vmGUImenu : AggrImp: no visible global function definition for ‘plot’
    vmGUImenu : HistMiss: no visible global function definition for
     ‘dev.new’
    vmGUImenu : HistImp: no visible global function definition for
     ‘dev.new’
    vmGUImenu : SpinogramMiss: no visible global function definition for
     ‘dev.new’
    vmGUImenu : SpinogramImp: no visible global function definition for
     ‘dev.new’
    vmGUImenu : BarMiss: no visible global function definition for
     ‘dev.new’
    vmGUImenu : BarImp: no visible global function definition for ‘dev.new’
    vmGUImenu : SpineplotMiss: no visible global function definition for
     ‘dev.new’
    vmGUImenu : SpineplotImp: no visible global function definition for
     ‘dev.new’
    vmGUImenu : BoxMiss: no visible global function definition for
     ‘dev.new’
    vmGUImenu : BoxImp: no visible global function definition for ‘dev.new’
    vmGUImenu : Pbox: no visible global function definition for ‘dev.new’
    vmGUImenu : PboxImp: no visible global function definition for
     ‘dev.new’
    vmGUImenu : Marginplot: no visible global function definition for
     ‘dev.new’
    vmGUImenu : MarginplotImp: no visible global function definition for
     ‘dev.new’
    vmGUImenu : ScattMiss: no visible global function definition for
     ‘dev.new’
    vmGUImenu : ScattImp: no visible global function definition for
     ‘dev.new’
    vmGUImenu : ScattJitt: no visible global function definition for
     ‘dev.new’
    vmGUImenu : ScattJittImp: no visible global function definition for
     ‘dev.new’
    vmGUImenu : Marginmatrix: no visible global function definition for
     ‘dev.new’
    vmGUImenu : MarginmatrixImp: no visible global function definition for
     ‘dev.new’
    vmGUImenu : ScattmatrixMiss: no visible global function definition for
     ‘dev.new’
    vmGUImenu : ScattmatrixImp: no visible global function definition for
     ‘dev.new’
    vmGUImenu : ParcoordMiss: no visible global function definition for
     ‘dev.new’
    vmGUImenu : ParcoordImp: no visible global function definition for
     ‘dev.new’
    vmGUImenu : Matrixplot: no visible global function definition for
     ‘dev.new’
    vmGUImenu : MatrixplotImp: no visible global function definition for
     ‘dev.new’
    vmGUImenu : MosaicMiss: no visible global function definition for
     ‘dev.new’
    vmGUImenu : MosaicImp: no visible global function definition for
     ‘dev.new’
    vmGUImenu : MapMiss: no visible global function definition for
     ‘dev.new’
    vmGUImenu : MapImp: no visible global function definition for ‘dev.new’
    vmGUImenu : GrowdotMiss: no visible global function definition for
     ‘dev.new’
    vmGUImenu : GrowdotImp: no visible global function definition for
     ‘dev.new’
    vmGUImenu : ColormapMiss: no visible global function definition for
     ‘dev.new’
    vmGUImenu : ColormapImp: no visible global function definition for
     ‘dev.new’
    vmGUImenu : vmGUIpreferences: no visible global function definition for
     ‘tkwidget’
    vmGUImenu : vmGUIpreferences: no visible global function definition for
     ‘tkframe’
    vmGUImenu : vmGUIpreferences: no visible global function definition for
     ‘tclVar’
    vmGUImenu : vmGUIpreferences : setCol: no visible global function
     definition for ‘tkfocus’
    vmGUImenu : vmGUIpreferences: no visible global function definition for
     ‘colors’
    vmGUImenu : vmGUIpreferences: no visible global function definition for
     ‘tkgrid’
    vmGUImenu : vmGUIpreferences: no visible global function definition for
     ‘tklabel’
    vmGUImenu : vmGUIpreferences: no visible global function definition for
     ‘tkscale’
    vmGUImenu : vmGUIpreferences : onOK: no visible global function
     definition for ‘tclvalue’
    vmGUImenu: no visible global function definition for ‘tkwm.protocol’
    vmGUImenu: no visible global function definition for ‘tkmenu’
    vmGUImenu: no visible global function definition for ‘tkconfigure’
    vmGUImenu: no visible global function definition for ‘tkadd’
    vmGUImenu: no visible global function definition for ‘tkwidget’
    vmGUImenu: no visible global function definition for ‘tkpack’
    vmGUImenu: no visible global function definition for ‘tkgrid’
    Undefined global functions or variables:
     .Tcl X11.options add3rdMousePopupmenu addHandlerClicked
     addHandlerFocus addHandlerKeystroke addHandlerUnrealize addTclPath
     aggregate as.formula blockHandler capture.output coef colors dev.new
     dev.off fivenum gaction gbasicdialog gbutton gcheckbox gcombobox
     gconfirm gdroplist gedit getToolkitWidget gfile gframe ggroup gimage
     glabel glayout gmenu gmessage gnotebook gradio gslider gstatusbar
     gtable gtext gwindow head par plot read.table sd t.test tclRequire
     tclVar tclvalue tkadd tkbind tkbutton tkcanvas tkcget tkcheckbutton
     tkconfigure tkcreate tkcurselection tkdelete tkdeselect tkdestroy
     tkfocus tkframe tkgetOpenFile tkgrid tkgrid.columnconfigure
     tkgrid.configure tkgrid.rowconfigure tkinsert tklabel tklistbox
     tkmenu tkmessageBox tkpack tkradiobutton tkscale tkscrollbar tksee
     tkselection.clear tkselection.set tkset tksize tktoplevel tkwidget
     tkwinfo tkwm.geometry tkwm.maxsize tkwm.minsize tkwm.protocol
     tkwm.resizable tkwm.title tkxview tkyview tkyview.scroll
     unblockHandler window write.table
Flavors: r-devel-linux-x86_64-debian-clang, r-devel-linux-x86_64-debian-gcc, r-devel-linux-x86_64-fedora-clang, r-devel-linux-x86_64-fedora-gcc

Version: 0.9.0
Check: R code for possible problems
Result: NOTE
    .onAttach: no visible global function definition for ‘addTclPath’
    .onAttach: no visible global function definition for ‘tclRequire’
    TKRdevice: no visible global function definition for ‘tktoplevel’
    TKRdevice: no visible global function definition for ‘tkwm.title’
    TKRdevice: no visible global function definition for ‘tclvalue’
    TKRdevice: no visible global function definition for ‘tkwinfo’
    TKRdevice: no visible global function definition for ‘tkframe’
    TKRdevice: no visible global function definition for ‘tkcanvas’
    TKRmatrixplot_work : OnLeftClick: no visible global function definition
     for ‘tclvalue’
    TKRmatrixplot_work : OnLeftClick: no visible global function definition
     for ‘tkwinfo’
    TKRmatrixplot_work: no visible global function definition for ‘tkbind’
    TKRparcoordMiss_work : OnLeftClick: no visible global function
     definition for ‘tclvalue’
    TKRparcoordMiss_work : OnLeftClick: no visible global function
     definition for ‘tkwinfo’
    TKRparcoordMiss_work: no visible global function definition for
     ‘tkbind’
    TKRpbox_work : OnLeftClick: no visible global function definition for
     ‘tclvalue’
    TKRpbox_work : OnLeftClick: no visible global function definition for
     ‘tkwinfo’
    TKRpbox_work: no visible global function definition for ‘tkbind’
    TKRscattmatrixMiss_work : OnLeftClick: no visible global function
     definition for ‘tclvalue’
    TKRscattmatrixMiss_work : OnLeftClick: no visible global function
     definition for ‘tkwinfo’
    TKRscattmatrixMiss_work: no visible global function definition for
     ‘tkbind’
    VIMGUI : savePlotToFile: no visible global function definition for
     ‘getToolkitWidget’
    VIMGUI : savePlotToFile: no visible global function definition for
     ‘gfile’
    VIMGUI : loadDataSet: no visible global function definition for ‘gfile’
    VIMGUI : setDataSet: no visible global function definition for
     ‘gmessage’
    VIMGUI : setDataSet: no visible global function definition for
     ‘gbasicdialog’
    VIMGUI : setDataSet: no visible global function definition for
     ‘gdroplist’
    VIMGUI : saveToFile: no visible global function definition for ‘gfile’
    VIMGUI : saveToFile: no visible global function definition for
     ‘gmessage’
    VIMGUI : saveToVariable: no visible global function definition for
     ‘gwindow’
    VIMGUI : saveToVariable: no visible global function definition for
     ‘glayout’
    VIMGUI : saveToVariable: no visible global function definition for
     ‘gcombobox’
    VIMGUI : saveToVariable: no visible global function definition for
     ‘gbutton’
    VIMGUI : saveToVariable: no visible global function definition for
     ‘addHandlerClicked’
    VIMGUI : saveToVariable : <anonymous>: no visible global function
     definition for ‘gconfirm’
    VIMGUI : WaitingDialog: no visible global function definition for
     ‘gwindow’
    VIMGUI : WaitingDialog: no visible global function definition for
     ‘glabel’
    VIMGUI : importCSV: no visible global function definition for ‘gwindow’
    VIMGUI : importCSV: no visible global function definition for ‘ggroup’
    VIMGUI : importCSV: no visible global function definition for ‘gedit’
    VIMGUI : importCSV : buttonHandler: no visible global function
     definition for ‘gfile’
    VIMGUI : importCSV : buttonHandler : <anonymous> : <anonymous>: no
     visible global function definition for ‘gmessage’
    VIMGUI : importCSV : previewCSV: no visible global function definition
     for ‘gframe’
    VIMGUI : importCSV : previewCSV: no visible global function definition
     for ‘ggroup’
    VIMGUI : importCSV : previewCSV: no visible global function definition
     for ‘gtable’
    VIMGUI : importCSV: no visible global function definition for
     ‘gstatusbar’
    VIMGUI : importCSV: no visible global function definition for ‘gbutton’
    VIMGUI : importCSV: no visible global function definition for
     ‘gcheckbox’
    VIMGUI : importCSV: no visible global function definition for
     ‘addHandlerKeystroke’
    VIMGUI : importCSV : <anonymous> : <anonymous>: no visible global
     function definition for ‘gmessage’
    VIMGUI : importCSV: no visible global function definition for ‘gframe’
    VIMGUI : importCSV: no visible global function definition for ‘glabel’
    VIMGUI : importSPSS: no visible global function definition for
     ‘gwindow’
    VIMGUI : importSPSS: no visible global function definition for ‘ggroup’
    VIMGUI : importSPSS: no visible global function definition for ‘gedit’
    VIMGUI : importSPSS : buttonHandler: no visible global function
     definition for ‘gfile’
    VIMGUI : importSPSS: no visible global function definition for
     ‘gstatusbar’
    VIMGUI : importSPSS: no visible global function definition for
     ‘gbutton’
    VIMGUI : importSPSS: no visible global function definition for
     ‘gcheckbox’
    VIMGUI : importSPSS : <anonymous> : <anonymous>: no visible global
     function definition for ‘gmessage’
    VIMGUI : importSPSS: no visible global function definition for ‘gframe’
    VIMGUI : importSTATA: no visible global function definition for
     ‘gwindow’
    VIMGUI : importSTATA: no visible global function definition for
     ‘ggroup’
    VIMGUI : importSTATA: no visible global function definition for ‘gedit’
    VIMGUI : importSTATA : buttonHandler: no visible global function
     definition for ‘gfile’
    VIMGUI : importSTATA: no visible global function definition for
     ‘gstatusbar’
    VIMGUI : importSTATA: no visible global function definition for
     ‘gbutton’
    VIMGUI : importSTATA: no visible global function definition for
     ‘gcheckbox’
    VIMGUI : importSTATA : <anonymous> : <anonymous>: no visible global
     function definition for ‘gmessage’
    VIMGUI : importSTATA: no visible global function definition for
     ‘gframe’
    VIMGUI : importSAS: no visible global function definition for ‘gwindow’
    VIMGUI : importSAS: no visible global function definition for ‘ggroup’
    VIMGUI : importSAS: no visible global function definition for ‘glayout’
    VIMGUI : importSAS: no visible global function definition for ‘gedit’
    VIMGUI : importSAS : buttonHandler: no visible global function
     definition for ‘gfile’
    VIMGUI : importSAS: no visible global function definition for
     ‘gstatusbar’
    VIMGUI : importSAS: no visible global function definition for ‘gbutton’
    VIMGUI : importSAS : <anonymous> : <anonymous>: no visible global
     function definition for ‘gmessage’
    VIMGUI : importSAS: no visible global function definition for ‘gframe’
    VIMGUI : exportCSV: no visible global function definition for ‘gwindow’
    VIMGUI : exportCSV: no visible global function definition for ‘ggroup’
    VIMGUI : exportCSV: no visible global function definition for ‘gedit’
    VIMGUI : exportCSV : buttonHandler: no visible global function
     definition for ‘gfile’
    VIMGUI : exportCSV: no visible global function definition for
     ‘gstatusbar’
    VIMGUI : exportCSV: no visible global function definition for ‘gbutton’
    VIMGUI : exportCSV: no visible global function definition for
     ‘gcheckbox’
    VIMGUI : exportCSV : <anonymous>: no visible global function definition
     for ‘gconfirm’
    VIMGUI : exportCSV : <anonymous> : <anonymous>: no visible global
     function definition for ‘gmessage’
    VIMGUI : exportCSV: no visible global function definition for ‘gframe’
    VIMGUI : exportCSV: no visible global function definition for ‘glabel’
    VIMGUI : exportSPSS: no visible global function definition for
     ‘gwindow’
    VIMGUI : exportSPSS: no visible global function definition for ‘ggroup’
    VIMGUI : exportSPSS: no visible global function definition for
     ‘glayout’
    VIMGUI : exportSPSS: no visible global function definition for ‘gedit’
    VIMGUI : exportSPSS : databuttonHandler: no visible global function
     definition for ‘gfile’
    VIMGUI : exportSPSS : codebuttonHandler: no visible global function
     definition for ‘gfile’
    VIMGUI : exportSPSS: no visible global function definition for
     ‘gbutton’
    VIMGUI : exportSPSS : <anonymous>: no visible global function
     definition for ‘gconfirm’
    VIMGUI : exportSPSS : <anonymous> : <anonymous>: no visible global
     function definition for ‘gmessage’
    VIMGUI : exportSPSS: no visible global function definition for ‘gframe’
    VIMGUI : exportSTATA: no visible global function definition for
     ‘gwindow’
    VIMGUI : exportSTATA: no visible global function definition for
     ‘ggroup’
    VIMGUI : exportSTATA: no visible global function definition for ‘gedit’
    VIMGUI : exportSTATA: no visible global function definition for
     ‘gcheckbox’
    VIMGUI : exportSTATA: no visible global function definition for
     ‘gcombobox’
    VIMGUI : exportSTATA : buttonHandler: no visible global function
     definition for ‘gfile’
    VIMGUI : exportSTATA: no visible global function definition for
     ‘gbutton’
    VIMGUI : exportSTATA : <anonymous>: no visible global function
     definition for ‘gconfirm’
    VIMGUI : exportSTATA : <anonymous> : <anonymous>: no visible global
     function definition for ‘gmessage’
    VIMGUI : exportSTATA: no visible global function definition for
     ‘gframe’
    VIMGUI : exportSTATA: no visible global function definition for
     ‘glabel’
    VIMGUI : exportSAS: no visible global function definition for ‘gwindow’
    VIMGUI : exportSAS: no visible global function definition for ‘ggroup’
    VIMGUI : exportSAS: no visible global function definition for ‘gedit’
    VIMGUI : exportSAS: no visible global function definition for
     ‘gcombobox’
    VIMGUI : exportSAS : databuttonHandler: no visible global function
     definition for ‘gfile’
    VIMGUI : exportSAS : codebuttonHandler: no visible global function
     definition for ‘gfile’
    VIMGUI : exportSAS: no visible global function definition for ‘gbutton’
    VIMGUI : exportSAS : <anonymous>: no visible global function definition
     for ‘gconfirm’
    VIMGUI : exportSAS : <anonymous> : <anonymous>: no visible global
     function definition for ‘gmessage’
    VIMGUI : exportSAS: no visible global function definition for ‘gframe’
    VIMGUI : exportSAS: no visible global function definition for ‘glabel’
    VIMGUI : updatePanels: no visible global function definition for
     ‘blockHandler’
    VIMGUI : updatePanels: no visible global function definition for
     ‘unblockHandler’
    VIMGUI : initPanels : <anonymous>: no visible global function
     definition for ‘blockHandler’
    VIMGUI : initPanels : <anonymous>: no visible global function
     definition for ‘unblockHandler’
    VIMGUI : OptionsHandler: no visible global function definition for
     ‘gwindow’
    VIMGUI : OptionsHandler: no visible global function definition for
     ‘ggroup’
    VIMGUI : OptionsHandler: no visible global function definition for
     ‘glabel’
    VIMGUI : OptionsHandler: no visible global function definition for
     ‘glayout’
    VIMGUI : OptionsHandler: no visible global function definition for
     ‘gdroplist’
    VIMGUI : OptionsHandler: no visible global function definition for
     ‘gslider’
    VIMGUI : OptionsHandler: no visible global function definition for
     ‘gbutton’
    VIMGUI : ScriptHandler: no visible global function definition for
     ‘gwindow’
    VIMGUI : ScriptHandler: no visible global function definition for
     ‘gtext’
    VIMGUI : bufferedPlot: no visible global function definition for
     ‘getToolkitWidget’
    VIMGUI : undoImputation: no visible global function definition for
     ‘gconfirm’
    VIMGUI : Imputation : <anonymous>: no visible global function
     definition for ‘gmessage’
    VIMGUI : Imputation: no visible global function definition for
     ‘gmessage’
    VIMGUI : createSurveyDialog: no visible global function definition for
     ‘gwindow’
    VIMGUI : createSurveyDialog: no visible global function definition for
     ‘glayout’
    VIMGUI : createSurveyDialog: no visible global function definition for
     ‘gtable’
    VIMGUI : createSurveyDialog: no visible global function definition for
     ‘gdroplist’
    VIMGUI : createSurveyDialog: no visible global function definition for
     ‘ggroup’
    VIMGUI : createSurveyDialog: no visible global function definition for
     ‘gbutton’
    VIMGUI : createSurveyDialog: no visible global function definition for
     ‘gedit’
    VIMGUI : createSurveyDialog: no visible global function definition for
     ‘glabel’
    VIMGUI : createSurveyDialog: no visible global function definition for
     ‘addHandlerFocus’
    VIMGUI : createSurveyDialog : <anonymous>: no visible global function
     definition for ‘gconfirm’
    VIMGUI : createSurveyDialog : <anonymous> : <anonymous>: no visible
     global function definition for ‘gmessage’
    VIMGUI : createSurveyDialog: no visible global function definition for
     ‘addHandlerClicked’
    VIMGUI : createPrepareDialog: no visible global function definition for
     ‘gwindow’
    VIMGUI : createPrepareDialog: no visible global function definition for
     ‘gdroplist’
    VIMGUI : createPrepareDialog: no visible global function definition for
     ‘gedit’
    VIMGUI : createPrepareDialog: no visible global function definition for
     ‘gbutton’
    VIMGUI : createPrepareDialog: no visible global function definition for
     ‘glayout’
    VIMGUI : createPrepareDialog: no visible global function definition for
     ‘glabel’
    VIMGUI : createPrepareDialog: no visible global function definition for
     ‘addHandlerClicked’
    VIMGUI : createPrepareDialog : <anonymous>: no visible global function
     definition for ‘gconfirm’
    VIMGUI : createPrepareDialog : <anonymous> : <anonymous>: no visible
     global function definition for ‘gmessage’
    VIMGUI : undoPrepare: no visible global function definition for
     ‘gconfirm’
    VIMGUI : createNaDialog: no visible global function definition for
     ‘gwindow’
    VIMGUI : createNaDialog: no visible global function definition for
     ‘glayout’
    VIMGUI : createNaDialog: no visible global function definition for
     ‘gtable’
    VIMGUI : createNaDialog: no visible global function definition for
     ‘gedit’
    VIMGUI : createNaDialog: no visible global function definition for
     ‘gbutton’
    VIMGUI : createNaDialog: no visible global function definition for
     ‘glabel’
    VIMGUI : createNaDialog: no visible global function definition for
     ‘addHandlerClicked’
    VIMGUI: no visible global function definition for ‘gaction’
    VIMGUI: no visible global function definition for ‘gwindow’
    VIMGUI: no visible global function definition for ‘gmenu’
    VIMGUI: no visible global function definition for ‘gnotebook’
    VIMGUI: no visible global function definition for ‘ggroup’
    VIMGUI: no visible global function definition for ‘gframe’
    VIMGUI: no visible global function definition for ‘gtext’
    VIMGUI: no visible global function definition for ‘gtable’
    VIMGUI: no visible global function definition for ‘glayout’
    VIMGUI: no visible global function definition for ‘gdroplist’
    VIMGUI: no visible global function definition for ‘gradio’
    VIMGUI: no visible global function definition for ‘glabel’
    VIMGUI: no visible global function definition for ‘gbutton’
    VIMGUI: no visible global function definition for ‘addHandlerClicked’
    VIMGUI: no visible global function definition for ‘gedit’
    VIMGUI: no visible global function definition for ‘gcheckbox’
    VIMGUI: no visible global function definition for ‘gslider’
    VIMGUI: no visible global function definition for ‘addHandlerFocus’
    VIMGUI: no visible global function definition for ‘gimage’
    VIMGUI: no visible global function definition for ‘gcombobox’
    VIMGUI: no visible global function definition for
     ‘add3rdMousePopupmenu’
    VIMGUI: no visible global function definition for ‘getToolkitWidget’
    VIMGUI: no visible global function definition for ‘addHandlerUnrealize’
    adjustTypesDialog: no visible global function definition for
     ‘gbasicdialog’
    adjustTypesDialog: no visible global function definition for ‘ggroup’
    adjustTypesDialog: no visible global function definition for ‘glayout’
    adjustTypesDialog: no visible global function definition for ‘gbutton’
    adjustTypesDialog: no visible global function definition for ‘glabel’
    adjustTypesDialog: no visible global function definition for
     ‘gcheckbox’
    adjustTypesDialog: no visible global function definition for
     ‘gdroplist’
    adjustTypesDialog: no visible global function definition for
     ‘addHandlerClicked’
    bind.listbox: no visible global function definition for ‘tclvalue’
    bind.listbox: no visible global function definition for ‘tkcget’
    bind.listbox: no visible global function definition for ‘tkbind’
    bind.radiobuttons: no visible global function definition for ‘tclvalue’
    bind.radiobuttons: no visible global function definition for ‘tkcget’
    bind.radiobuttons: no visible global function definition for ‘tkbind’
    checkboxes: no visible global function definition for ‘tkframe’
    checkboxes: no visible binding for global variable ‘tclVar’
    checkboxes: no visible global function definition for ‘tkgrid’
    checkboxes: no visible global function definition for ‘tklabel’
    checkboxes: no visible global function definition for ‘tkcheckbutton’
    checkboxes: no visible global function definition for
     ‘tkgrid.configure’
    closeDialog: no visible global function definition for ‘tkdestroy’
    closeDialog: no visible global function definition for ‘tkfocus’
    deselectAll.listbox: no visible global function definition for
     ‘tkselection.clear’
    deselectAll.radiobuttons: no visible global function definition for
     ‘tkdeselect’
    empty.listbox: no visible global function definition for ‘tkdelete’
    finish.TKRdevice: no visible global function definition for ‘tkpack’
    finish.TKRdevice: no visible global function definition for ‘tklabel’
    finish.TKRdevice: no visible global function definition for ‘tkcreate’
    finish.TKRdevice: no visible global function definition for ‘.Tcl’
    finish.TKRdevice: no visible global function definition for
     ‘tkscrollbar’
    finish.TKRdevice : <anonymous>: no visible global function definition
     for ‘tkxview’
    finish.TKRdevice : <anonymous>: no visible global function definition
     for ‘tkyview’
    finish.TKRdevice: no visible global function definition for ‘tkgrid’
    finish.TKRdevice: no visible global function definition for
     ‘tkgrid.rowconfigure’
    finish.TKRdevice: no visible global function definition for
     ‘tkgrid.columnconfigure’
    finish.TKRdevice: no visible global function definition for ‘tclvalue’
    finish.TKRdevice: no visible global function definition for ‘tkwinfo’
    finish.TKRdevice: no visible global function definition for
     ‘tkconfigure’
    finish.TKRdevice : <anonymous>: no visible global function definition
     for ‘tkset’
    finish.TKRdevice: no visible global function definition for
     ‘tkwm.maxsize’
    finish.TKRdevice: no visible global function definition for
     ‘tkwm.minsize’
    getPosition: no visible global function definition for ‘tclvalue’
    getPosition: no visible global function definition for ‘.Tcl’
    getSelection.checkboxes: no visible binding for global variable
     ‘tclvalue’
    getSelection.listbox: no visible global function definition for
     ‘tkcurselection’
    getSelection.radiobuttons: no visible global function definition for
     ‘tclvalue’
    getSize.listbox: no visible global function definition for ‘tclvalue’
    getSize.listbox: no visible global function definition for ‘tksize’
    initializeDialog: no visible global function definition for
     ‘tktoplevel’
    initializeDialog: no visible global function definition for
     ‘tkwm.title’
    initializeDialog: no visible global function definition for
     ‘tkwm.geometry’
    initializeDialog: no visible global function definition for
     ‘tkwm.resizable’
    initializeDialog: no visible global function definition for ‘tkfocus’
    insert.listbox: no visible global function definition for ‘tkinsert’
    insertTable: no visible global function definition for
     ‘getToolkitWidget’
    isFocus: no visible global function definition for ‘getToolkitWidget’
    listbox: no visible global function definition for ‘tkframe’
    listbox: no visible global function definition for ‘tklistbox’
    listbox: no visible global function definition for ‘tkscrollbar’
    listbox : <anonymous>: no visible global function definition for
     ‘tkyview’
    listbox: no visible global function definition for ‘tkconfigure’
    listbox : <anonymous>: no visible global function definition for
     ‘tkset’
    listbox: no visible global function definition for ‘tkinsert’
    listbox: no visible global function definition for ‘tkselection.set’
    listbox: no visible global function definition for ‘tksee’
    listbox : onLetter: no visible global function definition for
     ‘tclvalue’
    listbox : onLetter: no visible global function definition for ‘tkyview’
    listbox : onLetter: no visible global function definition for
     ‘tkyview.scroll’
    listbox: no visible global function definition for ‘tkbind’
    listbox: no visible global function definition for ‘tkgrid’
    listbox: no visible global function definition for ‘tklabel’
    listbox: no visible global function definition for ‘tkgrid.configure’
    loadingWindow: no visible global function definition for ‘gwindow’
    loadingWindow: no visible global function definition for ‘glabel’
    okCancel: no visible global function definition for ‘tkframe’
    okCancel: no visible global function definition for ‘tkbutton’
    okCancel: no visible global function definition for ‘tkgrid’
    radiobuttons: no visible global function definition for ‘tkframe’
    radiobuttons: no visible global function definition for ‘tclVar’
    radiobuttons: no visible global function definition for ‘tkgrid’
    radiobuttons: no visible global function definition for ‘tklabel’
    radiobuttons: no visible global function definition for ‘tkradiobutton’
    radiobuttons: no visible global function definition for
     ‘tkgrid.configure’
    selectAll.listbox: no visible global function definition for
     ‘tkselection.set’
    setState.listbox: no visible global function definition for
     ‘tkconfigure’
    setState.okCancel: no visible global function definition for
     ‘tkconfigure’
    setState.radiobuttons: no visible global function definition for
     ‘tclvalue’
    setState.radiobuttons: no visible global function definition for
     ‘tkcget’
    setState.radiobuttons: no visible global function definition for
     ‘tkconfigure’
    setWidgetBgColor: no visible global function definition for
     ‘getToolkitWidget’
    vmGUImenu : activateMenus: no visible global function definition for
     ‘.Tcl’
    vmGUImenu : Quit: no visible global function definition for
     ‘tkmessageBox’
    vmGUImenu : Quit: no visible global function definition for ‘tclvalue’
    vmGUImenu : NotImplemented: no visible global function definition for
     ‘tkmessageBox’
    vmGUImenu : vmGUIdata: no visible global function definition for
     ‘tkwidget’
    vmGUImenu : vmGUIdata: no visible global function definition for
     ‘tkpack’
    vmGUImenu : vmGUIdata: no visible global function definition for
     ‘tkgrid’
    vmGUImenu : LoadRData: no visible global function definition for
     ‘tclvalue’
    vmGUImenu : LoadRData: no visible global function definition for
     ‘tkgetOpenFile’
    vmGUImenu : LoadRData: no visible global function definition for
     ‘tkmessageBox’
    vmGUImenu : vmGUItransform: no visible global function definition for
     ‘tkframe’
    vmGUImenu : vmGUItransform: no visible global function definition for
     ‘tkwidget’
    vmGUImenu : vmGUItransform: no visible global function definition for
     ‘tkpack’
    vmGUImenu : vmGUItransform: no visible global function definition for
     ‘tclVar’
    vmGUImenu : vmGUItransform : setAlrVar: no visible global function
     definition for ‘tkfocus’
    vmGUImenu : vmGUItransform : setAlrVar: no visible global function
     definition for ‘tclvalue’
    vmGUImenu : vmGUItransform: no visible global function definition for
     ‘tkgrid’
    vmGUImenu : vmGUItransform : activateElements: no visible global
     function definition for ‘tkconfigure’
    vmGUImenu : vmGUImap: no visible global function definition for
     ‘tkframe’
    vmGUImenu : vmGUImap: no visible global function definition for
     ‘tkwidget’
    vmGUImenu : vmGUImap: no visible global function definition for
     ‘tkpack’
    vmGUImenu : vmGUImap: no visible global function definition for
     ‘tclVar’
    vmGUImenu : vmGUImap : setCoords: no visible global function definition
     for ‘tkfocus’
    vmGUImenu : vmGUImap : setCoords: no visible global function definition
     for ‘tclvalue’
    vmGUImenu : vmGUImap: no visible global function definition for
     ‘tkgrid’
    vmGUImenu : vmGUImap: no visible global function definition for
     ‘tklabel’
    vmGUImenu : vmGUImap : setRegion: no visible global function definition
     for ‘tkfocus’
    vmGUImenu : vmGUImap : setRegion: no visible global function definition
     for ‘tclvalue’
    vmGUImenu : knnGUI: no visible global function definition for
     ‘tkwidget’
    vmGUImenu : knnGUI: no visible global function definition for ‘tkpack’
    vmGUImenu : knnGUI: no visible global function definition for ‘tkgrid’
    vmGUImenu : hotdeckGUI : onOKhotdeck: no visible global function
     definition for ‘tkmessageBox’
    vmGUImenu : hotdeckGUI: no visible global function definition for
     ‘tkwidget’
    vmGUImenu : hotdeckGUI: no visible global function definition for
     ‘tkpack’
    vmGUImenu : hotdeckGUI: no visible global function definition for
     ‘tkgrid’
    vmGUImenu : irmiGUI: no visible global function definition for
     ‘tkwidget’
    vmGUImenu : irmiGUI: no visible global function definition for ‘tkpack’
    vmGUImenu : irmiGUI: no visible global function definition for ‘tkgrid’
    vmGUImenu : irmiGUI : setrobust: no visible global function definition
     for ‘tclvalue’
    vmGUImenu : vmGUIpreferences: no visible global function definition for
     ‘tkwidget’
    vmGUImenu : vmGUIpreferences: no visible global function definition for
     ‘tkframe’
    vmGUImenu : vmGUIpreferences: no visible global function definition for
     ‘tclVar’
    vmGUImenu : vmGUIpreferences : setCol: no visible global function
     definition for ‘tkfocus’
    vmGUImenu : vmGUIpreferences: no visible global function definition for
     ‘tkgrid’
    vmGUImenu : vmGUIpreferences: no visible global function definition for
     ‘tklabel’
    vmGUImenu : vmGUIpreferences: no visible global function definition for
     ‘tkscale’
    vmGUImenu : vmGUIpreferences : onOK: no visible global function
     definition for ‘tclvalue’
    vmGUImenu: no visible global function definition for ‘tkwm.protocol’
    vmGUImenu: no visible global function definition for ‘tkmenu’
    vmGUImenu: no visible global function definition for ‘tkconfigure’
    vmGUImenu: no visible global function definition for ‘tkadd’
    vmGUImenu: no visible global function definition for ‘tkwidget’
    vmGUImenu: no visible global function definition for ‘tkpack’
    vmGUImenu: no visible global function definition for ‘tkgrid’
    Undefined global functions or variables:
     .Tcl add3rdMousePopupmenu addHandlerClicked addHandlerFocus
     addHandlerKeystroke addHandlerUnrealize addTclPath blockHandler
     gaction gbasicdialog gbutton gcheckbox gcombobox gconfirm gdroplist
     gedit getToolkitWidget gfile gframe ggroup gimage glabel glayout
     gmenu gmessage gnotebook gradio gslider gstatusbar gtable gtext
     gwindow tclRequire tclVar tclvalue tkadd tkbind tkbutton tkcanvas
     tkcget tkcheckbutton tkconfigure tkcreate tkcurselection tkdelete
     tkdeselect tkdestroy tkfocus tkframe tkgetOpenFile tkgrid
     tkgrid.columnconfigure tkgrid.configure tkgrid.rowconfigure tkinsert
     tklabel tklistbox tkmenu tkmessageBox tkpack tkradiobutton tkscale
     tkscrollbar tksee tkselection.clear tkselection.set tkset tksize
     tktoplevel tkwidget tkwinfo tkwm.geometry tkwm.maxsize tkwm.minsize
     tkwm.protocol tkwm.resizable tkwm.title tkxview tkyview
     tkyview.scroll unblockHandler
Flavor: r-devel-osx-x86_64-clang

Version: 0.9.0
Check: R code for possible problems
Result: NOTE
    .onAttach: no visible global function definition for 'addTclPath'
    .onAttach: no visible global function definition for 'tclRequire'
    TKRaggr : <anonymous>: no visible global function definition for 'par'
    TKRdevice: no visible global function definition for 'tktoplevel'
    TKRdevice: no visible global function definition for 'tkwm.title'
    TKRdevice: no visible global function definition for 'tclvalue'
    TKRdevice: no visible global function definition for 'tkwinfo'
    TKRdevice: no visible global function definition for 'tkframe'
    TKRdevice: no visible global function definition for 'tkcanvas'
    TKRmarginmatrix_work : <anonymous>: no visible global function
     definition for 'par'
    TKRmarginmatrix_work : <anonymous>: no visible global function
     definition for 'windows.options'
    TKRmatrixplot_work : <anonymous>: no visible global function definition
     for 'par'
    TKRmatrixplot_work : OnLeftClick: no visible global function definition
     for 'tclvalue'
    TKRmatrixplot_work : OnLeftClick: no visible global function definition
     for 'tkwinfo'
    TKRmatrixplot_work: no visible global function definition for 'tkbind'
    TKRparcoordMiss_work : <anonymous>: no visible global function
     definition for 'par'
    TKRparcoordMiss_work : <anonymous>: no visible global function
     definition for 'windows.options'
    TKRparcoordMiss_work : OnLeftClick: no visible global function
     definition for 'tclvalue'
    TKRparcoordMiss_work : OnLeftClick: no visible global function
     definition for 'tkwinfo'
    TKRparcoordMiss_work: no visible global function definition for
     'tkbind'
    TKRpbox_work : <anonymous>: no visible global function definition for
     'par'
    TKRpbox_work : OnLeftClick: no visible global function definition for
     'tclvalue'
    TKRpbox_work : OnLeftClick: no visible global function definition for
     'tkwinfo'
    TKRpbox_work: no visible global function definition for 'tkbind'
    TKRscattmatrixMiss_work : <anonymous>: no visible global function
     definition for 'par'
    TKRscattmatrixMiss_work : <anonymous>: no visible global function
     definition for 'windows.options'
    TKRscattmatrixMiss_work : OnLeftClick: no visible global function
     definition for 'tclvalue'
    TKRscattmatrixMiss_work : OnLeftClick: no visible global function
     definition for 'tkwinfo'
    TKRscattmatrixMiss_work: no visible global function definition for
     'tkbind'
    VIMGUI : savePlotToFile: no visible global function definition for
     'getToolkitWidget'
    VIMGUI : savePlotToFile: no visible global function definition for
     'gfile'
    VIMGUI : savePlotToFile: no visible global function definition for
     'dev.off'
    VIMGUI : loadDataSet: no visible global function definition for 'gfile'
    VIMGUI : loadDataSet: no visible binding for global variable 'window'
    VIMGUI : setDataSet: no visible global function definition for
     'gmessage'
    VIMGUI : setDataSet: no visible global function definition for
     'gbasicdialog'
    VIMGUI : setDataSet: no visible global function definition for
     'gdroplist'
    VIMGUI : saveToFile: no visible global function definition for 'gfile'
    VIMGUI : saveToFile: no visible binding for global variable 'window'
    VIMGUI : saveToFile: no visible global function definition for
     'gmessage'
    VIMGUI : saveToVariable: no visible global function definition for
     'gwindow'
    VIMGUI : saveToVariable: no visible global function definition for
     'glayout'
    VIMGUI : saveToVariable: no visible global function definition for
     'gcombobox'
    VIMGUI : saveToVariable: no visible global function definition for
     'gbutton'
    VIMGUI : saveToVariable: no visible global function definition for
     'addHandlerClicked'
    VIMGUI : saveToVariable : <anonymous>: no visible global function
     definition for 'gconfirm'
    VIMGUI : WaitingDialog: no visible global function definition for
     'gwindow'
    VIMGUI : WaitingDialog: no visible global function definition for
     'glabel'
    VIMGUI : importCSV: no visible global function definition for 'gwindow'
    VIMGUI : importCSV: no visible global function definition for 'ggroup'
    VIMGUI : importCSV: no visible global function definition for 'gedit'
    VIMGUI : importCSV : buttonHandler: no visible global function
     definition for 'gfile'
    VIMGUI : importCSV : buttonHandler : <anonymous> : <anonymous>: no
     visible global function definition for 'gmessage'
    VIMGUI : importCSV : previewCSV: no visible global function definition
     for 'gframe'
    VIMGUI : importCSV : previewCSV: no visible global function definition
     for 'ggroup'
    VIMGUI : importCSV : previewCSV: no visible global function definition
     for 'read.table'
    VIMGUI : importCSV : previewCSV: no visible global function definition
     for 'gtable'
    VIMGUI : importCSV: no visible global function definition for
     'gstatusbar'
    VIMGUI : importCSV: no visible global function definition for 'gbutton'
    VIMGUI : importCSV: no visible global function definition for
     'gcheckbox'
    VIMGUI : importCSV: no visible global function definition for
     'addHandlerKeystroke'
    VIMGUI : importCSV : <anonymous>: no visible global function definition
     for 'read.table'
    VIMGUI : importCSV : <anonymous> : <anonymous>: no visible global
     function definition for 'gmessage'
    VIMGUI : importCSV: no visible global function definition for 'gframe'
    VIMGUI : importCSV: no visible global function definition for 'glabel'
    VIMGUI : importSPSS: no visible global function definition for
     'gwindow'
    VIMGUI : importSPSS: no visible binding for global variable 'window'
    VIMGUI : importSPSS: no visible global function definition for 'ggroup'
    VIMGUI : importSPSS: no visible global function definition for 'gedit'
    VIMGUI : importSPSS : buttonHandler: no visible global function
     definition for 'gfile'
    VIMGUI : importSPSS: no visible global function definition for
     'gstatusbar'
    VIMGUI : importSPSS: no visible global function definition for
     'gbutton'
    VIMGUI : importSPSS: no visible global function definition for
     'gcheckbox'
    VIMGUI : importSPSS : <anonymous> : <anonymous>: no visible global
     function definition for 'gmessage'
    VIMGUI : importSPSS: no visible global function definition for 'gframe'
    VIMGUI : importSTATA: no visible global function definition for
     'gwindow'
    VIMGUI : importSTATA: no visible binding for global variable 'window'
    VIMGUI : importSTATA: no visible global function definition for
     'ggroup'
    VIMGUI : importSTATA: no visible global function definition for 'gedit'
    VIMGUI : importSTATA : buttonHandler: no visible global function
     definition for 'gfile'
    VIMGUI : importSTATA: no visible global function definition for
     'gstatusbar'
    VIMGUI : importSTATA: no visible global function definition for
     'gbutton'
    VIMGUI : importSTATA: no visible global function definition for
     'gcheckbox'
    VIMGUI : importSTATA : <anonymous> : <anonymous>: no visible global
     function definition for 'gmessage'
    VIMGUI : importSTATA: no visible global function definition for
     'gframe'
    VIMGUI : importSAS: no visible global function definition for 'gwindow'
    VIMGUI : importSAS: no visible binding for global variable 'window'
    VIMGUI : importSAS: no visible global function definition for 'ggroup'
    VIMGUI : importSAS: no visible global function definition for 'glayout'
    VIMGUI : importSAS: no visible global function definition for 'gedit'
    VIMGUI : importSAS : buttonHandler: no visible global function
     definition for 'gfile'
    VIMGUI : importSAS: no visible global function definition for
     'gstatusbar'
    VIMGUI : importSAS: no visible global function definition for 'gbutton'
    VIMGUI : importSAS : <anonymous> : <anonymous>: no visible global
     function definition for 'gmessage'
    VIMGUI : importSAS: no visible global function definition for 'gframe'
    VIMGUI : exportCSV: no visible global function definition for 'gwindow'
    VIMGUI : exportCSV: no visible binding for global variable 'window'
    VIMGUI : exportCSV: no visible global function definition for 'ggroup'
    VIMGUI : exportCSV: no visible global function definition for 'gedit'
    VIMGUI : exportCSV : buttonHandler: no visible global function
     definition for 'gfile'
    VIMGUI : exportCSV: no visible global function definition for
     'gstatusbar'
    VIMGUI : exportCSV: no visible global function definition for 'gbutton'
    VIMGUI : exportCSV: no visible global function definition for
     'gcheckbox'
    VIMGUI : exportCSV : <anonymous>: no visible global function definition
     for 'gconfirm'
    VIMGUI : exportCSV : <anonymous>: no visible global function definition
     for 'write.table'
    VIMGUI : exportCSV : <anonymous> : <anonymous>: no visible global
     function definition for 'gmessage'
    VIMGUI : exportCSV: no visible global function definition for 'gframe'
    VIMGUI : exportCSV: no visible global function definition for 'glabel'
    VIMGUI : exportSPSS: no visible global function definition for
     'gwindow'
    VIMGUI : exportSPSS: no visible binding for global variable 'window'
    VIMGUI : exportSPSS: no visible global function definition for 'ggroup'
    VIMGUI : exportSPSS: no visible global function definition for
     'glayout'
    VIMGUI : exportSPSS: no visible global function definition for 'gedit'
    VIMGUI : exportSPSS : databuttonHandler: no visible global function
     definition for 'gfile'
    VIMGUI : exportSPSS : codebuttonHandler: no visible global function
     definition for 'gfile'
    VIMGUI : exportSPSS: no visible global function definition for
     'gbutton'
    VIMGUI : exportSPSS : <anonymous>: no visible global function
     definition for 'gconfirm'
    VIMGUI : exportSPSS : <anonymous> : <anonymous>: no visible global
     function definition for 'gmessage'
    VIMGUI : exportSPSS: no visible global function definition for 'gframe'
    VIMGUI : exportSTATA: no visible global function definition for
     'gwindow'
    VIMGUI : exportSTATA: no visible binding for global variable 'window'
    VIMGUI : exportSTATA: no visible global function definition for
     'ggroup'
    VIMGUI : exportSTATA: no visible global function definition for 'gedit'
    VIMGUI : exportSTATA: no visible global function definition for
     'gcheckbox'
    VIMGUI : exportSTATA: no visible global function definition for
     'gcombobox'
    VIMGUI : exportSTATA : buttonHandler: no visible global function
     definition for 'gfile'
    VIMGUI : exportSTATA: no visible global function definition for
     'gbutton'
    VIMGUI : exportSTATA : <anonymous>: no visible global function
     definition for 'gconfirm'
    VIMGUI : exportSTATA : <anonymous> : <anonymous>: no visible global
     function definition for 'gmessage'
    VIMGUI : exportSTATA: no visible global function definition for
     'gframe'
    VIMGUI : exportSTATA: no visible global function definition for
     'glabel'
    VIMGUI : exportSAS: no visible global function definition for 'gwindow'
    VIMGUI : exportSAS: no visible binding for global variable 'window'
    VIMGUI : exportSAS: no visible global function definition for 'ggroup'
    VIMGUI : exportSAS: no visible global function definition for 'gedit'
    VIMGUI : exportSAS: no visible global function definition for
     'gcombobox'
    VIMGUI : exportSAS : databuttonHandler: no visible global function
     definition for 'gfile'
    VIMGUI : exportSAS : codebuttonHandler: no visible global function
     definition for 'gfile'
    VIMGUI : exportSAS: no visible global function definition for 'gbutton'
    VIMGUI : exportSAS : <anonymous>: no visible global function definition
     for 'gconfirm'
    VIMGUI : exportSAS : <anonymous> : <anonymous>: no visible global
     function definition for 'gmessage'
    VIMGUI : exportSAS: no visible global function definition for 'gframe'
    VIMGUI : exportSAS: no visible global function definition for 'glabel'
    VIMGUI : updatePanels: no visible global function definition for
     'blockHandler'
    VIMGUI : updatePanels: no visible global function definition for
     'unblockHandler'
    VIMGUI : initPanels : <anonymous>: no visible global function
     definition for 'blockHandler'
    VIMGUI : initPanels : <anonymous>: no visible global function
     definition for 'unblockHandler'
    VIMGUI : initPanels: no visible global function definition for
     'capture.output'
    VIMGUI : OptionsHandler: no visible global function definition for
     'gwindow'
    VIMGUI : OptionsHandler: no visible global function definition for
     'ggroup'
    VIMGUI : OptionsHandler: no visible global function definition for
     'glabel'
    VIMGUI : OptionsHandler: no visible global function definition for
     'glayout'
    VIMGUI : OptionsHandler: no visible global function definition for
     'gdroplist'
    VIMGUI : OptionsHandler: no visible global function definition for
     'gslider'
    VIMGUI : OptionsHandler: no visible global function definition for
     'gbutton'
    VIMGUI : ScriptHandler: no visible global function definition for
     'gwindow'
    VIMGUI : ScriptHandler: no visible global function definition for
     'gtext'
    VIMGUI : bufferedPlot: no visible global function definition for
     'getToolkitWidget'
    VIMGUI : bufferedPlot: no visible global function definition for
     'dev.off'
    VIMGUI : undoImputation: no visible global function definition for
     'gconfirm'
    VIMGUI : Imputation: no visible global function definition for
     'capture.output'
    VIMGUI : Imputation : <anonymous>: no visible global function
     definition for 'gmessage'
    VIMGUI : Imputation: no visible global function definition for
     'gmessage'
    VIMGUI : Imputation: no visible global function definition for
     'as.formula'
    VIMGUI : dataPanelChangeHandler: no visible global function definition
     for 'as.formula'
    VIMGUI : dataPanelChangeHandler: no visible global function definition
     for 'aggregate'
    VIMGUI : dataPanelChangeHandler : <anonymous>: no visible global
     function definition for 'sd'
    VIMGUI : dataPanelChangeHandler: no visible global function definition
     for 'coef'
    VIMGUI : dataPanelChangeHandler: no visible global function definition
     for 'sd'
    VIMGUI : createSurveyDialog: no visible global function definition for
     'gwindow'
    VIMGUI : createSurveyDialog: no visible global function definition for
     'glayout'
    VIMGUI : createSurveyDialog: no visible global function definition for
     'gtable'
    VIMGUI : createSurveyDialog: no visible global function definition for
     'gdroplist'
    VIMGUI : createSurveyDialog: no visible global function definition for
     'ggroup'
    VIMGUI : createSurveyDialog: no visible global function definition for
     'gbutton'
    VIMGUI : createSurveyDialog: no visible global function definition for
     'gedit'
    VIMGUI : createSurveyDialog: no visible global function definition for
     'glabel'
    VIMGUI : createSurveyDialog: no visible global function definition for
     'addHandlerFocus'
    VIMGUI : createSurveyDialog : <anonymous>: no visible global function
     definition for 'gconfirm'
    VIMGUI : createSurveyDialog : <anonymous>: no visible global function
     definition for 'as.formula'
    VIMGUI : createSurveyDialog : <anonymous> : <anonymous>: no visible
     global function definition for 'gmessage'
    VIMGUI : createSurveyDialog: no visible global function definition for
     'addHandlerClicked'
    VIMGUI : createPrepareDialog: no visible global function definition for
     'gwindow'
    VIMGUI : createPrepareDialog: no visible global function definition for
     'gdroplist'
    VIMGUI : createPrepareDialog: no visible global function definition for
     'gedit'
    VIMGUI : createPrepareDialog: no visible global function definition for
     'gbutton'
    VIMGUI : createPrepareDialog: no visible global function definition for
     'glayout'
    VIMGUI : createPrepareDialog: no visible global function definition for
     'glabel'
    VIMGUI : createPrepareDialog: no visible global function definition for
     'addHandlerClicked'
    VIMGUI : createPrepareDialog : <anonymous>: no visible global function
     definition for 'gconfirm'
    VIMGUI : createPrepareDialog : <anonymous> : <anonymous>: no visible
     global function definition for 'gmessage'
    VIMGUI : undoPrepare: no visible global function definition for
     'gconfirm'
    VIMGUI : createNaDialog: no visible global function definition for
     'gwindow'
    VIMGUI : createNaDialog: no visible global function definition for
     'glayout'
    VIMGUI : createNaDialog: no visible global function definition for
     'gtable'
    VIMGUI : createNaDialog: no visible global function definition for
     'gedit'
    VIMGUI : createNaDialog: no visible global function definition for
     'gbutton'
    VIMGUI : createNaDialog: no visible global function definition for
     'glabel'
    VIMGUI : createNaDialog: no visible global function definition for
     'addHandlerClicked'
    VIMGUI: no visible global function definition for 'gaction'
    VIMGUI: no visible global function definition for 'gwindow'
    VIMGUI: no visible global function definition for 'gmenu'
    VIMGUI: no visible global function definition for 'gnotebook'
    VIMGUI: no visible global function definition for 'ggroup'
    VIMGUI: no visible global function definition for 'gframe'
    VIMGUI: no visible global function definition for 'gtext'
    VIMGUI: no visible global function definition for 'gtable'
    VIMGUI: no visible global function definition for 'glayout'
    VIMGUI: no visible global function definition for 'gdroplist'
    VIMGUI: no visible global function definition for 'gradio'
    VIMGUI: no visible global function definition for 'glabel'
    VIMGUI: no visible global function definition for 'gbutton'
    VIMGUI: no visible global function definition for 'addHandlerClicked'
    VIMGUI: no visible global function definition for 'gedit'
    VIMGUI: no visible global function definition for 'gcheckbox'
    VIMGUI: no visible global function definition for 'gslider'
    VIMGUI: no visible global function definition for 'addHandlerFocus'
    VIMGUI: no visible global function definition for 'gimage'
    VIMGUI: no visible global function definition for 'gcombobox'
    VIMGUI: no visible global function definition for
     'add3rdMousePopupmenu'
    VIMGUI: no visible global function definition for 'getToolkitWidget'
    VIMGUI: no visible global function definition for 'addHandlerUnrealize'
    adjustTypesDialog: no visible global function definition for
     'gbasicdialog'
    adjustTypesDialog: no visible global function definition for 'ggroup'
    adjustTypesDialog: no visible global function definition for 'glayout'
    adjustTypesDialog: no visible global function definition for 'gbutton'
    adjustTypesDialog: no visible global function definition for 'glabel'
    adjustTypesDialog: no visible global function definition for
     'gcheckbox'
    adjustTypesDialog: no visible global function definition for 'head'
    adjustTypesDialog: no visible global function definition for
     'gdroplist'
    adjustTypesDialog: no visible global function definition for
     'addHandlerClicked'
    bind.listbox: no visible global function definition for 'tclvalue'
    bind.listbox: no visible global function definition for 'tkcget'
    bind.listbox: no visible global function definition for 'tkbind'
    bind.radiobuttons: no visible global function definition for 'tclvalue'
    bind.radiobuttons: no visible global function definition for 'tkcget'
    bind.radiobuttons: no visible global function definition for 'tkbind'
    checkboxes: no visible global function definition for 'tkframe'
    checkboxes: no visible binding for global variable 'tclVar'
    checkboxes: no visible global function definition for 'tkgrid'
    checkboxes: no visible global function definition for 'tklabel'
    checkboxes: no visible global function definition for 'tkcheckbutton'
    checkboxes: no visible global function definition for
     'tkgrid.configure'
    closeDialog: no visible global function definition for 'tkdestroy'
    closeDialog: no visible global function definition for 'tkfocus'
    createSummaryDataframe : <anonymous>: no visible global function
     definition for 'fivenum'
    deselectAll.listbox: no visible global function definition for
     'tkselection.clear'
    deselectAll.radiobuttons: no visible global function definition for
     'tkdeselect'
    empty.listbox: no visible global function definition for 'tkdelete'
    finish.TKRdevice: no visible global function definition for 'tkpack'
    finish.TKRdevice: no visible global function definition for 'tklabel'
    finish.TKRdevice: no visible global function definition for 'tkcreate'
    finish.TKRdevice: no visible global function definition for '.Tcl'
    finish.TKRdevice: no visible global function definition for
     'tkscrollbar'
    finish.TKRdevice : <anonymous>: no visible global function definition
     for 'tkxview'
    finish.TKRdevice : <anonymous>: no visible global function definition
     for 'tkyview'
    finish.TKRdevice: no visible global function definition for 'tkgrid'
    finish.TKRdevice: no visible global function definition for
     'tkgrid.rowconfigure'
    finish.TKRdevice: no visible global function definition for
     'tkgrid.columnconfigure'
    finish.TKRdevice: no visible global function definition for 'tclvalue'
    finish.TKRdevice: no visible global function definition for 'tkwinfo'
    finish.TKRdevice: no visible global function definition for
     'tkconfigure'
    finish.TKRdevice : <anonymous>: no visible global function definition
     for 'tkset'
    finish.TKRdevice: no visible global function definition for
     'tkwm.maxsize'
    finish.TKRdevice: no visible global function definition for
     'tkwm.minsize'
    getPosition: no visible global function definition for 'tclvalue'
    getPosition: no visible global function definition for '.Tcl'
    getSelection.checkboxes: no visible binding for global variable
     'tclvalue'
    getSelection.listbox: no visible global function definition for
     'tkcurselection'
    getSelection.radiobuttons: no visible global function definition for
     'tclvalue'
    getSize.listbox: no visible global function definition for 'tclvalue'
    getSize.listbox: no visible global function definition for 'tksize'
    initializeDialog: no visible global function definition for
     'tktoplevel'
    initializeDialog: no visible global function definition for
     'tkwm.title'
    initializeDialog: no visible global function definition for
     'tkwm.geometry'
    initializeDialog: no visible global function definition for
     'tkwm.resizable'
    initializeDialog: no visible global function definition for 'tkfocus'
    insert.listbox: no visible global function definition for 'tkinsert'
    insertTable: no visible global function definition for
     'getToolkitWidget'
    isFocus: no visible global function definition for 'getToolkitWidget'
    listbox: no visible global function definition for 'tkframe'
    listbox: no visible global function definition for 'tklistbox'
    listbox: no visible global function definition for 'tkscrollbar'
    listbox : <anonymous>: no visible global function definition for
     'tkyview'
    listbox: no visible global function definition for 'tkconfigure'
    listbox : <anonymous>: no visible global function definition for
     'tkset'
    listbox: no visible global function definition for 'tkinsert'
    listbox: no visible global function definition for 'tkselection.set'
    listbox: no visible global function definition for 'tksee'
    listbox : onLetter: no visible global function definition for
     'tclvalue'
    listbox : onLetter: no visible global function definition for 'tkyview'
    listbox : onLetter: no visible global function definition for
     'tkyview.scroll'
    listbox: no visible global function definition for 'tkbind'
    listbox: no visible global function definition for 'tkgrid'
    listbox: no visible global function definition for 'tklabel'
    listbox: no visible global function definition for 'tkgrid.configure'
    loadingWindow: no visible global function definition for 'gwindow'
    loadingWindow: no visible global function definition for 'glabel'
    okCancel: no visible global function definition for 'tkframe'
    okCancel: no visible global function definition for 'tkbutton'
    okCancel: no visible global function definition for 'tkgrid'
    radiobuttons: no visible global function definition for 'tkframe'
    radiobuttons: no visible global function definition for 'tclVar'
    radiobuttons: no visible global function definition for 'tkgrid'
    radiobuttons: no visible global function definition for 'tklabel'
    radiobuttons: no visible global function definition for 'tkradiobutton'
    radiobuttons: no visible global function definition for
     'tkgrid.configure'
    selectAll.listbox: no visible global function definition for
     'tkselection.set'
    setState.listbox: no visible global function definition for
     'tkconfigure'
    setState.okCancel: no visible global function definition for
     'tkconfigure'
    setState.radiobuttons: no visible global function definition for
     'tclvalue'
    setState.radiobuttons: no visible global function definition for
     'tkcget'
    setState.radiobuttons: no visible global function definition for
     'tkconfigure'
    setWidgetBgColor: no visible global function definition for
     'getToolkitWidget'
    testMeans: no visible global function definition for 't.test'
    vmGUImenu : activateMenus: no visible global function definition for
     '.Tcl'
    vmGUImenu : Quit: no visible global function definition for
     'tkmessageBox'
    vmGUImenu : Quit: no visible global function definition for 'tclvalue'
    vmGUImenu : NotImplemented: no visible global function definition for
     'tkmessageBox'
    vmGUImenu : vmGUIdata: no visible global function definition for
     'tkwidget'
    vmGUImenu : vmGUIdata: no visible global function definition for
     'tkpack'
    vmGUImenu : vmGUIdata: no visible global function definition for
     'tkgrid'
    vmGUImenu : LoadRData: no visible global function definition for
     'tclvalue'
    vmGUImenu : LoadRData: no visible global function definition for
     'tkgetOpenFile'
    vmGUImenu : LoadRData: no visible global function definition for
     'tkmessageBox'
    vmGUImenu : vmGUItransform: no visible global function definition for
     'tkframe'
    vmGUImenu : vmGUItransform: no visible global function definition for
     'tkwidget'
    vmGUImenu : vmGUItransform: no visible global function definition for
     'tkpack'
    vmGUImenu : vmGUItransform: no visible global function definition for
     'tclVar'
    vmGUImenu : vmGUItransform : setAlrVar: no visible global function
     definition for 'tkfocus'
    vmGUImenu : vmGUItransform : setAlrVar: no visible global function
     definition for 'tclvalue'
    vmGUImenu : vmGUItransform: no visible global function definition for
     'tkgrid'
    vmGUImenu : vmGUItransform : activateElements: no visible global
     function definition for 'tkconfigure'
    vmGUImenu : vmGUImap: no visible global function definition for
     'tkframe'
    vmGUImenu : vmGUImap: no visible global function definition for
     'tkwidget'
    vmGUImenu : vmGUImap: no visible global function definition for
     'tkpack'
    vmGUImenu : vmGUImap: no visible global function definition for
     'tclVar'
    vmGUImenu : vmGUImap : setCoords: no visible global function definition
     for 'tkfocus'
    vmGUImenu : vmGUImap : setCoords: no visible global function definition
     for 'tclvalue'
    vmGUImenu : vmGUImap: no visible global function definition for
     'tkgrid'
    vmGUImenu : vmGUImap: no visible global function definition for
     'tklabel'
    vmGUImenu : vmGUImap : setRegion: no visible global function definition
     for 'tkfocus'
    vmGUImenu : vmGUImap : setRegion: no visible global function definition
     for 'tclvalue'
    vmGUImenu : knnGUI: no visible global function definition for
     'tkwidget'
    vmGUImenu : knnGUI: no visible global function definition for 'tkpack'
    vmGUImenu : knnGUI: no visible global function definition for 'tkgrid'
    vmGUImenu : hotdeckGUI : onOKhotdeck: no visible global function
     definition for 'tkmessageBox'
    vmGUImenu : hotdeckGUI: no visible global function definition for
     'tkwidget'
    vmGUImenu : hotdeckGUI: no visible global function definition for
     'tkpack'
    vmGUImenu : hotdeckGUI: no visible global function definition for
     'tkgrid'
    vmGUImenu : irmiGUI: no visible global function definition for
     'tkwidget'
    vmGUImenu : irmiGUI: no visible global function definition for 'tkpack'
    vmGUImenu : irmiGUI: no visible global function definition for 'tkgrid'
    vmGUImenu : irmiGUI : setrobust: no visible global function definition
     for 'tclvalue'
    vmGUImenu : Aggr: no visible global function definition for 'dev.new'
    vmGUImenu : Aggr: no visible global function definition for 'plot'
    vmGUImenu : AggrImp: no visible global function definition for
     'dev.new'
    vmGUImenu : AggrImp: no visible global function definition for 'plot'
    vmGUImenu : HistMiss: no visible global function definition for
     'dev.new'
    vmGUImenu : HistImp: no visible global function definition for
     'dev.new'
    vmGUImenu : SpinogramMiss: no visible global function definition for
     'dev.new'
    vmGUImenu : SpinogramImp: no visible global function definition for
     'dev.new'
    vmGUImenu : BarMiss: no visible global function definition for
     'dev.new'
    vmGUImenu : BarImp: no visible global function definition for 'dev.new'
    vmGUImenu : SpineplotMiss: no visible global function definition for
     'dev.new'
    vmGUImenu : SpineplotImp: no visible global function definition for
     'dev.new'
    vmGUImenu : BoxMiss: no visible global function definition for
     'dev.new'
    vmGUImenu : BoxImp: no visible global function definition for 'dev.new'
    vmGUImenu : Pbox: no visible global function definition for 'dev.new'
    vmGUImenu : PboxImp: no visible global function definition for
     'dev.new'
    vmGUImenu : Marginplot: no visible global function definition for
     'dev.new'
    vmGUImenu : MarginplotImp: no visible global function definition for
     'dev.new'
    vmGUImenu : ScattMiss: no visible global function definition for
     'dev.new'
    vmGUImenu : ScattImp: no visible global function definition for
     'dev.new'
    vmGUImenu : ScattJitt: no visible global function definition for
     'dev.new'
    vmGUImenu : ScattJittImp: no visible global function definition for
     'dev.new'
    vmGUImenu : Marginmatrix: no visible global function definition for
     'dev.new'
    vmGUImenu : MarginmatrixImp: no visible global function definition for
     'dev.new'
    vmGUImenu : ScattmatrixMiss: no visible global function definition for
     'dev.new'
    vmGUImenu : ScattmatrixImp: no visible global function definition for
     'dev.new'
    vmGUImenu : ParcoordMiss: no visible global function definition for
     'dev.new'
    vmGUImenu : ParcoordImp: no visible global function definition for
     'dev.new'
    vmGUImenu : Matrixplot: no visible global function definition for
     'dev.new'
    vmGUImenu : MatrixplotImp: no visible global function definition for
     'dev.new'
    vmGUImenu : MosaicMiss: no visible global function definition for
     'dev.new'
    vmGUImenu : MosaicImp: no visible global function definition for
     'dev.new'
    vmGUImenu : MapMiss: no visible global function definition for
     'dev.new'
    vmGUImenu : MapImp: no visible global function definition for 'dev.new'
    vmGUImenu : GrowdotMiss: no visible global function definition for
     'dev.new'
    vmGUImenu : GrowdotImp: no visible global function definition for
     'dev.new'
    vmGUImenu : ColormapMiss: no visible global function definition for
     'dev.new'
    vmGUImenu : ColormapImp: no visible global function definition for
     'dev.new'
    vmGUImenu : vmGUIpreferences: no visible global function definition for
     'tkwidget'
    vmGUImenu : vmGUIpreferences: no visible global function definition for
     'tkframe'
    vmGUImenu : vmGUIpreferences: no visible global function definition for
     'tclVar'
    vmGUImenu : vmGUIpreferences : setCol: no visible global function
     definition for 'tkfocus'
    vmGUImenu : vmGUIpreferences: no visible global function definition for
     'colors'
    vmGUImenu : vmGUIpreferences: no visible global function definition for
     'tkgrid'
    vmGUImenu : vmGUIpreferences: no visible global function definition for
     'tklabel'
    vmGUImenu : vmGUIpreferences: no visible global function definition for
     'tkscale'
    vmGUImenu : vmGUIpreferences : onOK: no visible global function
     definition for 'tclvalue'
    vmGUImenu: no visible global function definition for 'tkwm.protocol'
    vmGUImenu: no visible global function definition for 'tkmenu'
    vmGUImenu: no visible global function definition for 'tkconfigure'
    vmGUImenu: no visible global function definition for 'tkadd'
    vmGUImenu: no visible global function definition for 'tkwidget'
    vmGUImenu: no visible global function definition for 'tkpack'
    vmGUImenu: no visible global function definition for 'tkgrid'
    Undefined global functions or variables:
     .Tcl add3rdMousePopupmenu addHandlerClicked addHandlerFocus
     addHandlerKeystroke addHandlerUnrealize addTclPath aggregate
     as.formula blockHandler capture.output coef colors dev.new dev.off
     fivenum gaction gbasicdialog gbutton gcheckbox gcombobox gconfirm
     gdroplist gedit getToolkitWidget gfile gframe ggroup gimage glabel
     glayout gmenu gmessage gnotebook gradio gslider gstatusbar gtable
     gtext gwindow head par plot read.table sd t.test tclRequire tclVar
     tclvalue tkadd tkbind tkbutton tkcanvas tkcget tkcheckbutton
     tkconfigure tkcreate tkcurselection tkdelete tkdeselect tkdestroy
     tkfocus tkframe tkgetOpenFile tkgrid tkgrid.columnconfigure
     tkgrid.configure tkgrid.rowconfigure tkinsert tklabel tklistbox
     tkmenu tkmessageBox tkpack tkradiobutton tkscale tkscrollbar tksee
     tkselection.clear tkselection.set tkset tksize tktoplevel tkwidget
     tkwinfo tkwm.geometry tkwm.maxsize tkwm.minsize tkwm.protocol
     tkwm.resizable tkwm.title tkxview tkyview tkyview.scroll
     unblockHandler window windows.options write.table
Flavor: r-devel-windows-ix86+x86_64

Version: 0.9.0
Check: R code for possible problems
Result: NOTE
    .onAttach: no visible global function definition for ‘addTclPath’
    .onAttach: no visible global function definition for ‘tclRequire’
    TKRdevice: no visible global function definition for ‘tktoplevel’
    TKRdevice: no visible global function definition for ‘tkwm.title’
    TKRdevice: no visible global function definition for ‘tclvalue’
    TKRdevice: no visible global function definition for ‘tkwinfo’
    TKRdevice: no visible global function definition for ‘tkframe’
    TKRdevice: no visible global function definition for ‘tkcanvas’
    TKRmatrixplot_work : OnLeftClick: no visible global function definition
     for ‘tclvalue’
    TKRmatrixplot_work : OnLeftClick: no visible global function definition
     for ‘tkwinfo’
    TKRmatrixplot_work: no visible global function definition for ‘tkbind’
    TKRparcoordMiss_work : OnLeftClick: no visible global function
     definition for ‘tclvalue’
    TKRparcoordMiss_work : OnLeftClick: no visible global function
     definition for ‘tkwinfo’
    TKRparcoordMiss_work: no visible global function definition for
     ‘tkbind’
    TKRpbox_work : OnLeftClick: no visible global function definition for
     ‘tclvalue’
    TKRpbox_work : OnLeftClick: no visible global function definition for
     ‘tkwinfo’
    TKRpbox_work: no visible global function definition for ‘tkbind’
    TKRscattmatrixMiss_work : OnLeftClick: no visible global function
     definition for ‘tclvalue’
    TKRscattmatrixMiss_work : OnLeftClick: no visible global function
     definition for ‘tkwinfo’
    TKRscattmatrixMiss_work: no visible global function definition for
     ‘tkbind’
    VIMGUI : savePlotToFile: no visible global function definition for
     ‘getToolkitWidget’
    VIMGUI : savePlotToFile: no visible global function definition for
     ‘gfile’
    VIMGUI : loadDataSet: no visible global function definition for ‘gfile’
    VIMGUI : setDataSet: no visible global function definition for
     ‘gmessage’
    VIMGUI : setDataSet: no visible global function definition for
     ‘gbasicdialog’
    VIMGUI : setDataSet: no visible global function definition for
     ‘gdroplist’
    VIMGUI : saveToFile: no visible global function definition for ‘gfile’
    VIMGUI : saveToFile: no visible global function definition for
     ‘gmessage’
    VIMGUI : saveToVariable: no visible global function definition for
     ‘gwindow’
    VIMGUI : saveToVariable: no visible global function definition for
     ‘glayout’
    VIMGUI : saveToVariable: no visible global function definition for
     ‘gcombobox’
    VIMGUI : saveToVariable: no visible global function definition for
     ‘gbutton’
    VIMGUI : saveToVariable: no visible global function definition for
     ‘addHandlerClicked’
    VIMGUI : saveToVariable : <anonymous>: no visible global function
     definition for ‘gconfirm’
    VIMGUI : WaitingDialog: no visible global function definition for
     ‘gwindow’
    VIMGUI : WaitingDialog: no visible global function definition for
     ‘glabel’
    VIMGUI : importCSV: no visible global function definition for ‘gwindow’
    VIMGUI : importCSV: no visible global function definition for ‘ggroup’
    VIMGUI : importCSV: no visible global function definition for ‘gedit’
    VIMGUI : importCSV : buttonHandler: no visible global function
     definition for ‘gfile’
    VIMGUI : importCSV : buttonHandler : <anonymous> : <anonymous>: no
     visible global function definition for ‘gmessage’
    VIMGUI : importCSV : previewCSV: no visible global function definition
     for ‘gframe’
    VIMGUI : importCSV : previewCSV: no visible global function definition
     for ‘ggroup’
    VIMGUI : importCSV : previewCSV: no visible global function definition
     for ‘gtable’
    VIMGUI : importCSV: no visible global function definition for
     ‘gstatusbar’
    VIMGUI : importCSV: no visible global function definition for ‘gbutton’
    VIMGUI : importCSV: no visible global function definition for
     ‘gcheckbox’
    VIMGUI : importCSV: no visible global function definition for
     ‘addHandlerKeystroke’
    VIMGUI : importCSV : <anonymous> : <anonymous>: no visible global
     function definition for ‘gmessage’
    VIMGUI : importCSV: no visible global function definition for ‘gframe’
    VIMGUI : importCSV: no visible global function definition for ‘glabel’
    VIMGUI : importSPSS: no visible global function definition for
     ‘gwindow’
    VIMGUI : importSPSS: no visible global function definition for ‘ggroup’
    VIMGUI : importSPSS: no visible global function definition for ‘gedit’
    VIMGUI : importSPSS : buttonHandler: no visible global function
     definition for ‘gfile’
    VIMGUI : importSPSS: no visible global function definition for
     ‘gstatusbar’
    VIMGUI : importSPSS: no visible global function definition for
     ‘gbutton’
    VIMGUI : importSPSS: no visible global function definition for
     ‘gcheckbox’
    VIMGUI : importSPSS : <anonymous> : <anonymous>: no visible global
     function definition for ‘gmessage’
    VIMGUI : importSPSS: no visible global function definition for ‘gframe’
    VIMGUI : importSTATA: no visible global function definition for
     ‘gwindow’
    VIMGUI : importSTATA: no visible global function definition for
     ‘ggroup’
    VIMGUI : importSTATA: no visible global function definition for ‘gedit’
    VIMGUI : importSTATA : buttonHandler: no visible global function
     definition for ‘gfile’
    VIMGUI : importSTATA: no visible global function definition for
     ‘gstatusbar’
    VIMGUI : importSTATA: no visible global function definition for
     ‘gbutton’
    VIMGUI : importSTATA: no visible global function definition for
     ‘gcheckbox’
    VIMGUI : importSTATA : <anonymous> : <anonymous>: no visible global
     function definition for ‘gmessage’
    VIMGUI : importSTATA: no visible global function definition for
     ‘gframe’
    VIMGUI : importSAS: no visible global function definition for ‘gwindow’
    VIMGUI : importSAS: no visible global function definition for ‘ggroup’
    VIMGUI : importSAS: no visible global function definition for ‘glayout’
    VIMGUI : importSAS: no visible global function definition for ‘gedit’
    VIMGUI : importSAS : buttonHandler: no visible global function
     definition for ‘gfile’
    VIMGUI : importSAS: no visible global function definition for
     ‘gstatusbar’
    VIMGUI : importSAS: no visible global function definition for ‘gbutton’
    VIMGUI : importSAS : <anonymous> : <anonymous>: no visible global
     function definition for ‘gmessage’
    VIMGUI : importSAS: no visible global function definition for ‘gframe’
    VIMGUI : exportCSV: no visible global function definition for ‘gwindow’
    VIMGUI : exportCSV: no visible global function definition for ‘ggroup’
    VIMGUI : exportCSV: no visible global function definition for ‘gedit’
    VIMGUI : exportCSV : buttonHandler: no visible global function
     definition for ‘gfile’
    VIMGUI : exportCSV: no visible global function definition for
     ‘gstatusbar’
    VIMGUI : exportCSV: no visible global function definition for ‘gbutton’
    VIMGUI : exportCSV: no visible global function definition for
     ‘gcheckbox’
    VIMGUI : exportCSV : <anonymous>: no visible global function definition
     for ‘gconfirm’
    VIMGUI : exportCSV : <anonymous> : <anonymous>: no visible global
     function definition for ‘gmessage’
    VIMGUI : exportCSV: no visible global function definition for ‘gframe’
    VIMGUI : exportCSV: no visible global function definition for ‘glabel’
    VIMGUI : exportSPSS: no visible global function definition for
     ‘gwindow’
    VIMGUI : exportSPSS: no visible global function definition for ‘ggroup’
    VIMGUI : exportSPSS: no visible global function definition for
     ‘glayout’
    VIMGUI : exportSPSS: no visible global function definition for ‘gedit’
    VIMGUI : exportSPSS : databuttonHandler: no visible global function
     definition for ‘gfile’
    VIMGUI : exportSPSS : codebuttonHandler: no visible global function
     definition for ‘gfile’
    VIMGUI : exportSPSS: no visible global function definition for
     ‘gbutton’
    VIMGUI : exportSPSS : <anonymous>: no visible global function
     definition for ‘gconfirm’
    VIMGUI : exportSPSS : <anonymous> : <anonymous>: no visible global
     function definition for ‘gmessage’
    VIMGUI : exportSPSS: no visible global function definition for ‘gframe’
    VIMGUI : exportSTATA: no visible global function definition for
     ‘gwindow’
    VIMGUI : exportSTATA: no visible global function definition for
     ‘ggroup’
    VIMGUI : exportSTATA: no visible global function definition for ‘gedit’
    VIMGUI : exportSTATA: no visible global function definition for
     ‘gcheckbox’
    VIMGUI : exportSTATA: no visible global function definition for
     ‘gcombobox’
    VIMGUI : exportSTATA : buttonHandler: no visible global function
     definition for ‘gfile’
    VIMGUI : exportSTATA: no visible global function definition for
     ‘gbutton’
    VIMGUI : exportSTATA : <anonymous>: no visible global function
     definition for ‘gconfirm’
    VIMGUI : exportSTATA : <anonymous> : <anonymous>: no visible global
     function definition for ‘gmessage’
    VIMGUI : exportSTATA: no visible global function definition for
     ‘gframe’
    VIMGUI : exportSTATA: no visible global function definition for
     ‘glabel’
    VIMGUI : exportSAS: no visible global function definition for ‘gwindow’
    VIMGUI : exportSAS: no visible global function definition for ‘ggroup’
    VIMGUI : exportSAS: no visible global function definition for ‘gedit’
    VIMGUI : exportSAS: no visible global function definition for
     ‘gcombobox’
    VIMGUI : exportSAS : databuttonHandler: no visible global function
     definition for ‘gfile’
    VIMGUI : exportSAS : codebuttonHandler: no visible global function
     definition for ‘gfile’
    VIMGUI : exportSAS: no visible global function definition for ‘gbutton’
    VIMGUI : exportSAS : <anonymous>: no visible global function definition
     for ‘gconfirm’
    VIMGUI : exportSAS : <anonymous> : <anonymous>: no visible global
     function definition for ‘gmessage’
    VIMGUI : exportSAS: no visible global function definition for ‘gframe’
    VIMGUI : exportSAS: no visible global function definition for ‘glabel’
    VIMGUI : updatePanels: no visible global function definition for
     ‘blockHandler’
    VIMGUI : updatePanels: no visible global function definition for
     ‘unblockHandler’
    VIMGUI : initPanels : <anonymous>: no visible global function
     definition for ‘blockHandler’
    VIMGUI : initPanels : <anonymous>: no visible global function
     definition for ‘unblockHandler’
    VIMGUI : OptionsHandler: no visible global function definition for
     ‘gwindow’
    VIMGUI : OptionsHandler: no visible global function definition for
     ‘ggroup’
    VIMGUI : OptionsHandler: no visible global function definition for
     ‘glabel’
    VIMGUI : OptionsHandler: no visible global function definition for
     ‘glayout’
    VIMGUI : OptionsHandler: no visible global function definition for
     ‘gdroplist’
    VIMGUI : OptionsHandler: no visible global function definition for
     ‘gslider’
    VIMGUI : OptionsHandler: no visible global function definition for
     ‘gbutton’
    VIMGUI : ScriptHandler: no visible global function definition for
     ‘gwindow’
    VIMGUI : ScriptHandler: no visible global function definition for
     ‘gtext’
    VIMGUI : bufferedPlot: no visible global function definition for
     ‘getToolkitWidget’
    VIMGUI : undoImputation: no visible global function definition for
     ‘gconfirm’
    VIMGUI : Imputation : <anonymous>: no visible global function
     definition for ‘gmessage’
    VIMGUI : Imputation: no visible global function definition for
     ‘gmessage’
    VIMGUI : createSurveyDialog: no visible global function definition for
     ‘gwindow’
    VIMGUI : createSurveyDialog: no visible global function definition for
     ‘glayout’
    VIMGUI : createSurveyDialog: no visible global function definition for
     ‘gtable’
    VIMGUI : createSurveyDialog: no visible global function definition for
     ‘gdroplist’
    VIMGUI : createSurveyDialog: no visible global function definition for
     ‘ggroup’
    VIMGUI : createSurveyDialog: no visible global function definition for
     ‘gbutton’
    VIMGUI : createSurveyDialog: no visible global function definition for
     ‘gedit’
    VIMGUI : createSurveyDialog: no visible global function definition for
     ‘glabel’
    VIMGUI : createSurveyDialog: no visible global function definition for
     ‘addHandlerFocus’
    VIMGUI : createSurveyDialog : <anonymous>: no visible global function
     definition for ‘gconfirm’
    VIMGUI : createSurveyDialog : <anonymous> : <anonymous>: no visible
     global function definition for ‘gmessage’
    VIMGUI : createSurveyDialog: no visible global function definition for
     ‘addHandlerClicked’
    VIMGUI : createPrepareDialog: no visible global function definition for
     ‘gwindow’
    VIMGUI : createPrepareDialog: no visible global function definition for
     ‘gdroplist’
    VIMGUI : createPrepareDialog: no visible global function definition for
     ‘gedit’
    VIMGUI : createPrepareDialog: no visible global function definition for
     ‘gbutton’
    VIMGUI : createPrepareDialog: no visible global function definition for
     ‘glayout’
    VIMGUI : createPrepareDialog: no visible global function definition for
     ‘glabel’
    VIMGUI : createPrepareDialog: no visible global function definition for
     ‘addHandlerClicked’
    VIMGUI : createPrepareDialog : <anonymous>: no visible global function
     definition for ‘gconfirm’
    VIMGUI : createPrepareDialog : <anonymous> : <anonymous>: no visible
     global function definition for ‘gmessage’
    VIMGUI : undoPrepare: no visible global function definition for
     ‘gconfirm’
    VIMGUI : createNaDialog: no visible global function definition for
     ‘gwindow’
    VIMGUI : createNaDialog: no visible global function definition for
     ‘glayout’
    VIMGUI : createNaDialog: no visible global function definition for
     ‘gtable’
    VIMGUI : createNaDialog: no visible global function definition for
     ‘gedit’
    VIMGUI : createNaDialog: no visible global function definition for
     ‘gbutton’
    VIMGUI : createNaDialog: no visible global function definition for
     ‘glabel’
    VIMGUI : createNaDialog: no visible global function definition for
     ‘addHandlerClicked’
    VIMGUI: no visible global function definition for ‘gaction’
    VIMGUI: no visible global function definition for ‘gwindow’
    VIMGUI: no visible global function definition for ‘gmenu’
    VIMGUI: no visible global function definition for ‘gnotebook’
    VIMGUI: no visible global function definition for ‘ggroup’
    VIMGUI: no visible global function definition for ‘gframe’
    VIMGUI: no visible global function definition for ‘gtext’
    VIMGUI: no visible global function definition for ‘gtable’
    VIMGUI: no visible global function definition for ‘glayout’
    VIMGUI: no visible global function definition for ‘gdroplist’
    VIMGUI: no visible global function definition for ‘gradio’
    VIMGUI: no visible global function definition for ‘glabel’
    VIMGUI: no visible global function definition for ‘gbutton’
    VIMGUI: no visible global function definition for ‘addHandlerClicked’
    VIMGUI: no visible global function definition for ‘gedit’
    VIMGUI: no visible global function definition for ‘gcheckbox’
    VIMGUI: no visible global function definition for ‘gslider’
    VIMGUI: no visible global function definition for ‘addHandlerFocus’
    VIMGUI: no visible global function definition for ‘gimage’
    VIMGUI: no visible global function definition for ‘gcombobox’
    VIMGUI: no visible global function definition for
     ‘add3rdMousePopupmenu’
    VIMGUI: no visible global function definition for ‘getToolkitWidget’
    VIMGUI: no visible global function definition for ‘addHandlerUnrealize’
    adjustTypesDialog: no visible global function definition for
     ‘gbasicdialog’
    adjustTypesDialog: no visible global function definition for ‘ggroup’
    adjustTypesDialog: no visible global function definition for ‘glayout’
    adjustTypesDialog: no visible global function definition for ‘gbutton’
    adjustTypesDialog: no visible global function definition for ‘glabel’
    adjustTypesDialog: no visible global function definition for
     ‘gcheckbox’
    adjustTypesDialog: no visible global function definition for
     ‘gdroplist’
    adjustTypesDialog: no visible global function definition for
     ‘addHandlerClicked’
    bind.listbox: no visible global function definition for ‘tclvalue’
    bind.listbox: no visible global function definition for ‘tkcget’
    bind.listbox: no visible global function definition for ‘tkbind’
    bind.radiobuttons: no visible global function definition for ‘tclvalue’
    bind.radiobuttons: no visible global function definition for ‘tkcget’
    bind.radiobuttons: no visible global function definition for ‘tkbind’
    checkboxes: no visible global function definition for ‘tkframe’
    checkboxes: no visible binding for global variable ‘tclVar’
    checkboxes: no visible global function definition for ‘tkgrid’
    checkboxes: no visible global function definition for ‘tklabel’
    checkboxes: no visible global function definition for ‘tkcheckbutton’
    checkboxes: no visible global function definition for
     ‘tkgrid.configure’
    closeDialog: no visible global function definition for ‘tkdestroy’
    closeDialog: no visible global function definition for ‘tkfocus’
    deselectAll.listbox: no visible global function definition for
     ‘tkselection.clear’
    deselectAll.radiobuttons: no visible global function definition for
     ‘tkdeselect’
    empty.listbox: no visible global function definition for ‘tkdelete’
    finish.TKRdevice: no visible global function definition for ‘tkpack’
    finish.TKRdevice: no visible global function definition for ‘tklabel’
    finish.TKRdevice: no visible global function definition for ‘tkcreate’
    finish.TKRdevice: no visible global function definition for ‘.Tcl’
    finish.TKRdevice: no visible global function definition for
     ‘tkscrollbar’
    finish.TKRdevice : <anonymous>: no visible global function definition
     for ‘tkxview’
    finish.TKRdevice : <anonymous>: no visible global function definition
     for ‘tkyview’
    finish.TKRdevice: no visible global function definition for ‘tkgrid’
    finish.TKRdevice: no visible global function definition for
     ‘tkgrid.rowconfigure’
    finish.TKRdevice: no visible global function definition for
     ‘tkgrid.columnconfigure’
    finish.TKRdevice: no visible global function definition for ‘tclvalue’
    finish.TKRdevice: no visible global function definition for ‘tkwinfo’
    finish.TKRdevice: no visible global function definition for
     ‘tkconfigure’
    finish.TKRdevice : <anonymous>: no visible global function definition
     for ‘tkset’
    finish.TKRdevice: no visible global function definition for
     ‘tkwm.maxsize’
    finish.TKRdevice: no visible global function definition for
     ‘tkwm.minsize’
    getPosition: no visible global function definition for ‘tclvalue’
    getPosition: no visible global function definition for ‘.Tcl’
    getSelection.checkboxes: no visible binding for global variable
     ‘tclvalue’
    getSelection.listbox: no visible global function definition for
     ‘tkcurselection’
    getSelection.radiobuttons: no visible global function definition for
     ‘tclvalue’
    getSize.listbox: no visible global function definition for ‘tclvalue’
    getSize.listbox: no visible global function definition for ‘tksize’
    initializeDialog: no visible global function definition for
     ‘tktoplevel’
    initializeDialog: no visible global function definition for
     ‘tkwm.title’
    initializeDialog: no visible global function definition for
     ‘tkwm.geometry’
    initializeDialog: no visible global function definition for
     ‘tkwm.resizable’
    initializeDialog: no visible global function definition for ‘tkfocus’
    insert.listbox: no visible global function definition for ‘tkinsert’
    insertTable: no visible global function definition for
     ‘getToolkitWidget’
    isFocus: no visible global function definition for ‘getToolkitWidget’
    listbox: no visible global function definition for ‘tkframe’
    listbox: no visible global function definition for ‘tklistbox’
    listbox: no visible global function definition for ‘tkscrollbar’
    listbox : <anonymous>: no visible global function definition for
     ‘tkyview’
    listbox: no visible global function definition for ‘tkconfigure’
    listbox : <anonymous>: no visible global function definition for
     ‘tkset’
    listbox: no visible global function definition for ‘tkinsert’
    listbox: no visible global function definition for ‘tkselection.set’
    listbox: no visible global function definition for ‘tksee’
    listbox : onLetter: no visible global function definition for
     ‘tclvalue’
    listbox : onLetter: no visible global function definition for ‘tkyview’
    listbox : onLetter: no visible global function definition for
     ‘tkyview.scroll’
    listbox: no visible global function definition for ‘tkbind’
    listbox: no visible global function definition for ‘tkgrid’
    listbox: no visible global function definition for ‘tklabel’
    listbox: no visible global function definition for ‘tkgrid.configure’
    loadingWindow: no visible global function definition for ‘gwindow’
    loadingWindow: no visible global function definition for ‘glabel’
    okCancel: no visible global function definition for ‘tkframe’
    okCancel: no visible global function definition for ‘tkbutton’
    okCancel: no visible global function definition for ‘tkgrid’
    radiobuttons: no visible global function definition for ‘tkframe’
    radiobuttons: no visible global function definition for ‘tclVar’
    radiobuttons: no visible global function definition for ‘tkgrid’
    radiobuttons: no visible global function definition for ‘tklabel’
    radiobuttons: no visible global function definition for ‘tkradiobutton’
    radiobuttons: no visible global function definition for
     ‘tkgrid.configure’
    selectAll.listbox: no visible global function definition for
     ‘tkselection.set’
    setState.listbox: no visible global function definition for
     ‘tkconfigure’
    setState.okCancel: no visible global function definition for
     ‘tkconfigure’
    setState.radiobuttons: no visible global function definition for
     ‘tclvalue’
    setState.radiobuttons: no visible global function definition for
     ‘tkcget’
    setState.radiobuttons: no visible global function definition for
     ‘tkconfigure’
    setWidgetBgColor: no visible global function definition for
     ‘getToolkitWidget’
    vmGUImenu : activateMenus: no visible global function definition for
     ‘.Tcl’
    vmGUImenu : Quit: no visible global function definition for
     ‘tkmessageBox’
    vmGUImenu : Quit: no visible global function definition for ‘tclvalue’
    vmGUImenu : NotImplemented: no visible global function definition for
     ‘tkmessageBox’
    vmGUImenu : vmGUIdata: no visible global function definition for
     ‘tkwidget’
    vmGUImenu : vmGUIdata: no visible global function definition for
     ‘tkpack’
    vmGUImenu : vmGUIdata: no visible global function definition for
     ‘tkgrid’
    vmGUImenu : LoadRData: no visible global function definition for
     ‘tclvalue’
    vmGUImenu : LoadRData: no visible global function definition for
     ‘tkgetOpenFile’
    vmGUImenu : LoadRData: no visible global function definition for
     ‘tkmessageBox’
    vmGUImenu : vmGUItransform: no visible global function definition for
     ‘tkframe’
    vmGUImenu : vmGUItransform: no visible global function definition for
     ‘tkwidget’
    vmGUImenu : vmGUItransform: no visible global function definition for
     ‘tkpack’
    vmGUImenu : vmGUItransform: no visible global function definition for
     ‘tclVar’
    vmGUImenu : vmGUItransform : setAlrVar: no visible global function
     definition for ‘tkfocus’
    vmGUImenu : vmGUItransform : setAlrVar: no visible global function
     definition for ‘tclvalue’
    vmGUImenu : vmGUItransform: no visible global function definition for
     ‘tkgrid’
    vmGUImenu : vmGUItransform : activateElements: no visible global
     function definition for ‘tkconfigure’
    vmGUImenu : vmGUImap: no visible global function definition for
     ‘tkframe’
    vmGUImenu : vmGUImap: no visible global function definition for
     ‘tkwidget’
    vmGUImenu : vmGUImap: no visible global function definition for
     ‘tkpack’
    vmGUImenu : vmGUImap: no visible global function definition for
     ‘tclVar’
    vmGUImenu : vmGUImap : setCoords: no visible global function definition
     for ‘tkfocus’
    vmGUImenu : vmGUImap : setCoords: no visible global function definition
     for ‘tclvalue’
    vmGUImenu : vmGUImap: no visible global function definition for
     ‘tkgrid’
    vmGUImenu : vmGUImap: no visible global function definition for
     ‘tklabel’
    vmGUImenu : vmGUImap : setRegion: no visible global function definition
     for ‘tkfocus’
    vmGUImenu : vmGUImap : setRegion: no visible global function definition
     for ‘tclvalue’
    vmGUImenu : knnGUI: no visible global function definition for
     ‘tkwidget’
    vmGUImenu : knnGUI: no visible global function definition for ‘tkpack’
    vmGUImenu : knnGUI: no visible global function definition for ‘tkgrid’
    vmGUImenu : hotdeckGUI : onOKhotdeck: no visible global function
     definition for ‘tkmessageBox’
    vmGUImenu : hotdeckGUI: no visible global function definition for
     ‘tkwidget’
    vmGUImenu : hotdeckGUI: no visible global function definition for
     ‘tkpack’
    vmGUImenu : hotdeckGUI: no visible global function definition for
     ‘tkgrid’
    vmGUImenu : irmiGUI: no visible global function definition for
     ‘tkwidget’
    vmGUImenu : irmiGUI: no visible global function definition for ‘tkpack’
    vmGUImenu : irmiGUI: no visible global function definition for ‘tkgrid’
    vmGUImenu : irmiGUI : setrobust: no visible global function definition
     for ‘tclvalue’
    vmGUImenu : vmGUIpreferences: no visible global function definition for
     ‘tkwidget’
    vmGUImenu : vmGUIpreferences: no visible global function definition for
     ‘tkframe’
    vmGUImenu : vmGUIpreferences: no visible global function definition for
     ‘tclVar’
    vmGUImenu : vmGUIpreferences : setCol: no visible global function
     definition for ‘tkfocus’
    vmGUImenu : vmGUIpreferences: no visible global function definition for
     ‘tkgrid’
    vmGUImenu : vmGUIpreferences: no visible global function definition for
     ‘tklabel’
    vmGUImenu : vmGUIpreferences: no visible global function definition for
     ‘tkscale’
    vmGUImenu : vmGUIpreferences : onOK: no visible global function
     definition for ‘tclvalue’
    vmGUImenu: no visible global function definition for ‘tkwm.protocol’
    vmGUImenu: no visible global function definition for ‘tkmenu’
    vmGUImenu: no visible global function definition for ‘tkconfigure’
    vmGUImenu: no visible global function definition for ‘tkadd’
    vmGUImenu: no visible global function definition for ‘tkwidget’
    vmGUImenu: no visible global function definition for ‘tkpack’
    vmGUImenu: no visible global function definition for ‘tkgrid’
Flavors: r-patched-linux-x86_64, r-patched-solaris-sparc, r-patched-solaris-x86, r-release-linux-x86_64, r-release-windows-ix86+x86_64, r-oldrel-windows-ix86+x86_64

Version: 0.9.0
Check: whether package can be installed
Result: ERROR
    Installation failed.
Flavor: r-release-osx-x86_64-mavericks