CRAN Package Check Results for Package VIMGUI

Last updated on 2018-02-22 01:50:11 CET.

Flavor Version Tinstall Tcheck Ttotal Status Flags
r-devel-linux-x86_64-debian-clang 0.10.0 19.50 151.36 170.86 OK
r-devel-linux-x86_64-debian-gcc 0.10.0 15.70 133.45 149.15 OK
r-devel-linux-x86_64-fedora-clang 0.10.0 233.23 OK
r-devel-linux-x86_64-fedora-gcc 0.10.0 230.10 OK
r-devel-windows-ix86+x86_64 0.10.0 42.00 179.00 221.00 OK
r-patched-linux-x86_64 0.10.0 12.12 178.22 190.34 OK
r-patched-solaris-x86 0.10.0 345.30 OK
r-release-linux-x86_64 0.10.0 9.13 175.34 184.47 OK
r-release-windows-ix86+x86_64 0.10.0 40.00 225.00 265.00 OK
r-release-osx-x86_64 0.10.0 ERROR
r-oldrel-windows-ix86+x86_64 0.10.0 21.00 178.00 199.00 OK
r-oldrel-osx-x86_64 0.10.0 OK

Check Details

Version: 0.10.0
Check: package dependencies
Result: ERROR
    Packages required but not available: ‘gWidgetsRGtk2’ ‘RGtk2’
    
    See section ‘The DESCRIPTION file’ in the ‘Writing R Extensions’
    manual.
Flavor: r-release-osx-x86_64