CRAN Package Check Results for Package VIMGUI

Last updated on 2014-04-20 01:48:07.

Flavor Version Tinstall Tcheck Ttotal Status Flags
r-devel-linux-x86_64-debian-clang 0.9.0 9.91 134.92 144.82 OK
r-devel-linux-x86_64-debian-gcc 0.9.0 9.67 132.14 141.81 OK
r-devel-linux-x86_64-fedora-clang 0.9.0 337.10 OK
r-devel-linux-x86_64-fedora-gcc 0.9.0 326.45 OK
r-devel-macosx-x86_64-clang 0.9.0 275.08 OK
r-devel-macosx-x86_64-gcc 0.9.0 ERROR
r-devel-windows-ix86+x86_64 0.9.0 27.00 176.00 203.00 NOTE
r-patched-linux-x86_64 0.9.0 9.75 133.22 142.97 OK
r-patched-solaris-sparc 0.9.0 1791.90 OK
r-patched-solaris-x86 0.9.0 481.50 OK
r-release-linux-ix86 OK
r-release-linux-x86_64 0.9.0 10.00 134.00 144.01 OK
r-release-macosx-x86_64 0.9.0 NOTE
r-release-windows-ix86+x86_64 0.9.0 37.00 189.00 226.00 NOTE
r-oldrel-windows-ix86+x86_64 0.9.0 28.00 171.00 199.00 OK

Check Details

Version: 0.9.0
Check: package dependencies
Result: ERROR
    Packages required but not available: ‘VIM’ ‘survey’ ‘Hmisc’
    
    See the information on DESCRIPTION files in the chapter ‘Creating R
    packages’ of the ‘Writing R Extensions’ manual.
Flavor: r-devel-macosx-x86_64-gcc

Version: 0.9.0
Check: DESCRIPTION meta-information
Result: NOTE
    'LinkingTo' field is unused: package has no 'src' directory
Flavors: r-devel-windows-ix86+x86_64, r-release-windows-ix86+x86_64

Version: 0.9.0
Check: re-building of vignette outputs
Result: NOTE
    Error in re-building vignettes:
     ...
    Attaching package: 'survey'
    
    The following object is masked from 'package:graphics':
    
     dotchart
    
    Loading required package: gWidgetsRGtk2
    Loading required package: RGtk2
    Loading required package: gWidgets
    VIM is ready to use.
     (Enter vmGUImenu() to start the OLD graphical user interface.)
    
     Enter VIMGUI() to start the NEW graphical user interface.
    Error in texi2dvi(file = file, pdf = TRUE, clean = clean, quiet = quiet, :
     Running 'texi2dvi' on 'VIM-EU-SILC.tex' failed.
    LaTeX errors:
    ! LaTeX Error: File `boxedminipage.sty' not found.
    
    Type X to quit or <RETURN> to proceed,
    or enter new name. (Default extension: sty)
    
    VIMGUI.Rcheck/vign_test/VIMGUI/vignettes/VIM-EU-SILC.tex:19: ==> Fatal error o
    ccurred, no output PDF file produced!
    Calls: buildVignettes -> texi2pdf -> texi2dvi
    Execution halted
Flavor: r-release-macosx-x86_64