CRAN Package Check Results for Package VIMGUI

Last updated on 2017-11-22 22:58:03 CET.

Flavor Version Tinstall Tcheck Ttotal Status Flags
r-devel-linux-x86_64-debian-clang 0.10.0 8.19 103.97 112.16 OK
r-devel-linux-x86_64-debian-gcc 0.10.0 8.92 225.53 234.45 OK
r-devel-linux-x86_64-fedora-clang 0.10.0 194.33 OK
r-devel-linux-x86_64-fedora-gcc 0.10.0 199.34 OK
r-devel-windows-ix86+x86_64 0.10.0 31.00 5.00 36.00 ERROR
r-patched-linux-x86_64 0.10.0 8.04 117.31 125.35 OK
r-patched-solaris-x86 0.10.0 353.60 OK
r-release-linux-x86_64 0.10.0 8.47 114.18 122.65 OK
r-release-windows-ix86+x86_64 0.10.0 33.00 5.00 38.00 ERROR
r-release-osx-x86_64 0.10.0 ERROR
r-oldrel-windows-ix86+x86_64 0.10.0 32.00 5.00 37.00 ERROR
r-oldrel-osx-x86_64 0.10.0 OK

Check Details

Version: 0.10.0
Check: whether package can be installed
Result: ERROR
    Installation failed.
Flavors: r-devel-windows-ix86+x86_64, r-release-windows-ix86+x86_64, r-oldrel-windows-ix86+x86_64

Version: 0.10.0
Check: package dependencies
Result: ERROR
    Packages required but not available: ‘gWidgetsRGtk2’ ‘RGtk2’
    
    See section ‘The DESCRIPTION file’ in the ‘Writing R Extensions’
    manual.
Flavor: r-release-osx-x86_64