CRAN Package Check Results for Package VIMGUI

Last updated on 2018-04-24 00:47:26 CEST.

Flavor Version Tinstall Tcheck Ttotal Status Flags
r-devel-linux-x86_64-debian-clang 0.10.0 16.92 143.42 160.34 OK
r-devel-linux-x86_64-debian-gcc 0.10.0 13.58 128.09 141.67 OK
r-devel-linux-x86_64-fedora-clang 0.10.0 219.94 OK
r-devel-linux-x86_64-fedora-gcc 0.10.0 218.44 OK
r-devel-windows-ix86+x86_64 0.10.0 42.00 157.00 199.00 OK
r-devel-osx-x86_64 0.10.0 ERROR
r-patched-linux-x86_64 0.10.0 17.63 158.26 175.89 OK
r-patched-solaris-x86 0.10.0 343.20 OK
r-release-linux-x86_64 0.10.0 16.41 157.01 173.42 OK
r-release-windows-ix86+x86_64 0.10.0 19.00 251.00 270.00 OK
r-release-osx-x86_64 0.10.0 ERROR
r-oldrel-windows-ix86+x86_64 0.10.0 23.00 191.00 214.00 OK

Check Details

Version: 0.10.0
Check: package dependencies
Result: ERROR
    Packages required but not available: ‘gWidgetsRGtk2’ ‘RGtk2’
    
    See section ‘The DESCRIPTION file’ in the ‘Writing R Extensions’
    manual.
Flavors: r-devel-osx-x86_64, r-release-osx-x86_64