CRAN Package Check Results for Package VIMGUI

Last updated on 2017-07-25 19:48:37.

Flavor Version Tinstall Tcheck Ttotal Status Flags
r-devel-linux-x86_64-debian-clang 0.10.0 8.19 118.96 127.16 OK
r-devel-linux-x86_64-debian-gcc 0.10.0 8.99 116.63 125.62 OK
r-devel-linux-x86_64-fedora-clang 0.10.0 235.77 OK
r-devel-linux-x86_64-fedora-gcc 0.10.0 246.65 OK
r-devel-windows-ix86+x86_64 0.10.0 20.00 169.00 189.00 OK
r-patched-linux-x86_64 0.10.0 8.61 125.35 133.97 OK
r-patched-solaris-x86 0.10.0 362.30 OK
r-release-linux-x86_64 0.10.0 9.49 121.90 131.40 OK
r-release-windows-ix86+x86_64 0.10.0 25.00 239.00 264.00 OK
r-release-osx-x86_64 0.10.0 ERROR
r-oldrel-windows-ix86+x86_64 0.10.0 21.00 172.00 193.00 OK
r-oldrel-osx-x86_64 0.10.0 OK

Check Details

Version: 0.10.0
Check: package dependencies
Result: ERROR
    Packages required but not available: ‘gWidgetsRGtk2’ ‘RGtk2’
    
    See section ‘The DESCRIPTION file’ in the ‘Writing R Extensions’
    manual.
Flavor: r-release-osx-x86_64