CRAN Package Check Results for Package VIMGUI

Last updated on 2017-05-26 06:47:14.

Flavor Version Tinstall Tcheck Ttotal Status Flags
r-devel-linux-x86_64-debian-clang 0.10.0 8.60 113.66 122.25 OK
r-devel-linux-x86_64-debian-gcc 0.10.0 8.20 113.14 121.34 OK
r-devel-linux-x86_64-fedora-clang 0.10.0 246.93 OK --no-stop-on-test-error
r-devel-linux-x86_64-fedora-gcc 0.10.0 232.13 OK --no-stop-on-test-error
r-devel-windows-ix86+x86_64 0.10.0 20.00 170.00 190.00 OK
r-patched-linux-x86_64 0.10.0 8.39 116.34 124.73 OK
r-patched-solaris-sparc 0.10.0 1399.10 OK
r-patched-solaris-x86 0.10.0 332.90 OK
r-release-linux-x86_64 0.10.0 7.98 116.16 124.14 OK
r-release-windows-ix86+x86_64 0.10.0 17.00 173.00 190.00 OK
r-release-osx-x86_64 0.10.0 ERROR
r-oldrel-windows-ix86+x86_64 0.10.0 34.00 153.00 187.00 OK
r-oldrel-osx-x86_64 0.10.0 OK

Check Details

Version: 0.10.0
Check: package dependencies
Result: ERROR
    Packages required but not available: ‘gWidgetsRGtk2’ ‘RGtk2’
    
    See section ‘The DESCRIPTION file’ in the ‘Writing R Extensions’
    manual.
Flavor: r-release-osx-x86_64