CRAN Package Check Results for Package VIMGUI

Last updated on 2017-09-23 08:48:59.

Flavor Version Tinstall Tcheck Ttotal Status Flags
r-devel-linux-x86_64-debian-clang 0.10.0 8.97 112.54 121.51 OK
r-devel-linux-x86_64-debian-gcc 0.10.0 8.52 112.80 121.32 OK
r-devel-linux-x86_64-fedora-clang 0.10.0 233.09 OK
r-devel-linux-x86_64-fedora-gcc 0.10.0 239.23 OK
r-devel-windows-ix86+x86_64 0.10.0 25.00 161.00 186.00 OK
r-patched-linux-x86_64 0.10.0 9.12 116.21 125.34 OK
r-patched-solaris-x86 0.10.0 350.90 OK
r-release-linux-x86_64 0.10.0 8.98 117.58 126.56 OK
r-release-windows-ix86+x86_64 0.10.0 23.00 161.00 184.00 OK
r-release-osx-x86_64 0.10.0 ERROR
r-oldrel-windows-ix86+x86_64 0.10.0 25.00 161.00 186.00 OK
r-oldrel-osx-x86_64 0.10.0 OK

Check Details

Version: 0.10.0
Check: package dependencies
Result: ERROR
    Packages required but not available: ‘gWidgetsRGtk2’ ‘RGtk2’
    
    See section ‘The DESCRIPTION file’ in the ‘Writing R Extensions’
    manual.
Flavor: r-release-osx-x86_64