CRAN Package Check Results for Package VIRF

Last updated on 2022-01-29 01:49:54 CET.

Flavor Version Tinstall Tcheck Ttotal Status Flags
r-devel-linux-x86_64-debian-clang 0.1.0 16.63 139.42 156.05 NOTE
r-devel-linux-x86_64-debian-gcc 0.1.0 12.20 106.75 118.95 NOTE
r-devel-linux-x86_64-fedora-clang 0.1.0 172.41 NOTE
r-devel-linux-x86_64-fedora-gcc 0.1.0 179.18 NOTE
r-devel-windows-x86_64-new-UL 0.1.0 26.00 151.00 177.00 NOTE
r-devel-windows-x86_64-new-TK 0.1.0 ERROR
r-patched-linux-x86_64 0.1.0 13.80 122.30 136.10 NOTE
r-release-linux-x86_64 0.1.0 12.69 122.33 135.02 NOTE
r-release-macos-arm64 0.1.0 NOTE
r-release-macos-x86_64 0.1.0 NOTE
r-release-windows-ix86+x86_64 0.1.0 35.00 140.00 175.00 NOTE
r-oldrel-macos-x86_64 0.1.0 OK
r-oldrel-windows-ix86+x86_64 0.1.0 35.00 141.00 176.00 OK

Check Details

Version: 0.1.0
Check: LazyData
Result: NOTE
     'LazyData' is specified without a 'data' directory
Flavors: r-devel-linux-x86_64-debian-clang, r-devel-linux-x86_64-debian-gcc, r-devel-linux-x86_64-fedora-clang, r-devel-linux-x86_64-fedora-gcc, r-devel-windows-x86_64-new-UL, r-patched-linux-x86_64, r-release-linux-x86_64, r-release-macos-arm64, r-release-macos-x86_64, r-release-windows-ix86+x86_64

Version: 0.1.0
Check: package dependencies
Result: ERROR
    Package required but not available: 'matlib'
    
    See section 'The DESCRIPTION file' in the 'Writing R Extensions'
    manual.
Flavor: r-devel-windows-x86_64-new-TK