CRAN Package Check Results for Package VLMC

Last updated on 2014-10-02 11:48:21.

Flavor Version Tinstall Tcheck Ttotal Status Flags
r-devel-linux-x86_64-debian-clang 1.3-14 2.06 26.00 28.06 NOTE
r-devel-linux-x86_64-debian-gcc 1.3-14 1.98 25.47 27.45 NOTE
r-devel-linux-x86_64-fedora-clang 1.3-14 58.86 NOTE
r-devel-linux-x86_64-fedora-gcc 1.3-14 59.35 NOTE
r-devel-osx-x86_64-clang 1.3-14 57.69 NOTE
r-devel-windows-ix86+x86_64 1.3-14 16.00 62.00 78.00 NOTE
r-patched-linux-x86_64 1.3-14 2.28 26.54 28.82 NOTE
r-patched-solaris-sparc 1.3-14 376.80 NOTE
r-patched-solaris-x86 1.3-14 94.20 NOTE
r-release-linux-ix86 1.3-14 3.00 36.53 39.53 NOTE
r-release-linux-x86_64 1.3-14 2.01 27.17 29.18 NOTE
r-release-osx-x86_64-mavericks 1.3-14 NOTE
r-release-osx-x86_64-snowleopard 1.3-14 NOTE
r-release-windows-ix86+x86_64 1.3-14 17.00 62.00 79.00 NOTE
r-oldrel-windows-ix86+x86_64 1.3-14 18.00 66.00 84.00 OK

Check Details

Version: 1.3-14
Check: foreign function calls
Result: NOTE
    Calls with DUP:
     .C("entropy_sub", vlmc.vec = as.integer(ivlmc), size = length(ivlmc),
     alpha.len = as.integer(object$alpha.len), r = double(1),
     DUP = FALSE, PACKAGE = "VLMC")
     .C("entropy2_sub", vlmc.vec = as.integer(ivlmc1), size = length(ivlmc1),
     vlmc2.vec = as.integer(ivlmc2), size = length(ivlmc2), alpha.len = alpha.len,
     r = double(1), DUP = FALSE, PACKAGE = "VLMC")
     .C("predict_vlmc_p", vlmc.vec = as.integer(ivlmc), size = length(ivlmc),
     alpha.len = m, Data = int.data, data.len = n, kind = kind,
     res = res, flags = flags, probs = probs, NAOK = TRUE, DUP = FALSE,
     PACKAGE = "VLMC")
     .C("sim_vlmc", vlmc.vec = as.integer(ivlmc), size = length(ivlmc),
     m = m, data.len = n, y = integer(n), DUP = FALSE, PACKAGE = "VLMC")
    DUP is no longer supported and will be ignored.
Flavors: r-devel-linux-x86_64-debian-clang, r-devel-linux-x86_64-debian-gcc, r-devel-linux-x86_64-fedora-clang, r-devel-linux-x86_64-fedora-gcc, r-devel-osx-x86_64-clang, r-devel-windows-ix86+x86_64

Version: 1.3-14
Check: foreign function calls
Result: NOTE
    Calls with DUP != TRUE:
     .C("entropy_sub", vlmc.vec = as.integer(ivlmc), size = length(ivlmc),
     alpha.len = as.integer(object$alpha.len), r = double(1),
     DUP = FALSE, PACKAGE = "VLMC")
     .C("entropy2_sub", vlmc.vec = as.integer(ivlmc1), size = length(ivlmc1),
     vlmc2.vec = as.integer(ivlmc2), size = length(ivlmc2), alpha.len = alpha.len,
     r = double(1), DUP = FALSE, PACKAGE = "VLMC")
     .C("predict_vlmc_p", vlmc.vec = as.integer(ivlmc), size = length(ivlmc),
     alpha.len = m, Data = int.data, data.len = n, kind = kind,
     res = res, flags = flags, probs = probs, NAOK = TRUE, DUP = FALSE,
     PACKAGE = "VLMC")
     .C("sim_vlmc", vlmc.vec = as.integer(ivlmc), size = length(ivlmc),
     m = m, data.len = n, y = integer(n), DUP = FALSE, PACKAGE = "VLMC")
    DUP = FALSE is deprecated and will be disabled in future versions of R.
Flavors: r-patched-linux-x86_64, r-patched-solaris-sparc, r-patched-solaris-x86

Version: 1.3-14
Check: foreign function calls
Result: NOTE
    Calls with DUP = FALSE:
     .C("entropy_sub", vlmc.vec = as.integer(ivlmc), size = length(ivlmc),
     alpha.len = as.integer(object$alpha.len), r = double(1),
     DUP = FALSE, PACKAGE = "VLMC")
     .C("entropy2_sub", vlmc.vec = as.integer(ivlmc1), size = length(ivlmc1),
     vlmc2.vec = as.integer(ivlmc2), size = length(ivlmc2), alpha.len = alpha.len,
     r = double(1), DUP = FALSE, PACKAGE = "VLMC")
     .C("predict_vlmc_p", vlmc.vec = as.integer(ivlmc), size = length(ivlmc),
     alpha.len = m, Data = int.data, data.len = n, kind = kind,
     res = res, flags = flags, probs = probs, NAOK = TRUE, DUP = FALSE,
     PACKAGE = "VLMC")
     .C("sim_vlmc", vlmc.vec = as.integer(ivlmc), size = length(ivlmc),
     m = m, data.len = n, y = integer(n), DUP = FALSE, PACKAGE = "VLMC")
    DUP = FALSE is deprecated and may be disabled in future versions of R.
Flavors: r-release-linux-ix86, r-release-linux-x86_64, r-release-osx-x86_64-mavericks, r-release-osx-x86_64-snowleopard, r-release-windows-ix86+x86_64