CRAN Package Check Results for Package VLMC

Last updated on 2015-04-21 02:48:51.

Flavor Version Tinstall Tcheck Ttotal Status Flags
r-devel-linux-x86_64-debian-clang 1.4-1 1.96 25.64 27.60 OK
r-devel-linux-x86_64-debian-gcc 1.4-1 2.17 25.05 27.22 OK
r-devel-linux-x86_64-fedora-clang 1.4-1 54.86 OK
r-devel-linux-x86_64-fedora-gcc 1.4-1 52.63 OK
r-devel-osx-x86_64-clang 1.4-1 61.48 OK
r-devel-windows-ix86+x86_64 1.4-0 24.00 61.00 85.00 NOTE
r-patched-linux-x86_64 1.4-1 1.94 25.45 27.39 OK
r-patched-solaris-sparc 1.4-1 322.30 WARN
r-patched-solaris-x86 1.4-1 89.30 WARN
r-release-linux-x86_64 1.4-1 1.96 25.15 27.10 OK
r-release-osx-x86_64-mavericks 1.4-1 OK
r-release-osx-x86_64-snowleopard 1.4-1 OK
r-release-windows-ix86+x86_64 1.4-1 13.00 54.00 67.00 OK
r-oldrel-windows-ix86+x86_64 1.4-1 14.00 57.00 71.00 OK

Check Details

Version: 1.4-0
Check: DESCRIPTION meta-information
Result: NOTE
    Malformed Description field: should contain one or more complete sentences.
Flavor: r-devel-windows-ix86+x86_64

Version: 1.4-1
Check: whether package can be installed
Result: WARN
    Found the following significant warnings:
     "predict.c", line 112: warning: improper pointer/integer combination: op "<"
Flavors: r-patched-solaris-sparc, r-patched-solaris-x86