CRAN Package Check Results for Package VLMC

Last updated on 2015-05-28 15:47:55.

Flavor Version Tinstall Tcheck Ttotal Status Flags
r-devel-linux-x86_64-debian-clang 1.4-1 1.90 25.84 27.75 OK
r-devel-linux-x86_64-debian-gcc 1.4-1 2.10 25.73 27.84 OK
r-devel-linux-x86_64-fedora-clang 1.4-1 54.37 OK
r-devel-linux-x86_64-fedora-gcc 1.4-1 54.37 OK
r-devel-osx-x86_64-clang 1.4-1 57.87 OK
r-devel-windows-ix86+x86_64 1.4-1 20.00 61.00 81.00 OK
r-patched-linux-x86_64 1.4-1 1.91 24.91 26.82 OK
r-patched-solaris-sparc 1.4-1 372.70 WARN
r-patched-solaris-x86 1.4-1 86.40 WARN
r-release-linux-x86_64 1.4-1 2.08 25.28 27.36 OK
r-release-osx-x86_64-mavericks 1.4-1 OK
r-release-osx-x86_64-snowleopard 1.4-1 OK
r-release-windows-ix86+x86_64 1.4-1 18.00 60.00 78.00 OK
r-oldrel-windows-ix86+x86_64 1.4-1 17.00 60.00 77.00 OK

Check Details

Version: 1.4-1
Check: whether package can be installed
Result: WARN
    Found the following significant warnings:
     "predict.c", line 112: warning: improper pointer/integer combination: op "<"
Flavors: r-patched-solaris-sparc, r-patched-solaris-x86