CRAN Package Check Results for Package VLMC

Last updated on 2015-03-28 00:54:33.

Flavor Version Tinstall Tcheck Ttotal Status Flags
r-devel-linux-x86_64-debian-clang 1.4-0 1.97 25.08 27.06 NOTE
r-devel-linux-x86_64-debian-gcc 1.4-0 2.14 24.91 27.04 NOTE
r-devel-linux-x86_64-fedora-clang 1.4-0 54.94 NOTE
r-devel-linux-x86_64-fedora-gcc 1.4-0 53.48 NOTE
r-devel-osx-x86_64-clang 1.4-0 62.45 NOTE
r-prerel-windows-ix86+x86_64 1.4-0 20.00 63.00 83.00 NOTE
r-prerel-linux-x86_64 1.4-0 2.06 25.11 27.18 NOTE
r-prerel-solaris-sparc 1.4-0 369.90 NOTE
r-prerel-solaris-x86 1.4-0 89.10 NOTE
r-release-linux-x86_64 1.4-0 2.08 26.56 28.63 OK
r-release-osx-x86_64-mavericks 1.4-0 OK
r-release-osx-x86_64-snowleopard 1.4-0 OK
r-release-windows-ix86+x86_64 1.4-0 17.00 63.00 80.00 OK
r-oldrel-windows-ix86+x86_64 1.4-0 18.00 94.00 112.00 OK

Check Details

Version: 1.4-0
Check: DESCRIPTION meta-information
Result: NOTE
    Malformed Description field: should contain one or more complete sentences.
Flavors: r-devel-linux-x86_64-debian-clang, r-devel-linux-x86_64-debian-gcc, r-devel-linux-x86_64-fedora-clang, r-devel-linux-x86_64-fedora-gcc, r-devel-osx-x86_64-clang, r-prerel-windows-ix86+x86_64, r-prerel-linux-x86_64, r-prerel-solaris-sparc, r-prerel-solaris-x86

Version: 1.4-0
Check: S3 generic/method consistency
Result: NOTE
    Found the following apparent S3 methods exported but not registered:
     alphabet.vlmc simulate.vlmc
    See section ‘Registering S3 methods’ in the ‘Writing R Extensions’
    manual.
Flavors: r-devel-linux-x86_64-debian-clang, r-devel-linux-x86_64-debian-gcc, r-devel-linux-x86_64-fedora-clang, r-devel-linux-x86_64-fedora-gcc, r-devel-osx-x86_64-clang, r-prerel-linux-x86_64