CRAN Package Check Results for Package VLMC

Last updated on 2014-04-24 09:49:13.

Flavor Version Tinstall Tcheck Ttotal Status Flags
r-devel-linux-x86_64-debian-clang 1.3-13 1.98 27.24 29.22 NOTE
r-devel-linux-x86_64-debian-gcc 1.3-13 2.06 27.25 29.31 NOTE
r-devel-linux-x86_64-fedora-clang 1.3-13 58.69 NOTE
r-devel-linux-x86_64-fedora-gcc 1.3-13 59.39 NOTE
r-devel-osx-x86_64-clang 1.3-13 52.79 NOTE
r-devel-osx-x86_64-gcc 1.3-13 NOTE
r-devel-windows-ix86+x86_64 1.3-13 16.00 60.00 76.00 NOTE
r-patched-linux-x86_64 1.3-13 2.16 27.32 29.48 NOTE
r-patched-solaris-sparc 1.3-13 360.70 NOTE
r-patched-solaris-x86 1.3-13 99.70 NOTE
r-release-linux-ix86 1.3-13 4.00 51.00 55.00 NOTE
r-release-linux-x86_64 1.3-13 2.18 27.76 29.94 NOTE
r-release-osx-x86_64-mavericks 1.3-13 WARN
r-release-osx-x86_64-snowleopard 1.3-13 NOTE
r-release-windows-ix86+x86_64 1.3-13 18.00 64.00 82.00 NOTE
r-oldrel-windows-ix86+x86_64 1.3-13 17.00 69.00 86.00 NOTE

Check Details

Version: 1.3-13
Check: dependencies in R code
Result: NOTE
    Package in Depends field not imported from: ‘MASS’
     These packages need to be imported from (in the NAMESPACE file)
     for when this namespace is loaded but not attached.
    See the information on DESCRIPTION files in the chapter ‘Creating R
    packages’ of the ‘Writing R Extensions’ manual.
Flavors: r-devel-linux-x86_64-debian-clang, r-devel-linux-x86_64-debian-gcc, r-devel-linux-x86_64-fedora-clang, r-devel-linux-x86_64-fedora-gcc, r-devel-osx-x86_64-clang, r-devel-osx-x86_64-gcc, r-devel-windows-ix86+x86_64, r-patched-linux-x86_64, r-patched-solaris-sparc, r-patched-solaris-x86, r-release-linux-ix86, r-release-linux-x86_64, r-release-osx-x86_64-mavericks, r-release-windows-ix86+x86_64, r-oldrel-windows-ix86+x86_64

Version: 1.3-13
Check: foreign function calls
Result: NOTE
    Calls with DUP = FALSE:
     .C("entropy_sub", vlmc.vec = as.integer(ivlmc), size = length(ivlmc),
     alpha.len = as.integer(object$alpha.len), r = double(1),
     DUP = FALSE, PACKAGE = "VLMC")
     .C("entropy2_sub", vlmc.vec = as.integer(ivlmc1), size = length(ivlmc1),
     vlmc2.vec = as.integer(ivlmc2), size = length(ivlmc2), alpha.len = alpha.len,
     r = double(1), DUP = FALSE, PACKAGE = "VLMC")
     .C("predict_vlmc_p", vlmc.vec = as.integer(ivlmc), size = length(ivlmc),
     alpha.len = m, Data = int.data, data.len = n, kind = kind,
     res = res, flags = flags, probs = probs, NAOK = TRUE, DUP = FALSE,
     PACKAGE = "VLMC")
     .C("sim_vlmc", vlmc.vec = as.integer(ivlmc), size = length(ivlmc),
     m = m, data.len = n, y = integer(n), DUP = FALSE, PACKAGE = "VLMC")
    DUP = FALSE is deprecated and may be disabled in future versions of R.
Flavors: r-devel-linux-x86_64-debian-clang, r-devel-linux-x86_64-debian-gcc, r-devel-linux-x86_64-fedora-clang, r-devel-linux-x86_64-fedora-gcc, r-devel-osx-x86_64-clang, r-devel-osx-x86_64-gcc, r-devel-windows-ix86+x86_64, r-patched-linux-x86_64, r-patched-solaris-sparc, r-patched-solaris-x86, r-release-linux-ix86, r-release-linux-x86_64, r-release-osx-x86_64-mavericks, r-release-windows-ix86+x86_64

Version: 1.3-13
Check: top-level files
Result: NOTE
    Non-standard files/directories found at top level:
     ‘Done’ ‘README-C’ ‘do-version’
Flavors: r-devel-linux-x86_64-fedora-clang, r-devel-linux-x86_64-fedora-gcc

Version: 1.3-13
Check: PDF version of manual
Result: WARNING
    LaTeX errors when creating PDF version.
    This typically indicates Rd problems.
    LaTeX errors found:
    ! LaTeX Error: File `upquote.sty' not found.
    
    Type X to quit or <RETURN> to proceed,
    or enter new name. (Default extension: sty)
    
    1467508/Rd2.tex:8: ==> Fatal error occurred, no output PDF file produced!
Flavor: r-release-osx-x86_64-mavericks

Version: 1.3-13
Check: dependencies in R code
Result: NOTE
    Package in Depends field not imported from: 'MASS'
     These packages need to be imported from for the case when
     this namespace is loaded but not attached.
    See the information on DESCRIPTION files in the chapter 'Creating R
    packages' of the 'Writing R Extensions' manual.
Flavor: r-release-osx-x86_64-snowleopard