CRAN Package Check Results for Package VLMC

Last updated on 2015-01-29 12:48:20.

Flavor Version Tinstall Tcheck Ttotal Status Flags
r-devel-linux-x86_64-debian-clang 1.4-0 1.98 25.27 27.26 NOTE
r-devel-linux-x86_64-debian-gcc 1.4-0 2.19 26.14 28.34 NOTE
r-devel-linux-x86_64-fedora-clang 1.4-0 60.67 NOTE
r-devel-linux-x86_64-fedora-gcc 1.4-0 57.12 NOTE
r-devel-osx-x86_64-clang 1.4-0 60.64 NOTE
r-devel-windows-ix86+x86_64 1.4-0 28.00 59.00 87.00 OK
r-patched-linux-x86_64 1.4-0 2.11 26.91 29.02 OK
r-patched-solaris-sparc 1.4-0 362.30 OK
r-patched-solaris-x86 1.4-0 95.20 OK
r-release-linux-ix86 1.4-0 2.93 36.88 39.80 OK
r-release-linux-x86_64 1.4-0 2.15 27.35 29.50 OK
r-release-osx-x86_64-mavericks 1.4-0 OK
r-release-osx-x86_64-snowleopard 1.4-0 OK
r-release-windows-ix86+x86_64 1.4-0 18.00 62.00 80.00 OK
r-oldrel-windows-ix86+x86_64 1.4-0 18.00 107.00 125.00 OK

Check Details

Version: 1.4-0
Check: S3 generic/method consistency
Result: NOTE
    Found the following apparent S3 methods exported but not registered:
     alphabet.vlmc simulate.vlmc
    See section ‘Registering S3 methods’ in the ‘Writing R Extensions’
    manual.
Flavors: r-devel-linux-x86_64-debian-clang, r-devel-linux-x86_64-debian-gcc, r-devel-linux-x86_64-fedora-clang, r-devel-linux-x86_64-fedora-gcc, r-devel-osx-x86_64-clang