CRAN Package Check Results for Package VLMC

Last updated on 2014-09-02 08:47:29.

Flavor Version Tinstall Tcheck Ttotal Status Flags
r-devel-linux-x86_64-debian-clang 1.3-14 1.89 25.43 27.32 NOTE
r-devel-linux-x86_64-debian-gcc 1.3-14 2.13 26.18 28.31 NOTE
r-devel-linux-x86_64-fedora-clang 1.3-14 60.45 NOTE
r-devel-linux-x86_64-fedora-gcc 1.3-14 56.42 NOTE
r-devel-osx-x86_64-clang 1.3-14 56.40 NOTE
r-devel-windows-ix86+x86_64 1.3-14 17.00 58.00 75.00 NOTE
r-patched-linux-x86_64 1.3-14 2.08 26.20 28.28 NOTE
r-patched-solaris-sparc 1.3-14 395.90 NOTE
r-patched-solaris-x86 1.3-14 94.30 NOTE
r-release-linux-ix86 1.3-14 3.00 36.18 39.18 NOTE
r-release-linux-x86_64 1.3-14 2.06 26.56 28.62 NOTE
r-release-osx-x86_64-mavericks 1.3-14 NOTE
r-release-osx-x86_64-snowleopard 1.3-14 NOTE
r-release-windows-ix86+x86_64 1.3-14 17.00 59.00 76.00 NOTE
r-oldrel-windows-ix86+x86_64 1.3-14 20.00 65.00 85.00 OK

Check Details

Version: 1.3-14
Check: foreign function calls
Result: NOTE
    Calls with DUP = FALSE:
     .C("entropy_sub", vlmc.vec = as.integer(ivlmc), size = length(ivlmc),
     alpha.len = as.integer(object$alpha.len), r = double(1),
     DUP = FALSE, PACKAGE = "VLMC")
     .C("entropy2_sub", vlmc.vec = as.integer(ivlmc1), size = length(ivlmc1),
     vlmc2.vec = as.integer(ivlmc2), size = length(ivlmc2), alpha.len = alpha.len,
     r = double(1), DUP = FALSE, PACKAGE = "VLMC")
     .C("predict_vlmc_p", vlmc.vec = as.integer(ivlmc), size = length(ivlmc),
     alpha.len = m, Data = int.data, data.len = n, kind = kind,
     res = res, flags = flags, probs = probs, NAOK = TRUE, DUP = FALSE,
     PACKAGE = "VLMC")
     .C("sim_vlmc", vlmc.vec = as.integer(ivlmc), size = length(ivlmc),
     m = m, data.len = n, y = integer(n), DUP = FALSE, PACKAGE = "VLMC")
    DUP = FALSE is deprecated and may be disabled in future versions of R.
Flavors: r-devel-linux-x86_64-debian-clang, r-devel-linux-x86_64-debian-gcc, r-devel-linux-x86_64-fedora-clang, r-devel-linux-x86_64-fedora-gcc, r-devel-osx-x86_64-clang, r-devel-windows-ix86+x86_64, r-patched-linux-x86_64, r-patched-solaris-sparc, r-patched-solaris-x86, r-release-linux-ix86, r-release-linux-x86_64, r-release-osx-x86_64-mavericks, r-release-osx-x86_64-snowleopard, r-release-windows-ix86+x86_64