CRAN Package Check Results for Package VLMC

Last updated on 2015-06-30 15:47:31.

Flavor Version Tinstall Tcheck Ttotal Status Flags
r-devel-linux-x86_64-debian-clang 1.4-1 1.84 24.69 26.53 NOTE
r-devel-linux-x86_64-debian-gcc 1.4-1 1.91 24.95 26.86 NOTE
r-devel-linux-x86_64-fedora-clang 1.4-1 53.75 NOTE
r-devel-linux-x86_64-fedora-gcc 1.4-1 52.03 OK
r-devel-osx-x86_64-clang 1.4-1 55.29 OK
r-devel-windows-ix86+x86_64 1.4-1 25.00 61.00 86.00 NOTE
r-patched-linux-x86_64 1.4-1 2.09 25.67 27.76 OK
r-patched-solaris-sparc 1.4-1 372.70 WARN
r-patched-solaris-x86 1.4-1 89.60 WARN
r-release-linux-x86_64 1.4-1 2.09 25.18 27.27 OK
r-release-osx-x86_64-mavericks 1.4-1 OK
r-release-windows-ix86+x86_64 1.4-1 22.00 62.00 84.00 OK
r-oldrel-windows-ix86+x86_64 1.4-1 28.00 70.00 98.00 OK

Check Details

Version: 1.4-1
Check: R code for possible problems
Result: NOTE
    RCplot: no visible global function definition for ‘residuals’
    RCplot: no visible global function definition for ‘predict’
    RCplot: no visible global function definition for ‘par’
    RCplot: no visible global function definition for ‘plot.new’
    RCplot: no visible global function definition for ‘plot.window’
    RCplot: no visible global function definition for ‘strwidth’
    RCplot: no visible global function definition for ‘plot’
    RCplot: no visible global function definition for ‘abline’
    RCplot: no visible global function definition for ‘text’
    RCplot: no visible global function definition for ‘mtext’
    fitted.vlmc: no visible global function definition for ‘predict’
    print.vlmc: no visible global function definition for ‘AIC’
    residuals.vlmc: no visible global function definition for ‘predict’
    simulate.vlmc: no visible global function definition for ‘runif’
    summary.vlmc: no visible global function definition for ‘predict’
    vlmc: no visible global function definition for ‘qchisq’
Flavors: r-devel-linux-x86_64-debian-clang, r-devel-linux-x86_64-debian-gcc, r-devel-linux-x86_64-fedora-clang, r-devel-windows-ix86+x86_64

Version: 1.4-1
Check: whether package can be installed
Result: WARN
    Found the following significant warnings:
     "predict.c", line 112: warning: improper pointer/integer combination: op "<"
Flavors: r-patched-solaris-sparc, r-patched-solaris-x86