CRAN Package Check Results for Package VLMC

Last updated on 2015-09-03 12:50:04.

Flavor Version Tinstall Tcheck Ttotal Status Flags
r-devel-linux-x86_64-debian-clang 1.4-1 1.94 24.85 26.78 NOTE
r-devel-linux-x86_64-debian-gcc 1.4-1 1.89 25.13 27.02 NOTE
r-devel-linux-x86_64-fedora-clang 1.4-1 52.54 NOTE
r-devel-linux-x86_64-fedora-gcc 1.4-1 50.57 NOTE
r-devel-osx-x86_64-clang 1.4-1 48.52 OK
r-devel-windows-ix86+x86_64 1.4-1 27.00 87.00 114.00 NOTE
r-patched-linux-x86_64 1.4-1 1.98 24.74 26.72 OK
r-patched-solaris-sparc 1.4-1 368.90 WARN
r-patched-solaris-x86 1.4-1 88.10 WARN
r-release-linux-x86_64 1.4-1 1.96 25.49 27.45 OK
r-release-osx-x86_64-mavericks 1.4-1 OK
r-release-windows-ix86+x86_64 1.4-1 25.00 89.00 114.00 OK
r-oldrel-windows-ix86+x86_64 1.4-1 26.00 76.00 102.00 OK

Check Details

Version: 1.4-1
Check: R code for possible problems
Result: NOTE
    RCplot: no visible global function definition for ‘residuals’
    RCplot: no visible global function definition for ‘predict’
    RCplot: no visible global function definition for ‘par’
    RCplot: no visible global function definition for ‘plot.new’
    RCplot: no visible global function definition for ‘plot.window’
    RCplot: no visible global function definition for ‘strwidth’
    RCplot: no visible global function definition for ‘plot’
    RCplot: no visible global function definition for ‘abline’
    RCplot: no visible global function definition for ‘text’
    RCplot: no visible global function definition for ‘mtext’
    fitted.vlmc: no visible global function definition for ‘predict’
    print.vlmc: no visible global function definition for ‘AIC’
    residuals.vlmc: no visible global function definition for ‘predict’
    simulate.vlmc: no visible global function definition for ‘runif’
    summary.vlmc: no visible global function definition for ‘predict’
    vlmc: no visible global function definition for ‘qchisq’
    Undefined global functions or variables:
     AIC abline mtext par plot plot.new plot.window predict qchisq
     residuals runif strwidth text
    Consider adding
     importFrom("graphics", "abline", "mtext", "par", "plot", "plot.new",
     "plot.window", "strwidth", "text")
     importFrom("stats", "AIC", "predict", "qchisq", "residuals", "runif")
    to your NAMESPACE.
Flavors: r-devel-linux-x86_64-debian-clang, r-devel-linux-x86_64-debian-gcc, r-devel-linux-x86_64-fedora-clang, r-devel-linux-x86_64-fedora-gcc, r-devel-windows-ix86+x86_64

Version: 1.4-1
Check: whether package can be installed
Result: WARN
    Found the following significant warnings:
     "predict.c", line 112: warning: improper pointer/integer combination: op "<"
Flavors: r-patched-solaris-sparc, r-patched-solaris-x86