CRAN Package Check Results for Package VLMC

Last updated on 2017-03-28 17:49:35.

Flavor Version Tinstall Tcheck Ttotal Status Flags
r-devel-linux-x86_64-debian-clang 1.4-1 2.68 29.49 32.18 NOTE
r-devel-linux-x86_64-debian-gcc 1.4-1 2.29 30.17 32.46 NOTE
r-devel-linux-x86_64-fedora-clang 1.4-1 58.70 NOTE --no-stop-on-test-error
r-devel-linux-x86_64-fedora-gcc 1.4-1 58.79 NOTE --no-stop-on-test-error
r-devel-macos-x86_64-clang 1.4-1 52.41 NOTE --no-stop-on-test-error
r-devel-windows-ix86+x86_64 1.4-1 19.00 74.00 93.00 NOTE
r-patched-linux-x86_64 1.4-1 2.17 29.00 31.17 NOTE
r-patched-solaris-sparc 1.4-1 371.10 WARN
r-patched-solaris-x86 1.4-1 90.00 WARN
r-release-linux-x86_64 1.4-1 2.17 26.68 28.86 NOTE
r-release-osx-x86_64-mavericks 1.4-1 NOTE
r-release-windows-ix86+x86_64 1.4-1 28.00 69.00 97.00 NOTE
r-oldrel-windows-ix86+x86_64 1.4-1 19.00 70.00 89.00 OK

Check Details

Version: 1.4-1
Check: R code for possible problems
Result: NOTE
    RCplot: no visible global function definition for ‘residuals’
    RCplot: no visible global function definition for ‘predict’
    RCplot: no visible global function definition for ‘par’
    RCplot: no visible global function definition for ‘plot.new’
    RCplot: no visible global function definition for ‘plot.window’
    RCplot: no visible global function definition for ‘strwidth’
    RCplot: no visible global function definition for ‘plot’
    RCplot: no visible global function definition for ‘abline’
    RCplot: no visible global function definition for ‘text’
    RCplot: no visible global function definition for ‘mtext’
    fitted.vlmc: no visible global function definition for ‘predict’
    print.vlmc: no visible global function definition for ‘AIC’
    residuals.vlmc: no visible global function definition for ‘predict’
    simulate.vlmc: no visible global function definition for ‘runif’
    summary.vlmc: no visible global function definition for ‘predict’
    vlmc: no visible global function definition for ‘qchisq’
    Undefined global functions or variables:
     AIC abline mtext par plot plot.new plot.window predict qchisq
     residuals runif strwidth text
    Consider adding
     importFrom("graphics", "abline", "mtext", "par", "plot", "plot.new",
     "plot.window", "strwidth", "text")
     importFrom("stats", "AIC", "predict", "qchisq", "residuals", "runif")
    to your NAMESPACE file.
Flavors: r-devel-linux-x86_64-debian-clang, r-devel-linux-x86_64-debian-gcc, r-devel-windows-ix86+x86_64, r-patched-linux-x86_64, r-patched-solaris-sparc, r-patched-solaris-x86, r-release-linux-x86_64, r-release-osx-x86_64-mavericks, r-release-windows-ix86+x86_64

Version: 1.4-1
Check: compiled code
Result: NOTE
    File ‘VLMC/libs/VLMC.so’:
     Found no calls to: ‘R_registerRoutines’, ‘R_useDynamicSymbols’
    
    It is good practice to register native routines and to disable symbol
    search.
    
    See ‘Writing portable packages’ in the ‘Writing R Extensions’ manual.
Flavors: r-devel-linux-x86_64-debian-clang, r-devel-linux-x86_64-debian-gcc, r-patched-linux-x86_64

Version: 1.4-1
Flags: --no-stop-on-test-error
Check: R code for possible problems
Result: NOTE
    RCplot: no visible global function definition for ‘residuals’
    RCplot: no visible global function definition for ‘predict’
    RCplot: no visible global function definition for ‘par’
    RCplot: no visible global function definition for ‘plot.new’
    RCplot: no visible global function definition for ‘plot.window’
    RCplot: no visible global function definition for ‘strwidth’
    RCplot: no visible global function definition for ‘plot’
    RCplot: no visible global function definition for ‘abline’
    RCplot: no visible global function definition for ‘text’
    RCplot: no visible global function definition for ‘mtext’
    fitted.vlmc: no visible global function definition for ‘predict’
    print.vlmc: no visible global function definition for ‘AIC’
    residuals.vlmc: no visible global function definition for ‘predict’
    simulate.vlmc: no visible global function definition for ‘runif’
    summary.vlmc: no visible global function definition for ‘predict’
    vlmc: no visible global function definition for ‘qchisq’
    Undefined global functions or variables:
     AIC abline mtext par plot plot.new plot.window predict qchisq
     residuals runif strwidth text
    Consider adding
     importFrom("graphics", "abline", "mtext", "par", "plot", "plot.new",
     "plot.window", "strwidth", "text")
     importFrom("stats", "AIC", "predict", "qchisq", "residuals", "runif")
    to your NAMESPACE file.
Flavors: r-devel-linux-x86_64-fedora-clang, r-devel-linux-x86_64-fedora-gcc, r-devel-macos-x86_64-clang

Version: 1.4-1
Flags: --no-stop-on-test-error
Check: compiled code
Result: NOTE
    File ‘VLMC/libs/VLMC.so’:
     Found no calls to: ‘R_registerRoutines’, ‘R_useDynamicSymbols’
    
    It is good practice to register native routines and to disable symbol
    search.
    
    See ‘Writing portable packages’ in the ‘Writing R Extensions’ manual.
Flavors: r-devel-linux-x86_64-fedora-clang, r-devel-linux-x86_64-fedora-gcc, r-devel-macos-x86_64-clang

Version: 1.4-1
Check: whether package can be installed
Result: WARN
    Found the following significant warnings:
     "predict.c", line 112: warning: improper pointer/integer combination: op "<"
Flavors: r-patched-solaris-sparc, r-patched-solaris-x86