CRAN Package Check Results for Package VMDecomp

Last updated on 2022-12-09 20:51:30 CET.

Flavor Version Tinstall Tcheck Ttotal Status Flags
r-devel-linux-x86_64-debian-clang 1.0.1 47.65 98.68 146.33 OK
r-devel-linux-x86_64-debian-gcc 1.0.1 33.89 64.55 98.44 OK
r-devel-linux-x86_64-fedora-clang 1.0.1 176.89 OK
r-devel-linux-x86_64-fedora-gcc 1.0.1 165.00 OK
r-devel-windows-x86_64 1.0.1 64.00 102.00 166.00 OK
r-patched-linux-x86_64 1.0.1 36.09 84.76 120.85 OK
r-release-linux-x86_64 1.0.1 38.06 80.80 118.86 OK
r-release-macos-arm64 1.0.1 36.00 NOTE
r-release-macos-x86_64 1.0.1 54.00 NOTE
r-release-windows-x86_64 1.0.1 49.00 111.00 160.00 OK
r-oldrel-macos-arm64 1.0.1 33.00 NOTE
r-oldrel-macos-x86_64 1.0.1 52.00 NOTE
r-oldrel-windows-ix86+x86_64 1.0.1 107.00 152.00 259.00 OK

Check Details

Version: 1.0.1
Check: installed package size
Result: NOTE
     installed size is 5.3Mb
     sub-directories of 1Mb or more:
     libs 3.8Mb
Flavors: r-release-macos-arm64, r-release-macos-x86_64, r-oldrel-macos-arm64, r-oldrel-macos-x86_64