CRAN Package Check Results for Package VPdtw

Last updated on 2015-06-30 11:48:45.

Flavor Version Tinstall Tcheck Ttotal Status Flags
r-devel-linux-x86_64-debian-clang 2.1-10 1.06 11.52 12.58 NOTE
r-devel-linux-x86_64-debian-gcc 2.1-10 1.24 10.90 12.15 NOTE
r-devel-linux-x86_64-fedora-clang 2.1-10 24.59 NOTE
r-devel-linux-x86_64-fedora-gcc 2.1-10 22.31 NOTE
r-devel-osx-x86_64-clang 2.1-10 24.87 NOTE
r-devel-windows-ix86+x86_64 2.1-10 13.00 24.00 37.00 OK
r-patched-linux-x86_64 2.1-10 1.24 11.20 12.44 NOTE
r-patched-solaris-sparc 2.1-10 170.30 NOTE
r-patched-solaris-x86 2.1-10 38.40 NOTE
r-release-linux-x86_64 2.1-10 3.21 11.77 14.98 NOTE
r-release-osx-x86_64-mavericks 2.1-10 OK
r-release-windows-ix86+x86_64 2.1-10 7.00 29.00 36.00 OK
r-oldrel-windows-ix86+x86_64 2.1-10 13.00 27.00 40.00 OK

Check Details

Version: 2.1-10
Check: S3 generic/method consistency
Result: NOTE
    Found the following apparent S3 methods exported but not registered:
     plot.VPdtw print.VPdtw
    See section ‘Registering S3 methods’ in the ‘Writing R Extensions’
    manual.
Flavors: r-devel-linux-x86_64-debian-clang, r-devel-linux-x86_64-debian-gcc, r-devel-linux-x86_64-fedora-clang, r-devel-linux-x86_64-fedora-gcc, r-devel-osx-x86_64-clang, r-patched-linux-x86_64, r-patched-solaris-sparc, r-patched-solaris-x86, r-release-linux-x86_64

Version: 2.1-10
Check: R code for possible problems
Result: NOTE
    VPdtw: no visible binding for global variable ‘median’
    VPdtw: no visible global function definition for ‘na.omit’
    VPdtw : DoAlignment: no visible global function definition for
     ‘na.omit’
    VPdtw : DoAlignmentP: no visible global function definition for
     ‘na.omit’
    dilation: no visible global function definition for ‘na.omit’
    plot.VPdtw: no visible global function definition for ‘grey’
    plot.VPdtw: no visible global function definition for ‘par’
    plot.VPdtw: no visible global function definition for ‘plot’
    plot.VPdtw: no visible global function definition for ‘rect’
    plot.VPdtw: no visible global function definition for ‘image’
    plot.VPdtw: no visible global function definition for ‘box’
    plot.VPdtw: no visible global function definition for ‘lines’
    plot.VPdtw: no visible global function definition for ‘matplot’
    plot.VPdtw: no visible global function definition for ‘legend’
    plot.VPdtw: no visible global function definition for ‘abline’
Flavors: r-devel-linux-x86_64-debian-clang, r-devel-linux-x86_64-debian-gcc

Version: 2.1-10
Check: Rd line widths
Result: NOTE
    Rd file 'VPdtw.Rd':
     \usage lines wider than 90 characters:
     VPdtw(reference, query, penalty = 0, maxshift = 50,Reference.type=c("random","median","mean","trimmed"))
     \examples lines wider than 100 characters:
     result <- VPdtw(reference=reference[1:2500],query=query[1:2500],penalty=dilation(reference[1:2500],150)/4,maxshift=150)
     result2 <- VPdtw(reference=reference[1:2500],query=query[1:2500],penalty=rep(0,length(reference)),maxshift=150)
    
    These lines will be truncated in the PDF manual.
Flavors: r-devel-linux-x86_64-debian-clang, r-devel-linux-x86_64-debian-gcc, r-devel-linux-x86_64-fedora-clang, r-devel-linux-x86_64-fedora-gcc, r-patched-linux-x86_64, r-release-linux-x86_64