CRAN Package Check Results for Package VPdtw

Last updated on 2014-11-29 08:53:34.

Flavor Version Tinstall Tcheck Ttotal Status Flags
r-devel-linux-x86_64-debian-clang 2.1-10 1.17 12.27 13.44 NOTE
r-devel-linux-x86_64-debian-gcc 2.1-10 1.35 12.02 13.38 NOTE
r-devel-linux-x86_64-fedora-clang 2.1-10 28.99 NOTE
r-devel-linux-x86_64-fedora-gcc 2.1-10 30.24 NOTE
r-devel-osx-x86_64-clang 2.1-10 29.68 OK
r-devel-windows-ix86+x86_64 2.1-10 8.00 25.00 33.00 OK
r-patched-linux-x86_64 2.1-10 1.34 12.04 13.38 NOTE
r-patched-solaris-sparc 2.1-10 154.30 OK
r-patched-solaris-x86 2.1-10 42.80 OK
r-release-linux-ix86 2.1-10 1.91 18.88 20.80 OK
r-release-linux-x86_64 2.1-10 1.40 12.38 13.78 NOTE
r-release-osx-x86_64-mavericks 2.1-10 OK
r-release-windows-ix86+x86_64 2.1-10 8.00 27.00 35.00 OK
r-oldrel-windows-ix86+x86_64 2.1-10 8.00 23.00 31.00 OK

Check Details

Version: 2.1-10
Check: Rd line widths
Result: NOTE
    Rd file 'VPdtw.Rd':
     \usage lines wider than 90 characters:
     VPdtw(reference, query, penalty = 0, maxshift = 50,Reference.type=c("random","median","mean","trimmed"))
     \examples lines wider than 100 characters:
     result <- VPdtw(reference=reference[1:2500],query=query[1:2500],penalty=dilation(reference[1:2500],150)/4,maxshift=150)
     result2 <- VPdtw(reference=reference[1:2500],query=query[1:2500],penalty=rep(0,length(reference)),maxshift=150)
    
    These lines will be truncated in the PDF manual.
Flavors: r-devel-linux-x86_64-debian-clang, r-devel-linux-x86_64-debian-gcc, r-devel-linux-x86_64-fedora-clang, r-devel-linux-x86_64-fedora-gcc, r-patched-linux-x86_64, r-release-linux-x86_64