CRAN Package Check Results for Package VPdtw

Last updated on 2017-02-21 03:49:57.

Flavor Version Tinstall Tcheck Ttotal Status Flags
r-devel-linux-x86_64-debian-clang 2.1-11 1.36 13.95 15.31 NOTE
r-devel-linux-x86_64-debian-gcc 2.1-11 1.36 13.90 15.26 NOTE
r-devel-linux-x86_64-fedora-clang 2.1-11 25.37 NOTE --no-stop-on-test-error
r-devel-linux-x86_64-fedora-gcc 2.1-11 24.34 NOTE --no-stop-on-test-error
r-devel-macos-x86_64-clang 2.1-11 23.27 NOTE --no-stop-on-test-error
r-devel-windows-ix86+x86_64 2.1-11 7.00 50.00 57.00 OK
r-patched-linux-x86_64 2.1-11 1.50 11.92 13.42 OK
r-patched-solaris-sparc 2.1-11 135.80 OK
r-patched-solaris-x86 2.1-11 32.90 OK
r-release-linux-x86_64 2.1-11 1.23 11.58 12.81 OK
r-release-osx-x86_64-mavericks 2.1-11 OK
r-release-windows-ix86+x86_64 2.1-11 8.00 33.00 41.00 OK
r-oldrel-windows-ix86+x86_64 2.1-11 9.00 30.00 39.00 OK

Check Details

Version: 2.1-11
Check: compiled code
Result: NOTE
    File ‘VPdtw/libs/VPdtw.so’:
     Found no calls to: ‘R_registerRoutines’, ‘R_useDynamicSymbols’
    
    It is good practice to register native routines and to disable symbol
    search.
    
    See ‘Writing portable packages’ in the ‘Writing R Extensions’ manual.
Flavors: r-devel-linux-x86_64-debian-clang, r-devel-linux-x86_64-debian-gcc

Version: 2.1-11
Flags: --no-stop-on-test-error
Check: compiled code
Result: NOTE
    File ‘VPdtw/libs/VPdtw.so’:
     Found no calls to: ‘R_registerRoutines’, ‘R_useDynamicSymbols’
    
    It is good practice to register native routines and to disable symbol
    search.
    
    See ‘Writing portable packages’ in the ‘Writing R Extensions’ manual.
Flavors: r-devel-linux-x86_64-fedora-clang, r-devel-linux-x86_64-fedora-gcc, r-devel-macos-x86_64-clang