CRAN Package Check Results for Package VPdtw

Last updated on 2014-09-19 00:47:10.

Flavor Version Tinstall Tcheck Ttotal Status Flags
r-devel-linux-x86_64-debian-clang 2.1-10 1.12 11.76 12.88 NOTE
r-devel-linux-x86_64-debian-gcc 2.1-10 1.18 11.25 12.43 NOTE
r-devel-linux-x86_64-fedora-clang 2.1-10 25.60 NOTE
r-devel-linux-x86_64-fedora-gcc 2.1-10 23.53 NOTE
r-devel-osx-x86_64-clang 2.1-10 26.42 OK
r-devel-windows-ix86+x86_64 2.1-10 8.00 25.00 33.00 OK
r-patched-linux-x86_64 2.1-10 1.21 11.28 12.50 NOTE
r-patched-solaris-sparc 2.1-10 154.30 OK
r-patched-solaris-x86 2.1-10 37.90 OK
r-release-linux-ix86 2.1-10 2.11 18.93 21.04 OK
r-release-linux-x86_64 2.1-10 1.22 12.55 13.77 NOTE
r-release-osx-x86_64-mavericks 2.1-10 OK
r-release-windows-ix86+x86_64 2.1-10 11.00 25.00 36.00 OK
r-oldrel-windows-ix86+x86_64 2.1-10 8.00 23.00 31.00 OK

Check Details

Version: 2.1-10
Check: Rd line widths
Result: NOTE
    Rd file 'VPdtw.Rd':
     \usage lines wider than 90 characters:
     VPdtw(reference, query, penalty = 0, maxshift = 50,Reference.type=c("random","median","mean","trimmed"))
     \examples lines wider than 100 characters:
     result <- VPdtw(reference=reference[1:2500],query=query[1:2500],penalty=dilation(reference[1:2500],150)/4,maxshift=150)
     result2 <- VPdtw(reference=reference[1:2500],query=query[1:2500],penalty=rep(0,length(reference)),maxshift=150)
    
    These lines will be truncated in the PDF manual.
Flavors: r-devel-linux-x86_64-debian-clang, r-devel-linux-x86_64-debian-gcc, r-devel-linux-x86_64-fedora-clang, r-devel-linux-x86_64-fedora-gcc, r-patched-linux-x86_64, r-release-linux-x86_64