CRAN Package Check Results for Package VPdtw

Last updated on 2014-04-23 07:55:11.

Flavor Version Tinstall Tcheck Ttotal Status Flags
r-devel-linux-x86_64-debian-clang 2.1-10 1.36 11.96 13.32 OK
r-devel-linux-x86_64-debian-gcc 2.1-10 1.20 11.70 12.89 OK
r-devel-linux-x86_64-fedora-clang 2.1-10 25.24 NOTE
r-devel-linux-x86_64-fedora-gcc 2.1-10 24.07 NOTE
r-devel-osx-x86_64-clang 2.1-10 25.19 OK
r-devel-osx-x86_64-gcc 2.1-10 NOTE
r-devel-windows-ix86+x86_64 2.1-10 8.00 24.00 32.00 OK
r-patched-linux-x86_64 2.1-10 1.25 11.74 12.99 OK
r-patched-solaris-sparc 2.1-10 160.50 OK
r-patched-solaris-x86 2.1-10 40.60 OK
r-release-linux-ix86 2.1-10 3.00 26.00 29.00 OK
r-release-linux-x86_64 2.1-10 1.23 11.87 13.10 OK
r-release-osx-x86_64-mavericks 2.1-10 OK
r-release-windows-ix86+x86_64 2.1-10 14.00 33.00 47.00 OK
r-oldrel-windows-ix86+x86_64 2.1-10 8.00 23.00 31.00 OK

Check Details

Version: 2.1-10
Check: Rd line widths
Result: NOTE
    Rd file 'VPdtw.Rd':
     \usage lines wider than 90 characters:
     VPdtw(reference, query, penalty = 0, maxshift = 50,Reference.type=c("random","median","mean","trimmed"))
     \examples lines wider than 100 characters:
     result <- VPdtw(reference=reference[1:2500],query=query[1:2500],penalty=dilation(reference[1:2500],150)/4,maxshift=150)
     result2 <- VPdtw(reference=reference[1:2500],query=query[1:2500],penalty=rep(0,length(reference)),maxshift=150)
    
    These lines will be truncated in the PDF manual.
Flavors: r-devel-linux-x86_64-fedora-clang, r-devel-linux-x86_64-fedora-gcc

Version: 2.1-10
Check: Rd cross-references
Result: NOTE
    Package unavailable to check Rd xrefs: ‘dtw’
Flavor: r-devel-osx-x86_64-gcc