CRAN Package Check Results for Package VPdtw

Last updated on 2015-03-02 13:47:21.

Flavor Version Tinstall Tcheck Ttotal Status Flags
r-devel-linux-x86_64-debian-clang 2.1-10 1.17 11.43 12.60 NOTE
r-devel-linux-x86_64-debian-gcc 2.1-10 1.23 11.60 12.83 NOTE
r-devel-linux-x86_64-fedora-clang 2.1-10 25.70 NOTE
r-devel-linux-x86_64-fedora-gcc 2.1-10 24.09 NOTE
r-devel-osx-x86_64-clang 2.1-10 28.88 NOTE
r-devel-windows-ix86+x86_64 2.1-10 10.00 25.00 35.00 OK
r-patched-linux-x86_64 2.1-10 1.30 12.24 13.54 NOTE
r-patched-solaris-sparc 2.1-10 155.20 OK
r-patched-solaris-x86 2.1-10 41.20 OK
r-release-linux-ix86 2.1-10 1.90 21.20 23.10 NOTE
r-release-linux-x86_64 2.1-10 1.34 12.93 14.27 NOTE
r-release-osx-x86_64-mavericks 2.1-10 OK
r-release-windows-ix86+x86_64 2.1-10 8.00 27.00 35.00 OK
r-oldrel-windows-ix86+x86_64 2.1-10 8.00 23.00 31.00 OK

Check Details

Version: 2.1-10
Check: S3 generic/method consistency
Result: NOTE
    Found the following apparent S3 methods exported but not registered:
     plot.VPdtw print.VPdtw
    See section ‘Registering S3 methods’ in the ‘Writing R Extensions’
    manual.
Flavors: r-devel-linux-x86_64-debian-clang, r-devel-linux-x86_64-debian-gcc, r-devel-linux-x86_64-fedora-clang, r-devel-linux-x86_64-fedora-gcc, r-devel-osx-x86_64-clang

Version: 2.1-10
Check: Rd line widths
Result: NOTE
    Rd file 'VPdtw.Rd':
     \usage lines wider than 90 characters:
     VPdtw(reference, query, penalty = 0, maxshift = 50,Reference.type=c("random","median","mean","trimmed"))
     \examples lines wider than 100 characters:
     result <- VPdtw(reference=reference[1:2500],query=query[1:2500],penalty=dilation(reference[1:2500],150)/4,maxshift=150)
     result2 <- VPdtw(reference=reference[1:2500],query=query[1:2500],penalty=rep(0,length(reference)),maxshift=150)
    
    These lines will be truncated in the PDF manual.
Flavors: r-devel-linux-x86_64-debian-clang, r-devel-linux-x86_64-debian-gcc, r-devel-linux-x86_64-fedora-clang, r-devel-linux-x86_64-fedora-gcc, r-patched-linux-x86_64, r-release-linux-ix86, r-release-linux-x86_64