CRAN Package Check Results for Package VSE

Last updated on 2020-09-24 06:54:22 CEST.

Flavor Version Tinstall Tcheck Ttotal Status Flags
r-devel-linux-x86_64-debian-clang 0.99 14.71 159.84 174.55 OK --no-vignettes
r-devel-linux-x86_64-debian-gcc 0.99 13.23 120.38 133.61 OK --no-vignettes
r-devel-linux-x86_64-fedora-clang 0.99 1788.48 OK
r-devel-linux-x86_64-fedora-gcc 0.99 1860.37 OK
r-devel-windows-ix86+x86_64 0.99 39.00 1807.00 1846.00 OK
r-patched-linux-x86_64 0.99 15.59 147.94 163.53 OK --no-vignettes
r-patched-solaris-x86 0.99 2133.70 OK
r-release-linux-x86_64 0.99 15.29 148.36 163.65 OK --no-vignettes
r-release-macos-x86_64 0.99 OK
r-release-windows-ix86+x86_64 0.99 39.00 1889.00 1928.00 OK
r-oldrel-macos-x86_64 0.99 ERROR
r-oldrel-windows-ix86+x86_64 0.99 24.00 1500.00 1524.00 OK

Check Details

Version: 0.99
Check: whether package can be installed
Result: ERROR
    Installation failed.
Flavor: r-oldrel-macos-x86_64