CRAN Package Check Results for Package VSURF

Last updated on 2014-08-20 17:47:56.

Flavor Version Tinstall Tcheck Ttotal Status Flags
r-devel-linux-x86_64-debian-clang 0.8.2 0.86 22.28 23.14 OK
r-devel-linux-x86_64-debian-gcc 0.8.2 0.84 22.34 23.18 OK
r-devel-linux-x86_64-fedora-clang 0.8.2 49.54 NOTE
r-devel-linux-x86_64-fedora-gcc 0.8.2 49.69 NOTE
r-devel-osx-x86_64-clang 0.8.2 42.24 NOTE
r-devel-windows-ix86+x86_64 0.8.2 4.00 36.00 40.00 OK
r-patched-linux-x86_64 0.8.2 0.88 22.12 23.00 OK
r-patched-solaris-sparc 0.8.2 277.50 OK
r-patched-solaris-x86 0.8.2 61.10 OK
r-release-linux-ix86 0.8.2 1.32 33.71 35.03 OK
r-release-linux-x86_64 0.8.2 0.92 22.77 23.69 OK
r-release-osx-x86_64-mavericks 0.8.2 OK
r-release-osx-x86_64-snowleopard 0.8.2 OK
r-release-windows-ix86+x86_64 0.8.2 3.00 37.00 40.00 OK
r-oldrel-windows-ix86+x86_64 0.8.2 4.00 37.00 41.00 OK

Check Details

Version: 0.8.2
Check: R code for possible problems
Result: NOTE
    VSURF.interp.parallel.default: no visible global function definition
     for ‘detectCores’
    VSURF.interp.parallel.default: no visible global function definition
     for ‘mclapply’
    VSURF.interp.parallel.default: no visible global function definition
     for ‘makeCluster’
    VSURF.interp.parallel.default: no visible global function definition
     for ‘%dopar%’
    VSURF.interp.parallel.default: no visible global function definition
     for ‘foreach’
    VSURF.interp.parallel.default: no visible global function definition
     for ‘stopCluster’
    VSURF.parallel.default: no visible global function definition for
     ‘detectCores’
    VSURF.thres.parallel.default: no visible global function definition for
     ‘detectCores’
    VSURF.thres.parallel.default: no visible global function definition for
     ‘mclapply’
    VSURF.thres.parallel.default: no visible global function definition for
     ‘makeCluster’
    VSURF.thres.parallel.default: no visible global function definition for
     ‘%dopar%’
    VSURF.thres.parallel.default: no visible global function definition for
     ‘foreach’
    VSURF.thres.parallel.default: no visible global function definition for
     ‘stopCluster’
Flavors: r-devel-linux-x86_64-fedora-clang, r-devel-linux-x86_64-fedora-gcc, r-devel-osx-x86_64-clang