CRAN Package Check Results for Package VSURF

Last updated on 2014-09-03 01:48:02.

Flavor Version Tinstall Tcheck Ttotal Status Flags
r-devel-linux-x86_64-debian-clang 0.8.2 0.84 23.42 24.26 NOTE
r-devel-linux-x86_64-debian-gcc 0.8.2 0.83 21.50 22.33 NOTE
r-devel-linux-x86_64-fedora-clang 0.8.2 45.54 NOTE
r-devel-linux-x86_64-fedora-gcc 0.8.2 41.62 NOTE
r-devel-osx-x86_64-clang 0.8.2 41.74 NOTE
r-devel-windows-ix86+x86_64 0.8.2 4.00 35.00 39.00 NOTE
r-patched-linux-x86_64 0.8.2 0.88 24.00 24.88 OK
r-patched-solaris-sparc 0.8.2 277.50 OK
r-patched-solaris-x86 0.8.2 61.60 OK
r-release-linux-ix86 0.8.2 1.30 33.74 35.04 OK
r-release-linux-x86_64 0.8.2 0.91 22.48 23.39 OK
r-release-osx-x86_64-mavericks 0.8.2 OK
r-release-osx-x86_64-snowleopard 0.8.2 OK
r-release-windows-ix86+x86_64 0.8.2 4.00 36.00 40.00 OK
r-oldrel-windows-ix86+x86_64 0.8.2 4.00 35.00 39.00 OK

Check Details

Version: 0.8.2
Check: R code for possible problems
Result: NOTE
    VSURF.interp.parallel.default: no visible global function definition
     for ‘detectCores’
    VSURF.interp.parallel.default: no visible global function definition
     for ‘mclapply’
    VSURF.interp.parallel.default: no visible global function definition
     for ‘makeCluster’
    VSURF.interp.parallel.default: no visible global function definition
     for ‘%dopar%’
    VSURF.interp.parallel.default: no visible global function definition
     for ‘foreach’
    VSURF.interp.parallel.default: no visible global function definition
     for ‘stopCluster’
    VSURF.parallel.default: no visible global function definition for
     ‘detectCores’
    VSURF.thres.parallel.default: no visible global function definition for
     ‘detectCores’
    VSURF.thres.parallel.default: no visible global function definition for
     ‘mclapply’
    VSURF.thres.parallel.default: no visible global function definition for
     ‘makeCluster’
    VSURF.thres.parallel.default: no visible global function definition for
     ‘%dopar%’
    VSURF.thres.parallel.default: no visible global function definition for
     ‘foreach’
    VSURF.thres.parallel.default: no visible global function definition for
     ‘stopCluster’
Flavors: r-devel-linux-x86_64-debian-clang, r-devel-linux-x86_64-debian-gcc, r-devel-linux-x86_64-fedora-clang, r-devel-linux-x86_64-fedora-gcc, r-devel-osx-x86_64-clang, r-devel-windows-ix86+x86_64