CRAN Package Check Results for Package VSURF

Last updated on 2015-07-04 09:48:23.

Flavor Version Tinstall Tcheck Ttotal Status Flags
r-devel-linux-x86_64-debian-clang 1.0.0 0.71 19.36 20.06 NOTE
r-devel-linux-x86_64-debian-gcc 1.0.0 0.67 18.61 19.28 NOTE
r-devel-linux-x86_64-fedora-clang 1.0.0 36.39 NOTE
r-devel-linux-x86_64-fedora-gcc 1.0.0 33.77 NOTE
r-devel-osx-x86_64-clang 1.0.0 34.44 OK
r-devel-windows-ix86+x86_64 1.0.0 5.00 31.00 36.00 NOTE
r-patched-linux-x86_64 1.0.0 0.71 19.55 20.26 OK
r-patched-solaris-sparc 1.0.0 249.20 OK
r-patched-solaris-x86 1.0.0 51.30 OK
r-release-linux-x86_64 1.0.0 0.84 19.11 19.95 OK
r-release-osx-x86_64-mavericks 1.0.0 OK
r-release-windows-ix86+x86_64 1.0.0 5.00 34.00 39.00 OK
r-oldrel-windows-ix86+x86_64 1.0.0 5.00 36.00 41.00 OK

Check Details

Version: 1.0.0
Check: R code for possible problems
Result: NOTE
    VSURF.formula: no visible binding for global variable ‘na.fail’
    VSURF.formula: no visible global function definition for
     ‘model.response’
    VSURF.formula: no visible global function definition for ‘model.frame’
    VSURF.formula: no visible global function definition for ‘terms’
    VSURF.formula: no visible global function definition for ‘reformulate’
    VSURF_interp.default : rf.interp.classif: no visible global function
     definition for ‘tail’
    VSURF_interp.default : rf.interp.classif: no visible global function
     definition for ‘sd’
    VSURF_interp.default : rf.interp.reg: no visible global function
     definition for ‘tail’
    VSURF_interp.default : rf.interp.reg: no visible global function
     definition for ‘sd’
    VSURF_interp.formula: no visible binding for global variable ‘na.fail’
    VSURF_interp.formula: no visible global function definition for
     ‘model.response’
    VSURF_interp.formula: no visible global function definition for
     ‘model.frame’
    VSURF_interp.formula: no visible global function definition for ‘terms’
    VSURF_interp.formula: no visible global function definition for
     ‘reformulate’
    VSURF_pred.default: no visible global function definition for ‘tail’
    VSURF_pred.formula: no visible binding for global variable ‘na.fail’
    VSURF_pred.formula: no visible global function definition for
     ‘model.response’
    VSURF_pred.formula: no visible global function definition for
     ‘model.frame’
    VSURF_pred.formula: no visible global function definition for ‘terms’
    VSURF_pred.formula: no visible global function definition for
     ‘reformulate’
    VSURF_thres.default : rf.classif: no visible global function definition
     for ‘tail’
    VSURF_thres.default : rf.reg: no visible global function definition for
     ‘tail’
    VSURF_thres.default: no visible binding for global variable ‘sd’
    VSURF_thres.default: no visible global function definition for
     ‘predict’
    VSURF_thres.formula: no visible binding for global variable ‘na.fail’
    VSURF_thres.formula: no visible global function definition for
     ‘model.response’
    VSURF_thres.formula: no visible global function definition for
     ‘model.frame’
    VSURF_thres.formula: no visible global function definition for ‘terms’
    VSURF_thres.formula: no visible global function definition for
     ‘reformulate’
    plot.VSURF: no visible global function definition for ‘par’
    plot.VSURF_interp: no visible global function definition for
     ‘model.frame’
    plot.VSURF_interp: no visible global function definition for ‘terms’
    plot.VSURF_interp: no visible global function definition for
     ‘reformulate’
    plot.VSURF_interp: no visible global function definition for ‘plot’
    plot.VSURF_interp: no visible global function definition for ‘axis’
    plot.VSURF_interp: no visible global function definition for ‘abline’
    plot.VSURF_pred: no visible global function definition for
     ‘model.frame’
    plot.VSURF_pred: no visible global function definition for ‘terms’
    plot.VSURF_pred: no visible global function definition for
     ‘reformulate’
    plot.VSURF_pred: no visible global function definition for ‘plot’
    plot.VSURF_pred: no visible global function definition for ‘axis’
    plot.VSURF_thres: no visible global function definition for ‘par’
    plot_imp.mean: no visible global function definition for ‘model.frame’
    plot_imp.mean: no visible global function definition for ‘terms’
    plot_imp.mean: no visible global function definition for ‘reformulate’
    plot_imp.mean: no visible global function definition for ‘plot’
    plot_imp.mean: no visible global function definition for ‘axis’
    plot_imp.mean: no visible global function definition for ‘abline’
    plot_imp.sd: no visible global function definition for ‘model.frame’
    plot_imp.sd: no visible global function definition for ‘terms’
    plot_imp.sd: no visible global function definition for ‘reformulate’
    plot_imp.sd: no visible global function definition for ‘plot’
    plot_imp.sd: no visible global function definition for ‘axis’
    plot_imp.sd: no visible global function definition for ‘lines’
    plot_imp.sd: no visible global function definition for ‘abline’
    predict.VSURF: no visible global function definition for ‘model.frame’
    predict.VSURF: no visible global function definition for ‘terms’
    predict.VSURF: no visible global function definition for ‘reformulate’
    predict.VSURF: no visible global function definition for ‘predict’
    Undefined global functions or variables:
     abline axis lines model.frame model.response na.fail par plot predict
     reformulate sd tail terms
Flavors: r-devel-linux-x86_64-debian-clang, r-devel-linux-x86_64-debian-gcc, r-devel-linux-x86_64-fedora-clang, r-devel-linux-x86_64-fedora-gcc, r-devel-windows-ix86+x86_64