CRAN Package Check Results for Package VSURF

Last updated on 2014-11-22 11:49:26.

Flavor Version Tinstall Tcheck Ttotal Status Flags
r-devel-linux-x86_64-debian-clang 0.8.2 0.90 23.69 24.60 NOTE
r-devel-linux-x86_64-debian-gcc 0.8.2 0.89 23.04 23.93 NOTE
r-devel-linux-x86_64-fedora-clang 0.8.2 47.88 NOTE
r-devel-linux-x86_64-fedora-gcc 0.8.2 44.41 NOTE
r-devel-osx-x86_64-clang 0.8.2 45.34 NOTE
r-devel-windows-ix86+x86_64 0.8.2 4.00 50.00 54.00 NOTE
r-patched-linux-x86_64 0.8.2 0.90 22.00 22.90 NOTE
r-patched-solaris-sparc 0.8.2 272.00 NOTE
r-patched-solaris-x86 0.8.2 62.10 NOTE
r-release-linux-ix86 0.8.2 1.52 31.37 32.89 NOTE
r-release-linux-x86_64 0.8.2 0.91 22.42 23.33 NOTE
r-release-osx-x86_64-mavericks 0.8.2 OK
r-release-osx-x86_64-snowleopard 0.8.2 OK
r-release-windows-ix86+x86_64 0.8.2 4.00 38.00 42.00 NOTE
r-oldrel-windows-ix86+x86_64 0.8.2 6.00 50.00 56.00 OK

Check Details

Version: 0.8.2
Check: R code for possible problems
Result: NOTE
    VSURF.interp.parallel.default: no visible global function definition
     for ‘detectCores’
    VSURF.interp.parallel.default: no visible global function definition
     for ‘mclapply’
    VSURF.interp.parallel.default: no visible global function definition
     for ‘makeCluster’
    VSURF.interp.parallel.default: no visible global function definition
     for ‘%dopar%’
    VSURF.interp.parallel.default: no visible global function definition
     for ‘foreach’
    VSURF.interp.parallel.default: no visible global function definition
     for ‘stopCluster’
    VSURF.parallel.default: no visible global function definition for
     ‘detectCores’
    VSURF.thres.parallel.default: no visible global function definition for
     ‘detectCores’
    VSURF.thres.parallel.default: no visible global function definition for
     ‘mclapply’
    VSURF.thres.parallel.default: no visible global function definition for
     ‘makeCluster’
    VSURF.thres.parallel.default: no visible global function definition for
     ‘%dopar%’
    VSURF.thres.parallel.default: no visible global function definition for
     ‘foreach’
    VSURF.thres.parallel.default: no visible global function definition for
     ‘stopCluster’
Flavors: r-devel-linux-x86_64-debian-clang, r-devel-linux-x86_64-debian-gcc, r-devel-linux-x86_64-fedora-clang, r-devel-linux-x86_64-fedora-gcc, r-devel-osx-x86_64-clang, r-devel-windows-ix86+x86_64, r-patched-linux-x86_64, r-patched-solaris-sparc, r-patched-solaris-x86, r-release-linux-ix86, r-release-linux-x86_64, r-release-windows-ix86+x86_64