CRAN Package Check Results for Package VSURF

Last updated on 2015-01-25 21:48:34.

Flavor Version Tinstall Tcheck Ttotal Status Flags
r-devel-linux-x86_64-debian-clang 0.8.2 0.79 20.04 20.83 NOTE
r-devel-linux-x86_64-debian-gcc 0.8.2 0.86 22.60 23.47 NOTE
r-devel-linux-x86_64-fedora-clang 0.8.2 47.83 NOTE
r-devel-linux-x86_64-fedora-gcc 0.8.2 45.54 NOTE
r-devel-osx-x86_64-clang 0.8.2 45.79 NOTE
r-devel-windows-ix86+x86_64 0.8.2 5.00 36.00 41.00 NOTE
r-patched-linux-x86_64 0.8.2 0.93 22.57 23.50 NOTE
r-patched-solaris-sparc 0.8.2 266.70 NOTE
r-patched-solaris-x86 0.8.2 67.10 NOTE
r-release-linux-ix86 0.8.2 1.27 32.07 33.34 NOTE
r-release-linux-x86_64 0.8.2 0.90 22.54 23.44 NOTE
r-release-osx-x86_64-mavericks 0.8.2 NOTE
r-release-osx-x86_64-snowleopard 0.8.2 OK
r-release-windows-ix86+x86_64 0.8.2 5.00 39.00 44.00 NOTE
r-oldrel-windows-ix86+x86_64 0.8.2 5.00 41.00 46.00 OK

Check Details

Version: 0.8.2
Check: R code for possible problems
Result: NOTE
    VSURF.interp.parallel.default: no visible global function definition
     for ‘detectCores’
    VSURF.interp.parallel.default: no visible global function definition
     for ‘mclapply’
    VSURF.interp.parallel.default: no visible global function definition
     for ‘makeCluster’
    VSURF.interp.parallel.default: no visible global function definition
     for ‘%dopar%’
    VSURF.interp.parallel.default: no visible global function definition
     for ‘foreach’
    VSURF.interp.parallel.default: no visible global function definition
     for ‘stopCluster’
    VSURF.parallel.default: no visible global function definition for
     ‘detectCores’
    VSURF.thres.parallel.default: no visible global function definition for
     ‘detectCores’
    VSURF.thres.parallel.default: no visible global function definition for
     ‘mclapply’
    VSURF.thres.parallel.default: no visible global function definition for
     ‘makeCluster’
    VSURF.thres.parallel.default: no visible global function definition for
     ‘%dopar%’
    VSURF.thres.parallel.default: no visible global function definition for
     ‘foreach’
    VSURF.thres.parallel.default: no visible global function definition for
     ‘stopCluster’
Flavors: r-devel-linux-x86_64-debian-clang, r-devel-linux-x86_64-debian-gcc, r-devel-linux-x86_64-fedora-clang, r-devel-linux-x86_64-fedora-gcc, r-devel-osx-x86_64-clang, r-devel-windows-ix86+x86_64, r-patched-linux-x86_64, r-patched-solaris-sparc, r-patched-solaris-x86, r-release-linux-ix86, r-release-linux-x86_64, r-release-osx-x86_64-mavericks, r-release-windows-ix86+x86_64

Version: 0.8.2
Check: S3 generic/method consistency
Result: NOTE
    Found the following apparent S3 methods exported but not registered:
     VSURF.default VSURF.formula VSURF.interp VSURF.interp.parallel
     VSURF.interp.parallel.default VSURF.interp.parallel.formula
     VSURF.parallel VSURF.parallel.default VSURF.parallel.formula
     VSURF.pred VSURF.pred.default VSURF.pred.formula VSURF.thres
     VSURF.thres.default VSURF.thres.formula VSURF.thres.parallel
     VSURF.thres.parallel.default VSURF.thres.parallel.formula
     VSURF.interp.parallel VSURF.interp.parallel.default
     VSURF.interp.parallel.formula VSURF.interp.parallel.default
     VSURF.interp.parallel.formula VSURF.parallel.default
     VSURF.parallel.formula VSURF.pred.default VSURF.pred.formula
     VSURF.thres.default VSURF.thres.formula VSURF.thres.parallel
     VSURF.thres.parallel.default VSURF.thres.parallel.formula
     VSURF.thres.parallel.default VSURF.thres.parallel.formula
     tune.VSURF.interp tune.VSURF.thres print.VSURF summary.VSURF
     plot.VSURF plot.VSURF.interp plot.VSURF.pred plot.VSURF.thres
    See section ‘Registering S3 methods’ in the ‘Writing R Extensions’
    manual.
Flavors: r-devel-linux-x86_64-fedora-clang, r-devel-linux-x86_64-fedora-gcc, r-devel-osx-x86_64-clang