CRAN Package Check Results for Package VSURF

Last updated on 2014-10-24 11:47:30.

Flavor Version Tinstall Tcheck Ttotal Status Flags
r-devel-linux-x86_64-debian-clang 0.8.2 0.90 23.29 24.19 NOTE
r-devel-linux-x86_64-debian-gcc 0.8.2 0.89 23.38 24.27 NOTE
r-devel-linux-x86_64-fedora-clang 0.8.2 47.22 NOTE
r-devel-linux-x86_64-fedora-gcc 0.8.2 44.16 NOTE
r-devel-osx-x86_64-clang 0.8.2 44.08 NOTE
r-devel-windows-ix86+x86_64 0.8.2 4.00 36.00 40.00 NOTE
r-patched-linux-x86_64 0.8.2 0.92 22.95 23.87 NOTE
r-patched-solaris-sparc 0.8.2 272.00 NOTE
r-patched-solaris-x86 0.8.2 63.30 NOTE
r-release-linux-ix86 0.8.2 1.30 33.06 34.36 OK
r-release-linux-x86_64 0.8.2 0.92 22.64 23.56 OK
r-release-osx-x86_64-mavericks 0.8.2 OK
r-release-osx-x86_64-snowleopard 0.8.2 OK
r-release-windows-ix86+x86_64 0.8.2 4.00 37.00 41.00 OK
r-oldrel-windows-ix86+x86_64 0.8.2 4.00 38.00 42.00 OK

Check Details

Version: 0.8.2
Check: R code for possible problems
Result: NOTE
    VSURF.interp.parallel.default: no visible global function definition
     for ‘detectCores’
    VSURF.interp.parallel.default: no visible global function definition
     for ‘mclapply’
    VSURF.interp.parallel.default: no visible global function definition
     for ‘makeCluster’
    VSURF.interp.parallel.default: no visible global function definition
     for ‘%dopar%’
    VSURF.interp.parallel.default: no visible global function definition
     for ‘foreach’
    VSURF.interp.parallel.default: no visible global function definition
     for ‘stopCluster’
    VSURF.parallel.default: no visible global function definition for
     ‘detectCores’
    VSURF.thres.parallel.default: no visible global function definition for
     ‘detectCores’
    VSURF.thres.parallel.default: no visible global function definition for
     ‘mclapply’
    VSURF.thres.parallel.default: no visible global function definition for
     ‘makeCluster’
    VSURF.thres.parallel.default: no visible global function definition for
     ‘%dopar%’
    VSURF.thres.parallel.default: no visible global function definition for
     ‘foreach’
    VSURF.thres.parallel.default: no visible global function definition for
     ‘stopCluster’
Flavors: r-devel-linux-x86_64-debian-clang, r-devel-linux-x86_64-debian-gcc, r-devel-linux-x86_64-fedora-clang, r-devel-linux-x86_64-fedora-gcc, r-devel-osx-x86_64-clang, r-devel-windows-ix86+x86_64, r-patched-linux-x86_64, r-patched-solaris-sparc, r-patched-solaris-x86