CRAN Package Check Results for Package VSURF

Last updated on 2015-03-05 08:49:28.

Flavor Version Tinstall Tcheck Ttotal Status Flags
r-devel-linux-x86_64-debian-clang 0.8.2 0.80 20.40 21.20 NOTE
r-devel-linux-x86_64-debian-gcc 0.8.2 0.73 19.60 20.33 NOTE
r-devel-linux-x86_64-fedora-clang 0.8.2 39.63 NOTE
r-devel-linux-x86_64-fedora-gcc 0.8.2 37.88 NOTE
r-devel-osx-x86_64-clang 0.8.2 39.49 NOTE
r-devel-windows-ix86+x86_64 0.8.2 3.00 32.00 35.00 NOTE
r-patched-linux-x86_64 0.8.2 1.10 22.90 23.99 NOTE
r-patched-solaris-sparc 0.8.2 296.20 NOTE
r-patched-solaris-x86 0.8.2 65.40 NOTE
r-release-linux-ix86 0.8.2 1.58 33.48 35.06 NOTE
r-release-linux-x86_64 0.8.2 1.10 23.93 25.02 NOTE
r-release-osx-x86_64-mavericks 0.8.2 NOTE
r-release-osx-x86_64-snowleopard 0.8.2 OK
r-release-windows-ix86+x86_64 0.8.2 5.00 37.00 42.00 NOTE
r-oldrel-windows-ix86+x86_64 0.8.2 5.00 39.00 44.00 OK

Check Details

Version: 0.8.2
Check: S3 generic/method consistency
Result: NOTE
    Found the following apparent S3 methods exported but not registered:
     VSURF.default VSURF.formula VSURF.interp VSURF.interp.parallel
     VSURF.interp.parallel VSURF.interp.parallel.default
     VSURF.interp.parallel.default VSURF.interp.parallel.default
     VSURF.interp.parallel.formula VSURF.interp.parallel.formula
     VSURF.interp.parallel.formula VSURF.parallel VSURF.parallel.default
     VSURF.parallel.default VSURF.parallel.formula VSURF.parallel.formula
     VSURF.pred VSURF.pred.default VSURF.pred.default VSURF.pred.formula
     VSURF.pred.formula VSURF.thres VSURF.thres.default
     VSURF.thres.default VSURF.thres.formula VSURF.thres.formula
     VSURF.thres.parallel VSURF.thres.parallel
     VSURF.thres.parallel.default VSURF.thres.parallel.default
     VSURF.thres.parallel.default VSURF.thres.parallel.formula
     VSURF.thres.parallel.formula VSURF.thres.parallel.formula plot.VSURF
     plot.VSURF.interp plot.VSURF.pred plot.VSURF.thres print.VSURF
     summary.VSURF tune.VSURF.interp tune.VSURF.thres
    See section ‘Registering S3 methods’ in the ‘Writing R Extensions’
    manual.
Flavors: r-devel-linux-x86_64-debian-clang, r-devel-linux-x86_64-debian-gcc, r-devel-linux-x86_64-fedora-clang, r-devel-linux-x86_64-fedora-gcc, r-devel-osx-x86_64-clang

Version: 0.8.2
Check: R code for possible problems
Result: NOTE
    VSURF.interp.parallel.default: no visible global function definition
     for ‘detectCores’
    VSURF.interp.parallel.default: no visible global function definition
     for ‘mclapply’
    VSURF.interp.parallel.default: no visible global function definition
     for ‘makeCluster’
    VSURF.interp.parallel.default: no visible global function definition
     for ‘%dopar%’
    VSURF.interp.parallel.default: no visible global function definition
     for ‘foreach’
    VSURF.interp.parallel.default: no visible global function definition
     for ‘stopCluster’
    VSURF.parallel.default: no visible global function definition for
     ‘detectCores’
    VSURF.thres.parallel.default: no visible global function definition for
     ‘detectCores’
    VSURF.thres.parallel.default: no visible global function definition for
     ‘mclapply’
    VSURF.thres.parallel.default: no visible global function definition for
     ‘makeCluster’
    VSURF.thres.parallel.default: no visible global function definition for
     ‘%dopar%’
    VSURF.thres.parallel.default: no visible global function definition for
     ‘foreach’
    VSURF.thres.parallel.default: no visible global function definition for
     ‘stopCluster’
Flavors: r-devel-linux-x86_64-debian-clang, r-devel-linux-x86_64-debian-gcc, r-devel-linux-x86_64-fedora-clang, r-devel-linux-x86_64-fedora-gcc, r-devel-osx-x86_64-clang, r-devel-windows-ix86+x86_64, r-patched-linux-x86_64, r-patched-solaris-sparc, r-patched-solaris-x86, r-release-linux-ix86, r-release-linux-x86_64, r-release-osx-x86_64-mavericks, r-release-windows-ix86+x86_64