CRAN Package Check Results for Package VarSelLCM

Last updated on 2023-02-09 10:06:26 CET.

Flavor Version Tinstall Tcheck Ttotal Status Flags
r-devel-linux-x86_64-debian-clang 2.1.3.1 354.26 173.34 527.60 OK
r-devel-linux-x86_64-debian-gcc 2.1.3.1 259.01 113.04 372.05 OK
r-devel-linux-x86_64-fedora-clang 2.1.3.1 741.67 OK
r-devel-linux-x86_64-fedora-gcc 2.1.3.1 644.37 OK
r-devel-windows-x86_64 2.1.3.1 266.00 218.00 484.00 OK
r-patched-linux-x86_64 2.1.3.1 264.97 150.22 415.19 OK
r-release-linux-x86_64 2.1.3.1 276.48 145.39 421.87 OK
r-release-macos-arm64 2.1.3.1 148.00 NOTE
r-release-macos-x86_64 2.1.3.1 266.00 NOTE
r-release-windows-x86_64 2.1.3.1 264.00 243.00 507.00 OK
r-oldrel-macos-arm64 2.1.3.1 192.00 NOTE
r-oldrel-macos-x86_64 2.1.3.1 281.00 NOTE
r-oldrel-windows-ix86+x86_64 2.1.3.1 796.00 276.00 1072.00 OK

Check Details

Version: 2.1.3.1
Check: installed package size
Result: NOTE
     installed size is 9.0Mb
     sub-directories of 1Mb or more:
     libs 8.2Mb
Flavors: r-release-macos-arm64, r-release-macos-x86_64, r-oldrel-macos-arm64, r-oldrel-macos-x86_64