CRAN Package Check Results for Package VarSelLCM

Last updated on 2022-01-24 14:54:35 CET.

Flavor Version Tinstall Tcheck Ttotal Status Flags
r-devel-linux-x86_64-debian-clang 2.1.3.1 309.60 169.92 479.52 OK
r-devel-linux-x86_64-debian-gcc 2.1.3.1 227.02 109.31 336.33 OK
r-devel-linux-x86_64-fedora-clang 2.1.3.1 701.61 NOTE
r-devel-linux-x86_64-fedora-gcc 2.1.3.1 646.16 OK
r-devel-windows-x86_64-new-UL 2.1.3.1 308.00 227.00 535.00 OK
r-devel-windows-x86_64-new-TK 2.1.3.1 OK
r-patched-linux-x86_64 2.1.3.1 268.23 141.15 409.38 OK
r-release-linux-x86_64 2.1.3.1 275.08 140.31 415.39 OK
r-release-macos-arm64 2.1.3.1 NOTE
r-release-macos-x86_64 2.1.3.1 NOTE
r-release-windows-ix86+x86_64 2.1.3.1 764.00 269.00 1033.00 OK
r-oldrel-macos-x86_64 2.1.3.1 NOTE
r-oldrel-windows-ix86+x86_64 2.1.3.1 765.00 267.00 1032.00 OK

Check Details

Version: 2.1.3.1
Check: installed package size
Result: NOTE
     installed size is 9.4Mb
     sub-directories of 1Mb or more:
     libs 8.6Mb
Flavors: r-devel-linux-x86_64-fedora-clang, r-release-macos-arm64, r-release-macos-x86_64, r-oldrel-macos-x86_64