CRAN Package Check Results for Package VariABEL

Last updated on 2015-03-04 13:49:12.

Flavor Version Tinstall Tcheck Ttotal Status Flags
r-devel-linux-x86_64-debian-clang 0.9-2 10.78 10.14 20.92 NOTE
r-devel-linux-x86_64-debian-gcc 0.9-2 17.85 10.11 27.96 NOTE
r-devel-linux-x86_64-fedora-clang 0.9-2 59.36 NOTE
r-devel-linux-x86_64-fedora-gcc 0.9-2 50.19 NOTE
r-devel-osx-x86_64-clang 0.9-2 44.58 NOTE
r-devel-windows-ix86+x86_64 0.9-2 65.00 33.00 98.00 NOTE
r-patched-linux-x86_64 0.9-2 17.93 10.59 28.52 OK
r-patched-solaris-sparc 0.9-2 318.30 OK
r-patched-solaris-x86 0.9-2 90.10 OK
r-release-linux-ix86 0.9-2 25.36 16.90 42.26 OK
r-release-linux-x86_64 0.9-2 17.96 11.14 29.10 OK
r-release-osx-x86_64-mavericks 0.9-2 OK
r-release-osx-x86_64-snowleopard 0.9-2 OK
r-release-windows-ix86+x86_64 0.9-2 63.00 33.00 96.00 OK
r-oldrel-windows-ix86+x86_64 0.9-2 62.00 41.00 103.00 OK

Check Details

Version: 0.9-2
Check: DESCRIPTION meta-information
Result: NOTE
    Malformed Title field: should not end in a period.
Flavors: r-devel-linux-x86_64-debian-clang, r-devel-linux-x86_64-debian-gcc, r-devel-linux-x86_64-fedora-clang, r-devel-linux-x86_64-fedora-gcc, r-devel-osx-x86_64-clang, r-devel-windows-ix86+x86_64