CRAN Package Check Results for Package VariABEL

Last updated on 2015-08-29 20:48:23.

Flavor Version Tinstall Tcheck Ttotal Status Flags
r-devel-linux-x86_64-debian-clang 0.9-2 11.28 9.97 21.26 NOTE
r-devel-linux-x86_64-debian-gcc 0.9-2 17.98 9.90 27.88 NOTE
r-devel-linux-x86_64-fedora-clang 0.9-2 55.80 NOTE
r-devel-linux-x86_64-fedora-gcc 0.9-2 50.57 NOTE
r-devel-osx-x86_64-clang 0.9-2 45.21 NOTE
r-devel-windows-ix86+x86_64 0.9-2 87.00 37.00 124.00 NOTE
r-patched-linux-x86_64 0.9-2 17.89 9.62 27.51 NOTE
r-patched-solaris-sparc 0.9-2 293.70 NOTE
r-patched-solaris-x86 0.9-2 87.80 NOTE
r-release-linux-x86_64 0.9-2 17.68 9.83 27.51 NOTE
r-release-osx-x86_64-mavericks 0.9-2 NOTE
r-release-windows-ix86+x86_64 0.9-2 93.00 37.00 130.00 NOTE
r-oldrel-windows-ix86+x86_64 0.9-2 91.00 44.00 135.00 OK

Check Details

Version: 0.9-2
Check: DESCRIPTION meta-information
Result: NOTE
    Malformed Title field: should not end in a period.
Flavors: r-devel-linux-x86_64-debian-clang, r-devel-linux-x86_64-debian-gcc, r-devel-linux-x86_64-fedora-clang, r-devel-linux-x86_64-fedora-gcc, r-devel-osx-x86_64-clang, r-devel-windows-ix86+x86_64, r-patched-linux-x86_64, r-patched-solaris-sparc, r-patched-solaris-x86, r-release-linux-x86_64, r-release-osx-x86_64-mavericks, r-release-windows-ix86+x86_64

Version: 0.9-2
Check: R code for possible problems
Result: NOTE
    var_test_gwaa: no visible global function definition for ‘is’
    var_test_gwaa: no visible global function definition for ‘model.matrix’
    var_test_gwaa: no visible global function definition for ‘read.table’
    var_test_gwaa: no visible global function definition for ‘lm’
    Undefined global functions or variables:
     is lm model.matrix read.table
    Consider adding
     importFrom("methods", "is")
     importFrom("stats", "lm", "model.matrix")
     importFrom("utils", "read.table")
    to your NAMESPACE (and ensure that your DESCRIPTION Imports field
    contains 'methods').
Flavors: r-devel-linux-x86_64-debian-clang, r-devel-linux-x86_64-debian-gcc, r-devel-linux-x86_64-fedora-clang, r-devel-linux-x86_64-fedora-gcc, r-devel-windows-ix86+x86_64