CRAN Package Check Results for Package VariABEL

Last updated on 2015-05-25 22:47:24.

Flavor Version Tinstall Tcheck Ttotal Status Flags
r-devel-linux-x86_64-debian-clang 0.9-2 11.21 10.71 21.92 NOTE
r-devel-linux-x86_64-debian-gcc 0.9-2 17.78 9.94 27.72 NOTE
r-devel-linux-x86_64-fedora-clang 0.9-2 58.24 NOTE
r-devel-linux-x86_64-fedora-gcc 0.9-2 52.06 NOTE
r-devel-osx-x86_64-clang 0.9-2 47.55 NOTE
r-devel-windows-ix86+x86_64 0.9-2 61.00 31.00 92.00 NOTE
r-patched-linux-x86_64 0.9-2 17.42 9.73 27.15 NOTE
r-patched-solaris-sparc 0.9-2 283.00 NOTE
r-patched-solaris-x86 0.9-2 86.20 NOTE
r-release-linux-x86_64 0.9-2 17.88 10.05 27.93 NOTE
r-release-osx-x86_64-mavericks 0.9-2 NOTE
r-release-osx-x86_64-snowleopard 0.9-2 NOTE
r-release-windows-ix86+x86_64 0.9-2 61.00 32.00 93.00 NOTE
r-oldrel-windows-ix86+x86_64 0.9-2 62.00 38.00 100.00 OK

Check Details

Version: 0.9-2
Check: DESCRIPTION meta-information
Result: NOTE
    Malformed Title field: should not end in a period.
Flavors: r-devel-linux-x86_64-debian-clang, r-devel-linux-x86_64-debian-gcc, r-devel-linux-x86_64-fedora-clang, r-devel-linux-x86_64-fedora-gcc, r-devel-osx-x86_64-clang, r-devel-windows-ix86+x86_64, r-patched-linux-x86_64, r-patched-solaris-sparc, r-patched-solaris-x86, r-release-linux-x86_64, r-release-osx-x86_64-mavericks, r-release-osx-x86_64-snowleopard, r-release-windows-ix86+x86_64