CRAN Package Check Results for Package VariABEL

Last updated on 2015-07-30 22:50:15.

Flavor Version Tinstall Tcheck Ttotal Status Flags
r-devel-linux-x86_64-debian-clang 0.9-2 11.31 9.76 21.07 NOTE
r-devel-linux-x86_64-debian-gcc 0.9-2 18.24 10.10 28.34 NOTE
r-devel-linux-x86_64-fedora-clang 0.9-2 55.50 NOTE
r-devel-linux-x86_64-fedora-gcc 0.9-2 50.66 NOTE
r-devel-osx-x86_64-clang 0.9-2 46.36 NOTE
r-devel-windows-ix86+x86_64 0.9-2 97.00 602.00 699.00 NOTE
r-patched-linux-x86_64 0.9-2 17.84 10.08 27.92 NOTE
r-patched-solaris-sparc 0.9-2 293.70 NOTE
r-patched-solaris-x86 0.9-2 86.40 NOTE
r-release-linux-x86_64 0.9-2 18.06 9.76 27.83 NOTE
r-release-osx-x86_64-mavericks 0.9-2 NOTE
r-release-windows-ix86+x86_64 0.9-2 90.00 32.00 122.00 NOTE
r-oldrel-windows-ix86+x86_64 0.9-2 89.00 46.00 135.00 OK

Check Details

Version: 0.9-2
Check: DESCRIPTION meta-information
Result: NOTE
    Malformed Title field: should not end in a period.
Flavors: r-devel-linux-x86_64-debian-clang, r-devel-linux-x86_64-debian-gcc, r-devel-linux-x86_64-fedora-clang, r-devel-linux-x86_64-fedora-gcc, r-devel-osx-x86_64-clang, r-devel-windows-ix86+x86_64, r-patched-linux-x86_64, r-patched-solaris-sparc, r-patched-solaris-x86, r-release-linux-x86_64, r-release-osx-x86_64-mavericks, r-release-windows-ix86+x86_64

Version: 0.9-2
Check: R code for possible problems
Result: NOTE
    var_test_gwaa: no visible global function definition for ‘is’
    var_test_gwaa: no visible global function definition for ‘model.matrix’
    var_test_gwaa: no visible global function definition for ‘read.table’
    var_test_gwaa: no visible global function definition for ‘lm’
    Undefined global functions or variables:
     is lm model.matrix read.table
    Consider adding
     importFrom("methods", "is")
     importFrom("stats", "lm", "model.matrix")
     importFrom("utils", "read.table")
    to your NAMESPACE.
Flavors: r-devel-linux-x86_64-debian-clang, r-devel-linux-x86_64-debian-gcc, r-devel-linux-x86_64-fedora-clang, r-devel-linux-x86_64-fedora-gcc, r-devel-windows-ix86+x86_64