CRAN Package Check Results for Package VariABEL

Last updated on 2017-03-23 23:51:17.

Flavor Version Tinstall Tcheck Ttotal Status Flags
r-devel-linux-x86_64-debian-clang 0.9-2.1 15.81 15.71 31.52 NOTE
r-devel-linux-x86_64-debian-gcc 0.9-2.1 19.28 15.47 34.75 NOTE
r-devel-linux-x86_64-fedora-clang 0.9-2.1 69.08 NOTE --no-stop-on-test-error
r-devel-linux-x86_64-fedora-gcc 0.9-2.1 58.12 NOTE --no-stop-on-test-error
r-devel-macos-x86_64-clang 0.9-2.1 45.69 NOTE --no-stop-on-test-error
r-devel-windows-ix86+x86_64 0.9-2.1 74.00 68.00 142.00 OK
r-patched-linux-x86_64 0.9-2.1 16.76 11.34 28.10 OK
r-patched-solaris-sparc 0.9-2.1 395.20 OK
r-patched-solaris-x86 0.9-2.1 112.70 OK
r-release-linux-x86_64 0.9-2.1 16.91 11.66 28.57 OK
r-release-osx-x86_64-mavericks 0.9-2.1 OK
r-release-windows-ix86+x86_64 0.9-2.1 111.00 41.00 152.00 OK
r-oldrel-windows-ix86+x86_64 0.9-2.1 84.00 50.00 134.00 OK

Check Details

Version: 0.9-2.1
Check: compiled code
Result: NOTE
    File ‘VariABEL/libs/VariABEL.so’:
     Found no calls to: ‘R_registerRoutines’, ‘R_useDynamicSymbols’
    
    It is good practice to register native routines and to disable symbol
    search.
    
    See ‘Writing portable packages’ in the ‘Writing R Extensions’ manual.
Flavors: r-devel-linux-x86_64-debian-clang, r-devel-linux-x86_64-debian-gcc

Version: 0.9-2.1
Flags: --no-stop-on-test-error
Check: compiled code
Result: NOTE
    File ‘VariABEL/libs/VariABEL.so’:
     Found no calls to: ‘R_registerRoutines’, ‘R_useDynamicSymbols’
    
    It is good practice to register native routines and to disable symbol
    search.
    
    See ‘Writing portable packages’ in the ‘Writing R Extensions’ manual.
Flavors: r-devel-linux-x86_64-fedora-clang, r-devel-linux-x86_64-fedora-gcc, r-devel-macos-x86_64-clang