CRAN Package Check Results for Package VariABEL

Last updated on 2014-04-20 15:47:01.

Flavor Version Tinstall Tcheck Ttotal Status Flags
r-devel-linux-x86_64-debian-clang 0.9-2 12.92 10.90 23.82 OK
r-devel-linux-x86_64-debian-gcc 0.9-2 16.84 10.84 27.68 OK
r-devel-linux-x86_64-fedora-clang 0.9-2 60.20 OK
r-devel-linux-x86_64-fedora-gcc 0.9-2 52.72 OK
r-devel-macosx-x86_64-clang 0.9-2 45.49 OK
r-devel-macosx-x86_64-gcc 0.9-2 NOTE
r-devel-windows-ix86+x86_64 0.9-2 60.00 36.00 96.00 OK
r-patched-linux-x86_64 0.9-2 16.81 11.17 27.98 OK
r-patched-solaris-sparc 0.9-2 293.80 OK
r-patched-solaris-x86 0.9-2 97.20 OK
r-release-linux-ix86 OK
r-release-linux-x86_64 0.9-2 17.16 11.30 28.46 OK
r-release-macosx-x86_64 0.9-2 OK
r-release-windows-ix86+x86_64 0.9-2 79.00 31.00 110.00 OK
r-oldrel-windows-ix86+x86_64 0.9-2 61.00 35.00 96.00 OK

Check Details

Version: 0.9-2
Check: package dependencies
Result: NOTE
    Packages suggested but not available for checking: ‘GenABEL’ ‘DatABEL’
Flavor: r-devel-macosx-x86_64-gcc