CRAN Package Check Results for Package VariABEL

Last updated on 2015-04-01 23:49:30.

Flavor Version Tinstall Tcheck Ttotal Status Flags
r-devel-linux-x86_64-debian-clang 0.9-2 11.16 9.56 20.72 NOTE
r-devel-linux-x86_64-debian-gcc 0.9-2 17.55 9.66 27.22 NOTE
r-devel-linux-x86_64-fedora-clang 0.9-2 60.81 NOTE
r-devel-linux-x86_64-fedora-gcc 0.9-2 54.96 NOTE
r-devel-osx-x86_64-clang 0.9-2 51.81 NOTE
r-prerel-windows-ix86+x86_64 0.9-2 63.00 46.00 109.00 NOTE
r-prerel-linux-x86_64 0.9-2 17.68 10.43 28.11 NOTE
r-prerel-solaris-sparc 0.9-2 300.60 NOTE
r-prerel-solaris-x86 0.9-2 86.30 NOTE
r-release-linux-x86_64 0.9-2 17.84 10.60 28.43 OK
r-release-osx-x86_64-mavericks 0.9-2 OK
r-release-osx-x86_64-snowleopard 0.9-2 OK
r-release-windows-ix86+x86_64 0.9-2 62.00 34.00 96.00 OK
r-oldrel-windows-ix86+x86_64 0.9-2 62.00 38.00 100.00 OK

Check Details

Version: 0.9-2
Check: DESCRIPTION meta-information
Result: NOTE
    Malformed Title field: should not end in a period.
Flavors: r-devel-linux-x86_64-debian-clang, r-devel-linux-x86_64-debian-gcc, r-devel-linux-x86_64-fedora-clang, r-devel-linux-x86_64-fedora-gcc, r-devel-osx-x86_64-clang, r-prerel-windows-ix86+x86_64, r-prerel-linux-x86_64, r-prerel-solaris-sparc, r-prerel-solaris-x86