CRAN Package Check Results for Package VariABEL

Last updated on 2017-07-25 03:49:54.

Flavor Version Tinstall Tcheck Ttotal Status Flags
r-devel-linux-x86_64-debian-clang 0.9-2.1 15.95 21.42 37.37 NOTE
r-devel-linux-x86_64-debian-gcc 0.9-2.1 20.13 21.21 41.34 NOTE
r-devel-linux-x86_64-fedora-clang 0.9-2.1 69.36 NOTE
r-devel-linux-x86_64-fedora-gcc 0.9-2.1 58.53 NOTE
r-devel-windows-ix86+x86_64 0.9-2.1 100.00 51.00 151.00 OK
r-patched-linux-x86_64 0.9-2.1 19.23 21.52 40.75 NOTE
r-patched-solaris-x86 0.9-2.1 105.20 OK
r-release-linux-x86_64 0.9-2.1 19.45 21.44 40.89 NOTE
r-release-windows-ix86+x86_64 0.9-2.1 75.00 58.00 133.00 OK
r-release-osx-x86_64 0.9-2.1 OK
r-oldrel-windows-ix86+x86_64 0.9-2.1 67.00 51.00 118.00 OK
r-oldrel-osx-x86_64 0.9-2.1 OK

Check Details

Version: 0.9-2.1
Check: compiled code
Result: NOTE
    File ‘VariABEL/libs/VariABEL.so’:
     Found no calls to: ‘R_registerRoutines’, ‘R_useDynamicSymbols’
    
    It is good practice to register native routines and to disable symbol
    search.
    
    See ‘Writing portable packages’ in the ‘Writing R Extensions’ manual.
Flavors: r-devel-linux-x86_64-debian-clang, r-devel-linux-x86_64-debian-gcc, r-devel-linux-x86_64-fedora-clang, r-devel-linux-x86_64-fedora-gcc, r-patched-linux-x86_64, r-release-linux-x86_64