CRAN Package Check Results for Package VariABEL

Last updated on 2014-07-23 09:49:58.

Flavor Version Tinstall Tcheck Ttotal Status Flags
r-devel-linux-x86_64-debian-clang 0.9-2 10.15 10.62 20.77 OK
r-devel-linux-x86_64-debian-gcc 0.9-2 17.75 10.17 27.92 NOTE
r-devel-linux-x86_64-fedora-clang 0.9-2 59.92 OK
r-devel-linux-x86_64-fedora-gcc 0.9-2 52.26 OK
r-devel-osx-x86_64-clang 0.9-2 50.94 OK
r-devel-windows-ix86+x86_64 0.9-2 58.00 32.00 90.00 OK
r-patched-linux-x86_64 0.9-2 17.69 10.47 28.16 OK
r-patched-solaris-sparc 0.9-2 293.80 OK
r-patched-solaris-x86 0.9-2 88.00 OK
r-release-linux-ix86 0.9-2 26.57 20.76 47.33 OK
r-release-linux-x86_64 0.9-2 17.99 11.03 29.02 OK
r-release-osx-x86_64-mavericks 0.9-2 OK
r-release-osx-x86_64-snowleopard 0.9-2 OK
r-release-windows-ix86+x86_64 0.9-2 62.00 31.00 93.00 OK
r-oldrel-windows-ix86+x86_64 0.9-2 65.00 37.00 102.00 OK

Check Details

Version: 0.9-2
Check: R code for possible problems
Result: NOTE
    Error : .onAttach failed in attachNamespace() for 'DatABEL', details:
     call: if (pkgVersion != cranVersion) {
     error: argument is of length zero
Flavor: r-devel-linux-x86_64-debian-gcc