CRAN Package Check Results for Package VariABEL

Last updated on 2018-02-22 10:47:49 CET.

Flavor Version Tinstall Tcheck Ttotal Status Flags
r-devel-linux-x86_64-debian-clang 0.9-2.1 24.23 18.47 42.70 NOTE
r-devel-linux-x86_64-debian-gcc 0.9-2.1 23.08 15.70 38.78 WARN
r-devel-linux-x86_64-fedora-clang 0.9-2.1 76.43 NOTE
r-devel-linux-x86_64-fedora-gcc 0.9-2.1 58.98 WARN
r-devel-windows-ix86+x86_64 0.9-2.1 106.00 46.00 152.00 OK
r-patched-linux-x86_64 0.9-2.1 27.86 18.94 46.80 NOTE
r-patched-solaris-x86 0.9-2.1 109.50 OK
r-release-linux-x86_64 0.9-2.1 26.11 19.09 45.20 NOTE
r-release-windows-ix86+x86_64 0.9-2.1 113.00 62.00 175.00 OK
r-release-osx-x86_64 0.9-2.1 OK
r-oldrel-windows-ix86+x86_64 0.9-2.1 64.00 48.00 112.00 OK
r-oldrel-osx-x86_64 0.9-2.1 OK

Check Details

Version: 0.9-2.1
Check: compiled code
Result: NOTE
    File ‘VariABEL/libs/VariABEL.so’:
     Found no calls to: ‘R_registerRoutines’, ‘R_useDynamicSymbols’
    
    It is good practice to register native routines and to disable symbol
    search.
    
    See ‘Writing portable packages’ in the ‘Writing R Extensions’ manual.
Flavors: r-devel-linux-x86_64-debian-clang, r-devel-linux-x86_64-debian-gcc, r-devel-linux-x86_64-fedora-clang, r-devel-linux-x86_64-fedora-gcc, r-patched-linux-x86_64, r-release-linux-x86_64

Version: 0.9-2.1
Check: whether package can be installed
Result: WARN
    Found the following significant warnings:
     convert_util.cpp:299:20: warning: null destination pointer [-Wformat-overflow=]
     convert_util.cpp:307:20: warning: null destination pointer [-Wformat-overflow=]
Flavors: r-devel-linux-x86_64-debian-gcc, r-devel-linux-x86_64-fedora-gcc