CRAN Package Check Results for Package VariABEL

Last updated on 2017-05-25 23:53:17.

Flavor Version Tinstall Tcheck Ttotal Status Flags
r-devel-linux-x86_64-debian-clang 0.9-2.1 16.18 15.73 31.91 NOTE
r-devel-linux-x86_64-debian-gcc 0.9-2.1 19.31 15.55 34.85 NOTE
r-devel-linux-x86_64-fedora-clang 0.9-2.1 69.49 NOTE --no-stop-on-test-error
r-devel-linux-x86_64-fedora-gcc 0.9-2.1 57.06 NOTE --no-stop-on-test-error
r-devel-windows-ix86+x86_64 0.9-2.1 71.00 58.00 129.00 OK
r-patched-linux-x86_64 0.9-2.1 16.96 15.65 32.61 NOTE
r-patched-solaris-sparc 0.9-2.1 395.20 OK
r-patched-solaris-x86 0.9-2.1 104.00 OK
r-release-linux-x86_64 0.9-2.1 17.40 15.79 33.19 NOTE
r-release-windows-ix86+x86_64 0.9-2.1 114.00 858.00 972.00 OK
r-release-osx-x86_64 0.9-2.1 OK
r-oldrel-windows-ix86+x86_64 0.9-2.1 108.00 43.00 151.00 OK
r-oldrel-osx-x86_64 0.9-2.1 OK

Check Details

Version: 0.9-2.1
Check: compiled code
Result: NOTE
    File ‘VariABEL/libs/VariABEL.so’:
     Found no calls to: ‘R_registerRoutines’, ‘R_useDynamicSymbols’
    
    It is good practice to register native routines and to disable symbol
    search.
    
    See ‘Writing portable packages’ in the ‘Writing R Extensions’ manual.
Flavors: r-devel-linux-x86_64-debian-clang, r-devel-linux-x86_64-debian-gcc, r-patched-linux-x86_64, r-release-linux-x86_64

Version: 0.9-2.1
Flags: --no-stop-on-test-error
Check: compiled code
Result: NOTE
    File ‘VariABEL/libs/VariABEL.so’:
     Found no calls to: ‘R_registerRoutines’, ‘R_useDynamicSymbols’
    
    It is good practice to register native routines and to disable symbol
    search.
    
    See ‘Writing portable packages’ in the ‘Writing R Extensions’ manual.
Flavors: r-devel-linux-x86_64-fedora-clang, r-devel-linux-x86_64-fedora-gcc