CRAN Package Check Results for Package VariABEL

Last updated on 2016-04-30 18:47:08.

Flavor Version Tinstall Tcheck Ttotal Status Flags
r-devel-linux-x86_64-debian-gcc 0.9-2 16.63 10.74 27.37 NOTE
r-devel-linux-x86_64-fedora-clang 0.9-2 57.45 NOTE
r-devel-linux-x86_64-fedora-gcc 0.9-2 48.75 NOTE
r-devel-osx-x86_64-clang 0.9-2 54.14 NOTE
r-devel-windows-ix86+x86_64 0.9-2 66.00 31.00 97.00 NOTE
r-patched-linux-x86_64 0.9-2 17.03 9.66 26.68 NOTE
r-patched-solaris-sparc 0.9-2 299.90 NOTE
r-patched-solaris-x86 0.9-2 80.30 NOTE
r-release-linux-x86_64 0.9-2 16.93 10.61 27.54 NOTE
r-release-osx-x86_64-mavericks 0.9-2 NOTE
r-release-windows-ix86+x86_64 0.9-2 104.00 48.00 152.00 NOTE
r-oldrel-windows-ix86+x86_64 0.9-2 87.00 36.00 123.00 OK

Check Details

Version: 0.9-2
Check: DESCRIPTION meta-information
Result: NOTE
    Malformed Title field: should not end in a period.
Flavors: r-devel-linux-x86_64-debian-gcc, r-devel-linux-x86_64-fedora-clang, r-devel-linux-x86_64-fedora-gcc, r-devel-osx-x86_64-clang, r-devel-windows-ix86+x86_64, r-patched-linux-x86_64, r-patched-solaris-sparc, r-patched-solaris-x86, r-release-linux-x86_64, r-release-osx-x86_64-mavericks, r-release-windows-ix86+x86_64

Version: 0.9-2
Check: R code for possible problems
Result: NOTE
    var_test_gwaa: no visible global function definition for ‘is’
    var_test_gwaa: no visible global function definition for ‘model.matrix’
    var_test_gwaa: no visible global function definition for ‘read.table’
    var_test_gwaa: no visible global function definition for ‘lm’
    Undefined global functions or variables:
     is lm model.matrix read.table
    Consider adding
     importFrom("methods", "is")
     importFrom("stats", "lm", "model.matrix")
     importFrom("utils", "read.table")
    to your NAMESPACE file (and ensure that your DESCRIPTION Imports field
    contains 'methods').
Flavors: r-devel-linux-x86_64-debian-gcc, r-devel-linux-x86_64-fedora-clang, r-devel-linux-x86_64-fedora-gcc, r-devel-osx-x86_64-clang, r-devel-windows-ix86+x86_64, r-patched-linux-x86_64, r-patched-solaris-sparc, r-patched-solaris-x86