CRAN Package Check Results for Package VariABEL

Last updated on 2017-04-23 23:51:33.

Flavor Version Tinstall Tcheck Ttotal Status Flags
r-devel-linux-x86_64-debian-clang 0.9-2.1 17.37 15.58 32.95 NOTE
r-devel-linux-x86_64-debian-gcc 0.9-2.1 19.37 16.03 35.39 NOTE
r-devel-linux-x86_64-fedora-clang 0.9-2.1 69.99 NOTE --no-stop-on-test-error
r-devel-linux-x86_64-fedora-gcc 0.9-2.1 58.33 NOTE --no-stop-on-test-error
r-devel-windows-ix86+x86_64 0.9-2.1 102.00 47.00 149.00 OK
r-patched-linux-x86_64 0.9-2.1 16.90 16.13 33.03 NOTE
r-patched-solaris-sparc 0.9-2.1 395.20 OK
r-patched-solaris-x86 0.9-2.1 104.20 OK
r-release-linux-x86_64 0.9-2.1 16.99 15.79 32.77 NOTE
r-release-windows-ix86+x86_64 0.9-2.1 70.00 50.00 120.00 OK
r-release-osx-x86_64 0.9-2.1 OK
r-oldrel-windows-ix86+x86_64 0.9-2.1 83.00 42.00 125.00 OK
r-oldrel-osx-x86_64 0.9-2.1 OK

Check Details

Version: 0.9-2.1
Check: compiled code
Result: NOTE
    File ‘VariABEL/libs/VariABEL.so’:
     Found no calls to: ‘R_registerRoutines’, ‘R_useDynamicSymbols’
    
    It is good practice to register native routines and to disable symbol
    search.
    
    See ‘Writing portable packages’ in the ‘Writing R Extensions’ manual.
Flavors: r-devel-linux-x86_64-debian-clang, r-devel-linux-x86_64-debian-gcc, r-patched-linux-x86_64, r-release-linux-x86_64

Version: 0.9-2.1
Flags: --no-stop-on-test-error
Check: compiled code
Result: NOTE
    File ‘VariABEL/libs/VariABEL.so’:
     Found no calls to: ‘R_registerRoutines’, ‘R_useDynamicSymbols’
    
    It is good practice to register native routines and to disable symbol
    search.
    
    See ‘Writing portable packages’ in the ‘Writing R Extensions’ manual.
Flavors: r-devel-linux-x86_64-fedora-clang, r-devel-linux-x86_64-fedora-gcc