CRAN Package Check Results for Package VariABEL

Last updated on 2016-06-30 15:48:15.

Flavor Version Tinstall Tcheck Ttotal Status Flags
r-devel-linux-x86_64-debian-gcc 0.9-2 19.54 2.33 21.86 ERROR
r-devel-linux-x86_64-fedora-clang 0.9-2 59.62 NOTE
r-devel-linux-x86_64-fedora-gcc 0.9-2 49.67 NOTE
r-devel-osx-x86_64-clang 0.9-2 40.85 NOTE
r-devel-windows-ix86+x86_64 0.9-2 64.00 42.00 106.00 NOTE
r-patched-linux-x86_64 0.9-2 19.71 11.50 31.21 NOTE
r-patched-solaris-sparc 0.9-2 272.80 NOTE
r-patched-solaris-x86 0.9-2 82.00 NOTE
r-release-linux-x86_64 0.9-2 18.05 11.19 29.24 NOTE
r-release-osx-x86_64-mavericks 0.9-2 NOTE
r-release-windows-ix86+x86_64 0.9-2 87.00 35.00 122.00 NOTE
r-oldrel-windows-ix86+x86_64 0.9-2 88.00 48.00 136.00 NOTE

Check Details

Version: 0.9-2
Check: whether package can be installed
Result: ERROR
    Installation failed.
Flavor: r-devel-linux-x86_64-debian-gcc

Version: 0.9-2
Check: DESCRIPTION meta-information
Result: NOTE
    Malformed Title field: should not end in a period.
Flavors: r-devel-linux-x86_64-fedora-clang, r-devel-linux-x86_64-fedora-gcc, r-devel-osx-x86_64-clang, r-devel-windows-ix86+x86_64, r-patched-linux-x86_64, r-patched-solaris-sparc, r-patched-solaris-x86, r-release-linux-x86_64, r-release-osx-x86_64-mavericks, r-release-windows-ix86+x86_64, r-oldrel-windows-ix86+x86_64

Version: 0.9-2
Check: R code for possible problems
Result: NOTE
    var_test_gwaa: no visible global function definition for ‘is’
    var_test_gwaa: no visible global function definition for ‘model.matrix’
    var_test_gwaa: no visible global function definition for ‘read.table’
    var_test_gwaa: no visible global function definition for ‘lm’
    Undefined global functions or variables:
     is lm model.matrix read.table
    Consider adding
     importFrom("methods", "is")
     importFrom("stats", "lm", "model.matrix")
     importFrom("utils", "read.table")
    to your NAMESPACE file (and ensure that your DESCRIPTION Imports field
    contains 'methods').
Flavors: r-devel-linux-x86_64-fedora-clang, r-devel-linux-x86_64-fedora-gcc, r-devel-osx-x86_64-clang, r-devel-windows-ix86+x86_64, r-patched-linux-x86_64, r-patched-solaris-sparc, r-patched-solaris-x86, r-release-linux-x86_64, r-release-osx-x86_64-mavericks, r-release-windows-ix86+x86_64