CRAN Package Check Results for Package VariABEL

Last updated on 2017-11-23 00:47:58 CET.

Flavor Version Tinstall Tcheck Ttotal Status Flags
r-devel-linux-x86_64-debian-clang 0.9-2.1 15.49 21.52 37.00 NOTE
r-devel-linux-x86_64-debian-gcc 0.9-2.1 22.12 39.49 61.62 WARN
r-devel-linux-x86_64-fedora-clang 0.9-2.1 69.48 NOTE
r-devel-linux-x86_64-fedora-gcc 0.9-2.1 60.88 WARN
r-devel-windows-ix86+x86_64 0.9-2.1 73.00 42.00 115.00 OK
r-patched-linux-x86_64 0.9-2.1 19.61 15.70 35.31 NOTE
r-patched-solaris-x86 0.9-2.1 119.20 OK
r-release-linux-x86_64 0.9-2.1 19.50 15.85 35.35 NOTE
r-release-windows-ix86+x86_64 0.9-2.1 69.00 43.00 112.00 OK
r-release-osx-x86_64 0.9-2.1 OK
r-oldrel-windows-ix86+x86_64 0.9-2.1 79.00 72.00 151.00 OK
r-oldrel-osx-x86_64 0.9-2.1 OK

Check Details

Version: 0.9-2.1
Check: compiled code
Result: NOTE
    File ‘VariABEL/libs/VariABEL.so’:
     Found no calls to: ‘R_registerRoutines’, ‘R_useDynamicSymbols’
    
    It is good practice to register native routines and to disable symbol
    search.
    
    See ‘Writing portable packages’ in the ‘Writing R Extensions’ manual.
Flavors: r-devel-linux-x86_64-debian-clang, r-devel-linux-x86_64-debian-gcc, r-devel-linux-x86_64-fedora-clang, r-devel-linux-x86_64-fedora-gcc, r-patched-linux-x86_64, r-release-linux-x86_64

Version: 0.9-2.1
Check: whether package can be installed
Result: WARN
    Found the following significant warnings:
     convert_util.cpp:299:20: warning: null destination pointer [-Wformat-overflow=]
     convert_util.cpp:307:20: warning: null destination pointer [-Wformat-overflow=]
Flavors: r-devel-linux-x86_64-debian-gcc, r-devel-linux-x86_64-fedora-gcc