CRAN Package Check Results for Package VarianceGamma

Last updated on 2015-02-01 05:48:10.

Flavor Version Tinstall Tcheck Ttotal Status Flags
r-devel-linux-x86_64-debian-clang 0.3-1 0.78 21.86 22.63 NOTE
r-devel-linux-x86_64-debian-gcc 0.3-1 1.01 20.97 21.98 NOTE
r-devel-linux-x86_64-fedora-clang 0.3-1 47.05 NOTE
r-devel-linux-x86_64-fedora-gcc 0.3-1 41.35 NOTE
r-devel-osx-x86_64-clang 0.3-1 46.26 NOTE
r-devel-windows-ix86+x86_64 0.3-1 5.00 31.00 36.00 NOTE
r-patched-linux-x86_64 0.3-1 0.89 23.91 24.80 NOTE
r-patched-solaris-sparc 0.3-1 316.70 NOTE
r-patched-solaris-x86 0.3-1 60.50 NOTE
r-release-linux-ix86 0.3-1 1.20 31.02 32.22 NOTE
r-release-linux-x86_64 0.3-1 1.07 23.19 24.26 NOTE
r-release-osx-x86_64-mavericks 0.3-1 NOTE
r-release-windows-ix86+x86_64 0.3-1 3.00 43.00 46.00 NOTE
r-oldrel-windows-ix86+x86_64 0.3-1 5.00 35.00 40.00 NOTE

Check Details

Version: 0.3-1
Check: top-level files
Result: NOTE
    Non-standard file/directory found at top level:
     ‘Todo’
Flavors: r-devel-linux-x86_64-debian-clang, r-devel-linux-x86_64-debian-gcc, r-devel-linux-x86_64-fedora-clang, r-devel-linux-x86_64-fedora-gcc, r-patched-linux-x86_64, r-release-linux-ix86, r-release-linux-x86_64

Version: 0.3-1
Check: dependencies in R code
Result: NOTE
    Package in Depends field not imported from: ‘RUnit’
     These packages need to be imported from (in the NAMESPACE file)
     for when this namespace is loaded but not attached.
Flavors: r-devel-linux-x86_64-debian-clang, r-devel-linux-x86_64-debian-gcc, r-devel-linux-x86_64-fedora-clang, r-devel-linux-x86_64-fedora-gcc, r-devel-osx-x86_64-clang, r-devel-windows-ix86+x86_64

Version: 0.3-1
Check: dependencies in R code
Result: NOTE
    Package in Depends field not imported from: ‘RUnit’
     These packages need to be imported from (in the NAMESPACE file)
     for when this namespace is loaded but not attached.
    See the information on DESCRIPTION files in the chapter ‘Creating R
    packages’ of the ‘Writing R Extensions’ manual.
Flavors: r-patched-linux-x86_64, r-patched-solaris-sparc, r-patched-solaris-x86, r-release-linux-ix86, r-release-linux-x86_64, r-release-osx-x86_64-mavericks, r-release-windows-ix86+x86_64, r-oldrel-windows-ix86+x86_64