CRAN Package Check Results for Package VarianceGamma

Last updated on 2015-07-03 23:47:59.

Flavor Version Tinstall Tcheck Ttotal Status Flags
r-devel-linux-x86_64-debian-clang 0.3-1 0.80 20.52 21.32 NOTE
r-devel-linux-x86_64-debian-gcc 0.3-1 0.79 20.74 21.53 NOTE
r-devel-linux-x86_64-fedora-clang 0.3-1 40.27 NOTE
r-devel-linux-x86_64-fedora-gcc 0.3-1 35.83 NOTE
r-devel-osx-x86_64-clang 0.3-1 39.42 NOTE
r-devel-windows-ix86+x86_64 0.3-1 6.00 31.00 37.00 NOTE
r-patched-linux-x86_64 0.3-1 0.79 22.08 22.88 NOTE
r-patched-solaris-sparc 0.3-1 263.90 NOTE
r-patched-solaris-x86 0.3-1 53.00 NOTE
r-release-linux-x86_64 0.3-1 1.06 20.88 21.94 NOTE
r-release-osx-x86_64-mavericks 0.3-1 NOTE
r-release-windows-ix86+x86_64 0.3-1 5.00 34.00 39.00 NOTE
r-oldrel-windows-ix86+x86_64 0.3-1 3.00 39.00 42.00 NOTE

Check Details

Version: 0.3-1
Check: top-level files
Result: NOTE
    Non-standard file/directory found at top level:
     ‘Todo’
Flavors: r-devel-linux-x86_64-debian-clang, r-devel-linux-x86_64-debian-gcc, r-devel-linux-x86_64-fedora-clang, r-devel-linux-x86_64-fedora-gcc, r-patched-linux-x86_64, r-release-linux-x86_64

Version: 0.3-1
Check: dependencies in R code
Result: NOTE
    Package in Depends field not imported from: ‘RUnit’
     These packages need to be imported from (in the NAMESPACE file)
     for when this namespace is loaded but not attached.
Flavors: r-devel-linux-x86_64-debian-clang, r-devel-linux-x86_64-debian-gcc, r-devel-linux-x86_64-fedora-clang, r-devel-linux-x86_64-fedora-gcc, r-devel-osx-x86_64-clang, r-devel-windows-ix86+x86_64, r-patched-linux-x86_64, r-patched-solaris-sparc, r-patched-solaris-x86, r-release-linux-x86_64, r-release-osx-x86_64-mavericks, r-release-windows-ix86+x86_64, r-oldrel-windows-ix86+x86_64

Version: 0.3-1
Check: R code for possible problems
Result: NOTE
    plot.vgFit: no visible global function definition for ‘par’
    plot.vgFit: no visible global function definition for ‘dev.interactive’
    plot.vgFit: no visible global function definition for ‘hist.default’
    plot.vgFit: no visible global function definition for ‘curve’
    plot.vgFit: no visible global function definition for ‘title’
    ppvg: no visible global function definition for ‘ppoints’
    ppvg: no visible global function definition for ‘plot’
    ppvg: no visible global function definition for ‘title’
    ppvg: no visible global function definition for ‘abline’
    qqvg: no visible global function definition for ‘ppoints’
    qqvg: no visible global function definition for ‘qqplot’
    qqvg: no visible global function definition for ‘title’
    qqvg: no visible global function definition for ‘abline’
    qvg: no visible global function definition for ‘uniroot’
    qvg: no visible global function definition for ‘splinefun’
    rvg: no visible global function definition for ‘rgamma’
    vgBreaks: no visible global function definition for ‘uniroot’
    vgCalcRange: no visible global function definition for ‘uniroot’
    vgFit: no visible global function definition for ‘na.omit’
    vgFit: no visible global function definition for ‘optim’
    vgFit: no visible global function definition for ‘nlm’
    vgFitStart: no visible global function definition for ‘hist’
    vgFitStart: no visible global function definition for ‘na.omit’
    vgFitStart: no visible global function definition for ‘lm’
    vgFitStart: no visible global function definition for ‘optim’
    vgFitStartMoM : fun2: no visible global function definition for ‘var’
    vgFitStartMoM: no visible global function definition for ‘var’
    vgFitStartMoM: no visible global function definition for ‘optim’
    vgMode: no visible global function definition for ‘optim’
    Undefined global functions or variables:
     abline curve dev.interactive hist hist.default lm na.omit nlm optim
     par plot ppoints qqplot rgamma splinefun title uniroot var
Flavors: r-devel-linux-x86_64-debian-clang, r-devel-linux-x86_64-debian-gcc, r-devel-linux-x86_64-fedora-clang, r-devel-linux-x86_64-fedora-gcc, r-devel-windows-ix86+x86_64