CRAN Package Check Results for Package VarianceGamma

Last updated on 2015-05-26 15:47:47.

Flavor Version Tinstall Tcheck Ttotal Status Flags
r-devel-linux-x86_64-debian-clang 0.3-1 0.77 21.31 22.08 NOTE
r-devel-linux-x86_64-debian-gcc 0.3-1 0.78 20.94 21.72 NOTE
r-devel-linux-x86_64-fedora-clang 0.3-1 42.57 NOTE
r-devel-linux-x86_64-fedora-gcc 0.3-1 39.48 NOTE
r-devel-osx-x86_64-clang 0.3-1 40.63 NOTE
r-devel-windows-ix86+x86_64 0.3-1 3.00 34.00 37.00 NOTE
r-patched-linux-x86_64 0.3-1 0.79 20.75 21.54 NOTE
r-patched-solaris-sparc 0.3-1 263.90 NOTE
r-patched-solaris-x86 0.3-1 53.10 NOTE
r-release-linux-x86_64 0.3-1 0.76 20.98 21.74 NOTE
r-release-osx-x86_64-mavericks 0.3-1 NOTE
r-release-osx-x86_64-snowleopard 0.3-1 ERROR
r-release-windows-ix86+x86_64 0.3-1 3.00 35.00 38.00 NOTE
r-oldrel-windows-ix86+x86_64 0.3-1 4.00 60.00 64.00 NOTE

Check Details

Version: 0.3-1
Check: top-level files
Result: NOTE
    Non-standard file/directory found at top level:
     ‘Todo’
Flavors: r-devel-linux-x86_64-debian-clang, r-devel-linux-x86_64-debian-gcc, r-devel-linux-x86_64-fedora-clang, r-devel-linux-x86_64-fedora-gcc, r-patched-linux-x86_64, r-release-linux-x86_64

Version: 0.3-1
Check: dependencies in R code
Result: NOTE
    Package in Depends field not imported from: ‘RUnit’
     These packages need to be imported from (in the NAMESPACE file)
     for when this namespace is loaded but not attached.
Flavors: r-devel-linux-x86_64-debian-clang, r-devel-linux-x86_64-debian-gcc, r-devel-linux-x86_64-fedora-clang, r-devel-linux-x86_64-fedora-gcc, r-devel-osx-x86_64-clang, r-devel-windows-ix86+x86_64, r-patched-linux-x86_64, r-patched-solaris-sparc, r-patched-solaris-x86, r-release-linux-x86_64, r-release-osx-x86_64-mavericks, r-release-windows-ix86+x86_64, r-oldrel-windows-ix86+x86_64

Version: 0.3-1
Check: package dependencies
Result: ERROR
    Packages required but not available:
     ‘DistributionUtils’ ‘GeneralizedHyperbolic’
    
    See section ‘The DESCRIPTION file’ in the ‘Writing R Extensions’
    manual.
Flavor: r-release-osx-x86_64-snowleopard