CRAN Package Check Results for Package VarianceGamma

Last updated on 2014-10-30 12:51:47.

Flavor Version Tinstall Tcheck Ttotal Status Flags
r-devel-linux-x86_64-debian-clang 0.3-1 0.90 23.73 24.62 NOTE
r-devel-linux-x86_64-debian-gcc 0.3-1 0.92 22.43 23.36 NOTE
r-devel-linux-x86_64-fedora-clang 0.3-1 47.87 NOTE
r-devel-linux-x86_64-fedora-gcc 0.3-1 43.62 NOTE
r-devel-osx-x86_64-clang 0.3-1 44.65 NOTE
r-devel-windows-ix86+x86_64 0.3-1 3.00 34.00 37.00 NOTE
r-patched-linux-x86_64 0.3-1 0.94 23.12 24.06 NOTE
r-patched-solaris-sparc 0.3-1 289.80 NOTE
r-patched-solaris-x86 0.3-1 60.60 NOTE
r-release-linux-ix86 0.3-1 1.31 31.14 32.45 NOTE
r-release-linux-x86_64 0.3-1 0.91 23.30 24.21 NOTE
r-release-osx-x86_64-mavericks 0.3-1 NOTE
r-release-windows-ix86+x86_64 0.3-1 3.00 38.00 41.00 NOTE
r-oldrel-windows-ix86+x86_64 0.3-1 3.00 39.00 42.00 NOTE

Check Details

Version: 0.3-1
Check: top-level files
Result: NOTE
    Non-standard files/directories found at top level:
     ‘Todo’ ‘VarianceGamma-Ex.R’
Flavors: r-devel-linux-x86_64-debian-clang, r-devel-linux-x86_64-debian-gcc, r-devel-linux-x86_64-fedora-clang, r-devel-linux-x86_64-fedora-gcc, r-patched-linux-x86_64, r-release-linux-x86_64

Version: 0.3-1
Check: dependencies in R code
Result: NOTE
    Package in Depends field not imported from: ‘RUnit’
     These packages need to be imported from (in the NAMESPACE file)
     for when this namespace is loaded but not attached.
    See the information on DESCRIPTION files in the chapter ‘Creating R
    packages’ of the ‘Writing R Extensions’ manual.
Flavors: r-devel-linux-x86_64-debian-clang, r-devel-linux-x86_64-debian-gcc, r-devel-linux-x86_64-fedora-clang, r-devel-linux-x86_64-fedora-gcc, r-devel-osx-x86_64-clang, r-devel-windows-ix86+x86_64, r-patched-linux-x86_64, r-patched-solaris-sparc, r-patched-solaris-x86, r-release-linux-ix86, r-release-linux-x86_64, r-release-osx-x86_64-mavericks, r-release-windows-ix86+x86_64, r-oldrel-windows-ix86+x86_64