CRAN Package Check Results for Package VarianceGamma

Last updated on 2015-03-29 17:51:51.

Flavor Version Tinstall Tcheck Ttotal Status Flags
r-devel-linux-x86_64-debian-clang 0.3-1 0.77 20.67 21.44 NOTE
r-devel-linux-x86_64-debian-gcc 0.3-1 0.76 21.11 21.87 NOTE
r-devel-linux-x86_64-fedora-clang 0.3-1 45.19 NOTE
r-devel-linux-x86_64-fedora-gcc 0.3-1 41.97 NOTE
r-devel-osx-x86_64-clang 0.3-1 45.27 NOTE
r-prerel-windows-ix86+x86_64 0.3-1 5.00 33.00 38.00 NOTE
r-prerel-linux-x86_64 0.3-1 0.92 20.70 21.62 NOTE
r-prerel-solaris-sparc 0.3-1 269.30 NOTE
r-prerel-solaris-x86 0.3-1 54.80 NOTE
r-release-linux-x86_64 0.3-1 0.95 23.36 24.31 NOTE
r-release-osx-x86_64-mavericks 0.3-1 NOTE
r-release-windows-ix86+x86_64 0.3-1 4.00 42.00 46.00 NOTE
r-oldrel-windows-ix86+x86_64 0.3-1 4.00 40.00 44.00 NOTE

Check Details

Version: 0.3-1
Check: top-level files
Result: NOTE
    Non-standard file/directory found at top level:
     ‘Todo’
Flavors: r-devel-linux-x86_64-debian-clang, r-devel-linux-x86_64-debian-gcc, r-devel-linux-x86_64-fedora-clang, r-devel-linux-x86_64-fedora-gcc, r-prerel-linux-x86_64, r-release-linux-x86_64

Version: 0.3-1
Check: dependencies in R code
Result: NOTE
    Package in Depends field not imported from: ‘RUnit’
     These packages need to be imported from (in the NAMESPACE file)
     for when this namespace is loaded but not attached.
Flavors: r-devel-linux-x86_64-debian-clang, r-devel-linux-x86_64-debian-gcc, r-devel-linux-x86_64-fedora-clang, r-devel-linux-x86_64-fedora-gcc, r-devel-osx-x86_64-clang, r-prerel-windows-ix86+x86_64, r-prerel-linux-x86_64, r-prerel-solaris-sparc, r-prerel-solaris-x86, r-release-linux-x86_64, r-release-windows-ix86+x86_64

Version: 0.3-1
Check: dependencies in R code
Result: NOTE
    Package in Depends field not imported from: ‘RUnit’
     These packages need to be imported from (in the NAMESPACE file)
     for when this namespace is loaded but not attached.
    See the information on DESCRIPTION files in the chapter ‘Creating R
    packages’ of the ‘Writing R Extensions’ manual.
Flavors: r-release-osx-x86_64-mavericks, r-oldrel-windows-ix86+x86_64