CRAN Package Check Results for Package VarianceGamma

Last updated on 2014-11-26 05:48:01.

Flavor Version Tinstall Tcheck Ttotal Status Flags
r-devel-linux-x86_64-debian-clang 0.3-1 0.88 22.78 23.66 NOTE
r-devel-linux-x86_64-debian-gcc 0.3-1 0.82 22.43 23.24 NOTE
r-devel-linux-x86_64-fedora-clang 0.3-1 48.42 NOTE
r-devel-linux-x86_64-fedora-gcc 0.3-1 44.62 NOTE
r-devel-osx-x86_64-clang 0.3-1 44.61 NOTE
r-devel-windows-ix86+x86_64 0.3-1 3.00 37.00 40.00 NOTE
r-patched-linux-x86_64 0.3-1 0.98 23.59 24.57 NOTE
r-patched-solaris-sparc 0.3-1 289.80 NOTE
r-patched-solaris-x86 0.3-1 59.80 NOTE
r-release-linux-ix86 0.3-1 1.24 30.16 31.40 NOTE
r-release-linux-x86_64 0.3-1 0.89 23.13 24.02 NOTE
r-release-osx-x86_64-mavericks 0.3-1 NOTE
r-release-windows-ix86+x86_64 0.3-1 4.00 34.00 38.00 NOTE
r-oldrel-windows-ix86+x86_64 0.3-1 3.00 35.00 38.00 NOTE

Check Details

Version: 0.3-1
Check: top-level files
Result: NOTE
    Non-standard files/directories found at top level:
     ‘Todo’ ‘VarianceGamma-Ex.R’
Flavors: r-devel-linux-x86_64-debian-clang, r-devel-linux-x86_64-debian-gcc, r-devel-linux-x86_64-fedora-clang, r-devel-linux-x86_64-fedora-gcc, r-patched-linux-x86_64, r-release-linux-x86_64

Version: 0.3-1
Check: dependencies in R code
Result: NOTE
    Package in Depends field not imported from: ‘RUnit’
     These packages need to be imported from (in the NAMESPACE file)
     for when this namespace is loaded but not attached.
    See the information on DESCRIPTION files in the chapter ‘Creating R
    packages’ of the ‘Writing R Extensions’ manual.
Flavors: r-devel-linux-x86_64-debian-clang, r-devel-linux-x86_64-debian-gcc, r-devel-linux-x86_64-fedora-clang, r-devel-linux-x86_64-fedora-gcc, r-devel-osx-x86_64-clang, r-devel-windows-ix86+x86_64, r-patched-linux-x86_64, r-patched-solaris-sparc, r-patched-solaris-x86, r-release-linux-ix86, r-release-linux-x86_64, r-release-osx-x86_64-mavericks, r-release-windows-ix86+x86_64, r-oldrel-windows-ix86+x86_64