CRAN Package Check Results for Package VarianceGamma

Last updated on 2014-04-19 15:49:52.

Flavor Version Tinstall Tcheck Ttotal Status Flags
r-devel-linux-x86_64-debian-clang 0.3-1 0.94 23.62 24.56 NOTE
r-devel-linux-x86_64-debian-gcc 0.3-1 0.94 24.04 24.98 NOTE
r-devel-linux-x86_64-fedora-clang 0.3-1 49.61 NOTE
r-devel-linux-x86_64-fedora-gcc 0.3-1 44.96 NOTE
r-devel-macosx-x86_64-clang 0.3-1 40.92 NOTE
r-devel-macosx-x86_64-gcc 0.3-1 ERROR
r-devel-windows-ix86+x86_64 0.3-1 3.00 36.00 39.00 NOTE
r-patched-linux-x86_64 0.3-1 0.99 23.68 24.68 NOTE
r-patched-solaris-sparc 0.3-1 279.60 NOTE
r-patched-solaris-x86 0.3-1 61.90 NOTE
r-release-linux-ix86 NOTE
r-release-linux-x86_64 0.3-1 0.94 23.71 24.65 NOTE
r-release-windows-ix86+x86_64 0.3-1 4.00 37.00 41.00 NOTE
r-oldrel-windows-ix86+x86_64 0.3-1 4.00 36.00 40.00 NOTE

Check Details

Version: 0.3-1
Check: dependencies in R code
Result: NOTE
    Package in Depends field not imported from: ‘RUnit’
     These packages need to be imported from (in the NAMESPACE file)
     for when this namespace is loaded but not attached.
    See the information on DESCRIPTION files in the chapter ‘Creating R
    packages’ of the ‘Writing R Extensions’ manual.
Flavors: r-devel-linux-x86_64-debian-clang, r-devel-linux-x86_64-debian-gcc, r-devel-linux-x86_64-fedora-clang, r-devel-linux-x86_64-fedora-gcc, r-devel-macosx-x86_64-clang, r-devel-windows-ix86+x86_64, r-patched-linux-x86_64, r-patched-solaris-sparc, r-patched-solaris-x86, r-release-linux-ix86, r-release-linux-x86_64, r-release-windows-ix86+x86_64, r-oldrel-windows-ix86+x86_64

Version: 0.3-1
Check: top-level files
Result: NOTE
    Non-standard files/directories found at top level:
     ‘Todo’ ‘VarianceGamma-Ex.R’
Flavors: r-devel-linux-x86_64-fedora-clang, r-devel-linux-x86_64-fedora-gcc

Version: 0.3-1
Check: package dependencies
Result: ERROR
    Packages required but not available:
     ‘DistributionUtils’ ‘GeneralizedHyperbolic’
    
    See the information on DESCRIPTION files in the chapter ‘Creating R
    packages’ of the ‘Writing R Extensions’ manual.
Flavor: r-devel-macosx-x86_64-gcc