CRAN Package Check Results for Package VarianceGamma

Last updated on 2014-09-02 22:47:53.

Flavor Version Tinstall Tcheck Ttotal Status Flags
r-devel-linux-x86_64-debian-clang 0.3-1 0.87 22.04 22.91 NOTE
r-devel-linux-x86_64-debian-gcc 0.3-1 0.85 21.69 22.54 NOTE
r-devel-linux-x86_64-fedora-clang 0.3-1 47.89 NOTE
r-devel-linux-x86_64-fedora-gcc 0.3-1 44.34 NOTE
r-devel-osx-x86_64-clang 0.3-1 41.89 NOTE
r-devel-windows-ix86+x86_64 0.3-1 3.00 33.00 36.00 NOTE
r-patched-linux-x86_64 0.3-1 0.88 23.29 24.17 NOTE
r-patched-solaris-sparc 0.3-1 289.80 NOTE
r-patched-solaris-x86 0.3-1 61.00 NOTE
r-release-linux-ix86 0.3-1 1.26 31.56 32.82 NOTE
r-release-linux-x86_64 0.3-1 0.96 23.46 24.42 NOTE
r-release-osx-x86_64-mavericks 0.3-1 NOTE
r-release-windows-ix86+x86_64 0.3-1 3.00 38.00 41.00 NOTE
r-oldrel-windows-ix86+x86_64 0.3-1 3.00 38.00 41.00 NOTE

Check Details

Version: 0.3-1
Check: dependencies in R code
Result: NOTE
    Package in Depends field not imported from: ‘RUnit’
     These packages need to be imported from (in the NAMESPACE file)
     for when this namespace is loaded but not attached.
    See the information on DESCRIPTION files in the chapter ‘Creating R
    packages’ of the ‘Writing R Extensions’ manual.
Flavors: r-devel-linux-x86_64-debian-clang, r-devel-linux-x86_64-debian-gcc, r-devel-linux-x86_64-fedora-clang, r-devel-linux-x86_64-fedora-gcc, r-devel-osx-x86_64-clang, r-devel-windows-ix86+x86_64, r-patched-linux-x86_64, r-patched-solaris-sparc, r-patched-solaris-x86, r-release-linux-ix86, r-release-linux-x86_64, r-release-osx-x86_64-mavericks, r-release-windows-ix86+x86_64, r-oldrel-windows-ix86+x86_64

Version: 0.3-1
Check: top-level files
Result: NOTE
    Non-standard files/directories found at top level:
     ‘Todo’ ‘VarianceGamma-Ex.R’
Flavors: r-devel-linux-x86_64-fedora-clang, r-devel-linux-x86_64-fedora-gcc