CRAN Package Check Results for Package VarianceGamma

Last updated on 2014-08-20 17:47:56.

Flavor Version Tinstall Tcheck Ttotal Status Flags
r-devel-linux-x86_64-debian-clang 0.3-1 0.92 22.14 23.06 NOTE
r-devel-linux-x86_64-debian-gcc 0.3-1 0.88 22.61 23.48 NOTE
r-devel-linux-x86_64-fedora-clang 0.3-1 50.98 NOTE
r-devel-linux-x86_64-fedora-gcc 0.3-1 46.77 NOTE
r-devel-osx-x86_64-clang 0.3-1 42.48 NOTE
r-devel-windows-ix86+x86_64 0.3-1 3.00 34.00 37.00 NOTE
r-patched-linux-x86_64 0.3-1 0.96 22.68 23.64 NOTE
r-patched-solaris-sparc 0.3-1 289.80 NOTE
r-patched-solaris-x86 0.3-1 60.10 NOTE
r-release-linux-ix86 0.3-1 1.26 31.31 32.57 NOTE
r-release-linux-x86_64 0.3-1 0.93 23.00 23.93 NOTE
r-release-osx-x86_64-mavericks 0.3-1 NOTE
r-release-windows-ix86+x86_64 0.3-1 4.00 38.00 42.00 NOTE
r-oldrel-windows-ix86+x86_64 0.3-1 4.00 36.00 40.00 NOTE

Check Details

Version: 0.3-1
Check: dependencies in R code
Result: NOTE
    Package in Depends field not imported from: ‘RUnit’
     These packages need to be imported from (in the NAMESPACE file)
     for when this namespace is loaded but not attached.
    See the information on DESCRIPTION files in the chapter ‘Creating R
    packages’ of the ‘Writing R Extensions’ manual.
Flavors: r-devel-linux-x86_64-debian-clang, r-devel-linux-x86_64-debian-gcc, r-devel-linux-x86_64-fedora-clang, r-devel-linux-x86_64-fedora-gcc, r-devel-osx-x86_64-clang, r-devel-windows-ix86+x86_64, r-patched-linux-x86_64, r-patched-solaris-sparc, r-patched-solaris-x86, r-release-linux-ix86, r-release-linux-x86_64, r-release-osx-x86_64-mavericks, r-release-windows-ix86+x86_64, r-oldrel-windows-ix86+x86_64

Version: 0.3-1
Check: top-level files
Result: NOTE
    Non-standard files/directories found at top level:
     ‘Todo’ ‘VarianceGamma-Ex.R’
Flavors: r-devel-linux-x86_64-fedora-clang, r-devel-linux-x86_64-fedora-gcc