CRAN Package Check Results for Package VarianceGamma

Last updated on 2015-08-29 17:48:29.

Flavor Version Tinstall Tcheck Ttotal Status Flags
r-devel-linux-x86_64-debian-clang 0.3-1 0.70 20.79 21.49 NOTE
r-devel-linux-x86_64-debian-gcc 0.3-1 0.70 19.78 20.49 NOTE
r-devel-linux-x86_64-fedora-clang 0.3-1 40.03 NOTE
r-devel-linux-x86_64-fedora-gcc 0.3-1 36.75 NOTE
r-devel-osx-x86_64-clang 0.3-1 36.08 NOTE
r-devel-windows-ix86+x86_64 0.3-1 4.00 38.00 42.00 NOTE
r-patched-linux-x86_64 0.3-1 0.76 20.68 21.44 NOTE
r-patched-solaris-sparc 0.3-1 269.10 NOTE
r-patched-solaris-x86 0.3-1 56.00 NOTE
r-release-linux-x86_64 0.3-1 0.79 20.94 21.73 NOTE
r-release-osx-x86_64-mavericks 0.3-1 NOTE
r-release-windows-ix86+x86_64 0.3-1 4.00 48.00 52.00 NOTE
r-oldrel-windows-ix86+x86_64 0.3-1 5.00 43.00 48.00 NOTE

Check Details

Version: 0.3-1
Check: top-level files
Result: NOTE
    Non-standard file/directory found at top level:
     ‘Todo’
Flavors: r-devel-linux-x86_64-debian-clang, r-devel-linux-x86_64-debian-gcc, r-devel-linux-x86_64-fedora-clang, r-devel-linux-x86_64-fedora-gcc, r-patched-linux-x86_64, r-release-linux-x86_64

Version: 0.3-1
Check: dependencies in R code
Result: NOTE
    Package in Depends field not imported from: ‘RUnit’
     These packages need to be imported from (in the NAMESPACE file)
     for when this namespace is loaded but not attached.
Flavors: r-devel-linux-x86_64-debian-clang, r-devel-linux-x86_64-debian-gcc, r-devel-linux-x86_64-fedora-clang, r-devel-linux-x86_64-fedora-gcc, r-devel-osx-x86_64-clang, r-devel-windows-ix86+x86_64, r-patched-linux-x86_64, r-patched-solaris-sparc, r-patched-solaris-x86, r-release-linux-x86_64, r-release-osx-x86_64-mavericks, r-release-windows-ix86+x86_64, r-oldrel-windows-ix86+x86_64

Version: 0.3-1
Check: R code for possible problems
Result: NOTE
    plot.vgFit: no visible global function definition for ‘par’
    plot.vgFit: no visible global function definition for ‘dev.interactive’
    plot.vgFit: no visible global function definition for ‘hist.default’
    plot.vgFit: no visible global function definition for ‘curve’
    plot.vgFit: no visible global function definition for ‘title’
    ppvg: no visible global function definition for ‘ppoints’
    ppvg: no visible global function definition for ‘plot’
    ppvg: no visible global function definition for ‘title’
    ppvg: no visible global function definition for ‘abline’
    qqvg: no visible global function definition for ‘ppoints’
    qqvg: no visible global function definition for ‘qqplot’
    qqvg: no visible global function definition for ‘title’
    qqvg: no visible global function definition for ‘abline’
    qvg: no visible global function definition for ‘uniroot’
    qvg: no visible global function definition for ‘splinefun’
    rvg: no visible global function definition for ‘rgamma’
    vgBreaks: no visible global function definition for ‘uniroot’
    vgCalcRange: no visible global function definition for ‘uniroot’
    vgFit: no visible global function definition for ‘na.omit’
    vgFit: no visible global function definition for ‘optim’
    vgFit: no visible global function definition for ‘nlm’
    vgFitStart: no visible global function definition for ‘hist’
    vgFitStart: no visible global function definition for ‘na.omit’
    vgFitStart: no visible global function definition for ‘lm’
    vgFitStart: no visible global function definition for ‘optim’
    vgFitStartMoM : fun2: no visible global function definition for ‘var’
    vgFitStartMoM: no visible global function definition for ‘var’
    vgFitStartMoM: no visible global function definition for ‘optim’
    vgMode: no visible global function definition for ‘optim’
    Undefined global functions or variables:
     abline curve dev.interactive hist hist.default lm na.omit nlm optim
     par plot ppoints qqplot rgamma splinefun title uniroot var
    Consider adding
     importFrom("grDevices", "dev.interactive")
     importFrom("graphics", "abline", "curve", "hist", "hist.default",
     "par", "plot", "title")
     importFrom("stats", "lm", "na.omit", "nlm", "optim", "ppoints",
     "qqplot", "rgamma", "splinefun", "uniroot", "var")
    to your NAMESPACE.
Flavors: r-devel-linux-x86_64-debian-clang, r-devel-linux-x86_64-debian-gcc, r-devel-linux-x86_64-fedora-clang, r-devel-linux-x86_64-fedora-gcc, r-devel-windows-ix86+x86_64