CRAN Package Check Results for Package VarianceGamma

Last updated on 2015-04-27 06:46:55.

Flavor Version Tinstall Tcheck Ttotal Status Flags
r-devel-linux-x86_64-debian-clang 0.3-1 0.83 21.42 22.26 NOTE
r-devel-linux-x86_64-debian-gcc 0.3-1 0.79 20.72 21.51 NOTE
r-devel-linux-x86_64-fedora-clang 0.3-1 42.34 NOTE
r-devel-linux-x86_64-fedora-gcc 0.3-1 40.48 NOTE
r-devel-osx-x86_64-clang 0.3-1 40.13 NOTE
r-devel-windows-ix86+x86_64 0.3-1 4.00 50.00 54.00 NOTE
r-patched-linux-x86_64 0.3-1 0.78 21.36 22.13 NOTE
r-patched-solaris-sparc 0.3-1 269.30 NOTE
r-patched-solaris-x86 0.3-1 53.90 NOTE
r-release-linux-x86_64 0.3-1 0.77 20.82 21.59 NOTE
r-release-osx-x86_64-mavericks 0.3-1 NOTE
r-release-osx-x86_64-snowleopard 0.3-1 ERROR
r-release-windows-ix86+x86_64 0.3-1 3.00 34.00 37.00 NOTE
r-oldrel-windows-ix86+x86_64 0.3-1 3.00 42.00 45.00 NOTE

Check Details

Version: 0.3-1
Check: top-level files
Result: NOTE
    Non-standard file/directory found at top level:
     ‘Todo’
Flavors: r-devel-linux-x86_64-debian-clang, r-devel-linux-x86_64-debian-gcc, r-devel-linux-x86_64-fedora-clang, r-devel-linux-x86_64-fedora-gcc

Version: 0.3-1
Check: dependencies in R code
Result: NOTE
    Package in Depends field not imported from: ‘RUnit’
     These packages need to be imported from (in the NAMESPACE file)
     for when this namespace is loaded but not attached.
Flavors: r-devel-linux-x86_64-debian-clang, r-devel-linux-x86_64-debian-gcc, r-devel-linux-x86_64-fedora-clang, r-devel-linux-x86_64-fedora-gcc, r-devel-osx-x86_64-clang, r-devel-windows-ix86+x86_64, r-patched-solaris-sparc, r-patched-solaris-x86, r-release-osx-x86_64-mavericks, r-release-windows-ix86+x86_64, r-oldrel-windows-ix86+x86_64

Version: 0.3-1
Check: package dependencies
Result: ERROR
    Packages required but not available:
     ‘DistributionUtils’ ‘GeneralizedHyperbolic’
    
    See section ‘The DESCRIPTION file’ in the ‘Writing R Extensions’
    manual.
Flavor: r-release-osx-x86_64-snowleopard