CRAN Package Check Results for Package Vdgraph

Last updated on 2016-09-27 10:47:53.

Flavor Version Tinstall Tcheck Ttotal Status Flags
r-devel-linux-x86_64-debian-clang 2.2-2 1.96 15.39 17.35 NOTE
r-devel-linux-x86_64-debian-gcc 2.2-2 1.84 16.04 17.88 NOTE
r-devel-linux-x86_64-fedora-clang 2.2-2 29.43 NOTE
r-devel-linux-x86_64-fedora-gcc 2.2-2 28.13 NOTE
r-devel-macos-x86_64-clang 2.2-2 26.03 NOTE
r-devel-windows-ix86+x86_64 2.2-2 16.00 54.00 70.00 NOTE
r-patched-linux-x86_64 2.2-2 1.75 15.55 17.30 NOTE
r-patched-solaris-sparc 2.2-2 194.60 NOTE
r-patched-solaris-x86 2.2-2 38.90 NOTE
r-release-linux-x86_64 2.2-2 1.91 15.93 17.85 NOTE
r-release-osx-x86_64-mavericks 2.2-2 NOTE
r-release-windows-ix86+x86_64 2.2-2 8.00 41.00 49.00 NOTE
r-oldrel-windows-ix86+x86_64 2.2-2 7.00 30.00 37.00 OK

Check Details

Version: 2.2-2
Check: R code for possible problems
Result: NOTE
    Compare2FDS: no visible global function definition for ‘runif’
    Compare2FDS: no visible global function definition for ‘lm’
    Compare2FDS: no visible global function definition for ‘model.matrix’
    Compare2FDS: no visible global function definition for ‘plot’
    Compare2FDS: no visible global function definition for ‘abline’
    Compare2FDS: no visible global function definition for ‘lines’
    Compare2FDS: no visible global function definition for ‘text’
    Compare2Vdg: no visible global function definition for ‘par’
    Compare2Vdg: no visible global function definition for ‘plot’
    Compare2Vdg: no visible global function definition for ‘lines’
    Compare2Vdg: no visible global function definition for ‘legend’
    FDSPlot: no visible global function definition for ‘runif’
    FDSPlot: no visible global function definition for ‘lm’
    FDSPlot: no visible global function definition for ‘model.matrix’
    FDSPlot: no visible global function definition for ‘plot’
    FDSPlot: no visible global function definition for ‘abline’
    Vdgraph: no visible global function definition for ‘par’
    Vdgraph: no visible global function definition for ‘plot’
    Vdgraph: no visible global function definition for ‘lines’
    Vdgraph: no visible global function definition for ‘legend’
    Undefined global functions or variables:
     abline legend lines lm model.matrix par plot runif text
    Consider adding
     importFrom("graphics", "abline", "legend", "lines", "par", "plot",
     "text")
     importFrom("stats", "lm", "model.matrix", "runif")
    to your NAMESPACE file.
Flavors: r-devel-linux-x86_64-debian-clang, r-devel-linux-x86_64-debian-gcc, r-devel-linux-x86_64-fedora-clang, r-devel-linux-x86_64-fedora-gcc, r-devel-macos-x86_64-clang, r-devel-windows-ix86+x86_64, r-patched-linux-x86_64, r-patched-solaris-sparc, r-patched-solaris-x86, r-release-linux-x86_64, r-release-osx-x86_64-mavericks, r-release-windows-ix86+x86_64