CRAN Package Check Results for Package Vdgraph

Last updated on 2014-04-23 17:47:56.

Flavor Version Tinstall Tcheck Ttotal Status Flags
r-devel-linux-x86_64-debian-clang 2.1-3 1.88 9.96 11.85 OK
r-devel-linux-x86_64-debian-gcc 2.1-3 1.93 9.77 11.70 OK
r-devel-linux-x86_64-fedora-clang 2.1-3 22.36 NOTE
r-devel-linux-x86_64-fedora-gcc 2.1-3 20.75 NOTE
r-devel-osx-x86_64-clang 2.1-3 22.78 OK
r-devel-osx-x86_64-gcc 2.1-3 OK
r-devel-windows-ix86+x86_64 2.1-3 7.00 19.00 26.00 OK
r-patched-linux-x86_64 2.1-3 1.99 9.94 11.93 OK
r-patched-solaris-sparc 2.1-3 143.90 OK
r-patched-solaris-x86 2.1-3 35.10 OK
r-release-linux-ix86 2.1-3 3.00 23.00 26.00 OK
r-release-linux-x86_64 2.1-3 1.98 10.40 12.38 OK
r-release-osx-x86_64-mavericks 2.1-3 OK
r-release-windows-ix86+x86_64 2.1-3 12.00 26.00 38.00 OK
r-oldrel-windows-ix86+x86_64 2.1-3 7.00 21.00 28.00 OK

Check Details

Version: 2.1-3
Check: Rd line widths
Result: NOTE
    Rd file 'Compare2Vdg.Rd':
     \examples lines wider than 100 characters:
     Compare2Vdg(SCDH5,SCDDL5,"Hartley's Small Composite-5 fac","Draper and Lin's Small Composite-5 fac",ncolleg=1)
    
    These lines will be truncated in the PDF manual.
Flavors: r-devel-linux-x86_64-fedora-clang, r-devel-linux-x86_64-fedora-gcc