CRAN Package Check Results for Package Vdgraph

Last updated on 2016-12-10 16:47:37.

Flavor Version Tinstall Tcheck Ttotal Status Flags
r-devel-linux-x86_64-debian-clang 2.2-2 2.02 17.47 19.49 NOTE
r-devel-linux-x86_64-debian-gcc 2.2-2 2.01 17.14 19.15 NOTE
r-devel-linux-x86_64-fedora-clang 2.2-2 33.38 NOTE --no-stop-on-test-error
r-devel-linux-x86_64-fedora-gcc 2.2-2 31.15 NOTE --no-stop-on-test-error
r-devel-macos-x86_64-clang 2.2-2 28.85 NOTE --no-stop-on-test-error
r-devel-windows-ix86+x86_64 2.2-2 21.00 51.00 72.00 NOTE
r-patched-linux-x86_64 2.2-2 1.68 15.63 17.31 NOTE
r-patched-solaris-sparc 2.2-2 194.60 NOTE
r-patched-solaris-x86 2.2-2 39.40 NOTE
r-release-linux-x86_64 2.2-2 1.81 15.29 17.10 NOTE
r-release-osx-x86_64-mavericks 2.2-2 NOTE
r-release-windows-ix86+x86_64 2.2-2 8.00 40.00 48.00 NOTE
r-oldrel-windows-ix86+x86_64 2.2-2 8.00 36.00 44.00 OK

Check Details

Version: 2.2-2
Check: R code for possible problems
Result: NOTE
    Compare2FDS: no visible global function definition for ‘runif’
    Compare2FDS: no visible global function definition for ‘lm’
    Compare2FDS: no visible global function definition for ‘model.matrix’
    Compare2FDS: no visible global function definition for ‘plot’
    Compare2FDS: no visible global function definition for ‘abline’
    Compare2FDS: no visible global function definition for ‘lines’
    Compare2FDS: no visible global function definition for ‘text’
    Compare2Vdg: no visible global function definition for ‘par’
    Compare2Vdg: no visible global function definition for ‘plot’
    Compare2Vdg: no visible global function definition for ‘lines’
    Compare2Vdg: no visible global function definition for ‘legend’
    FDSPlot: no visible global function definition for ‘runif’
    FDSPlot: no visible global function definition for ‘lm’
    FDSPlot: no visible global function definition for ‘model.matrix’
    FDSPlot: no visible global function definition for ‘plot’
    FDSPlot: no visible global function definition for ‘abline’
    Vdgraph: no visible global function definition for ‘par’
    Vdgraph: no visible global function definition for ‘plot’
    Vdgraph: no visible global function definition for ‘lines’
    Vdgraph: no visible global function definition for ‘legend’
    Undefined global functions or variables:
     abline legend lines lm model.matrix par plot runif text
    Consider adding
     importFrom("graphics", "abline", "legend", "lines", "par", "plot",
     "text")
     importFrom("stats", "lm", "model.matrix", "runif")
    to your NAMESPACE file.
Flavors: r-devel-linux-x86_64-debian-clang, r-devel-linux-x86_64-debian-gcc, r-devel-windows-ix86+x86_64, r-patched-linux-x86_64, r-patched-solaris-sparc, r-patched-solaris-x86, r-release-linux-x86_64, r-release-osx-x86_64-mavericks, r-release-windows-ix86+x86_64

Version: 2.2-2
Flags: --no-stop-on-test-error
Check: R code for possible problems
Result: NOTE
    Compare2FDS: no visible global function definition for ‘runif’
    Compare2FDS: no visible global function definition for ‘lm’
    Compare2FDS: no visible global function definition for ‘model.matrix’
    Compare2FDS: no visible global function definition for ‘plot’
    Compare2FDS: no visible global function definition for ‘abline’
    Compare2FDS: no visible global function definition for ‘lines’
    Compare2FDS: no visible global function definition for ‘text’
    Compare2Vdg: no visible global function definition for ‘par’
    Compare2Vdg: no visible global function definition for ‘plot’
    Compare2Vdg: no visible global function definition for ‘lines’
    Compare2Vdg: no visible global function definition for ‘legend’
    FDSPlot: no visible global function definition for ‘runif’
    FDSPlot: no visible global function definition for ‘lm’
    FDSPlot: no visible global function definition for ‘model.matrix’
    FDSPlot: no visible global function definition for ‘plot’
    FDSPlot: no visible global function definition for ‘abline’
    Vdgraph: no visible global function definition for ‘par’
    Vdgraph: no visible global function definition for ‘plot’
    Vdgraph: no visible global function definition for ‘lines’
    Vdgraph: no visible global function definition for ‘legend’
    Undefined global functions or variables:
     abline legend lines lm model.matrix par plot runif text
    Consider adding
     importFrom("graphics", "abline", "legend", "lines", "par", "plot",
     "text")
     importFrom("stats", "lm", "model.matrix", "runif")
    to your NAMESPACE file.
Flavors: r-devel-linux-x86_64-fedora-clang, r-devel-linux-x86_64-fedora-gcc, r-devel-macos-x86_64-clang