CRAN Package Check Results for Package Vdgraph

Last updated on 2014-07-29 20:49:14.

Flavor Version Tinstall Tcheck Ttotal Status Flags
r-devel-linux-x86_64-debian-clang 2.1-3 1.81 9.48 11.30 OK
r-devel-linux-x86_64-debian-gcc 2.1-3 2.12 9.47 11.58 OK
r-devel-linux-x86_64-fedora-clang 2.1-3 22.07 NOTE
r-devel-linux-x86_64-fedora-gcc 2.1-3 20.70 NOTE
r-devel-osx-x86_64-clang 2.1-3 24.39 OK
r-devel-windows-ix86+x86_64 2.1-3 7.00 19.00 26.00 OK
r-patched-linux-x86_64 2.1-3 1.87 9.58 11.44 OK
r-patched-solaris-sparc 2.1-3 143.90 OK
r-patched-solaris-x86 2.1-3 35.30 OK
r-release-linux-ix86 2.1-3 2.58 15.67 18.25 OK
r-release-linux-x86_64 2.1-3 1.86 9.97 11.83 OK
r-release-osx-x86_64-mavericks 2.1-3 OK
r-release-windows-ix86+x86_64 2.1-3 9.00 19.00 28.00 OK
r-oldrel-windows-ix86+x86_64 2.1-3 7.00 21.00 28.00 OK

Check Details

Version: 2.1-3
Check: Rd line widths
Result: NOTE
    Rd file 'Compare2Vdg.Rd':
     \examples lines wider than 100 characters:
     Compare2Vdg(SCDH5,SCDDL5,"Hartley's Small Composite-5 fac","Draper and Lin's Small Composite-5 fac",ncolleg=1)
    
    These lines will be truncated in the PDF manual.
Flavors: r-devel-linux-x86_64-fedora-clang, r-devel-linux-x86_64-fedora-gcc