CRAN Package Check Results for Package Vdgraph

Last updated on 2015-08-03 14:47:48.

Flavor Version Tinstall Tcheck Ttotal Status Flags
r-devel-linux-x86_64-debian-clang 2.2-2 2.02 14.83 16.85 NOTE
r-devel-linux-x86_64-debian-gcc 2.2-2 1.78 14.30 16.08 NOTE
r-devel-linux-x86_64-fedora-clang 2.2-2 30.49 NOTE
r-devel-linux-x86_64-fedora-gcc 2.2-2 28.84 NOTE
r-devel-osx-x86_64-clang 2.2-2 30.43 OK
r-devel-windows-ix86+x86_64 2.2-2 7.00 31.00 38.00 NOTE
r-patched-linux-x86_64 2.2-2 1.76 14.81 16.58 OK
r-patched-solaris-sparc 2.2-2 214.90 OK
r-patched-solaris-x86 2.2-2 44.30 OK
r-release-linux-x86_64 2.2-2 2.10 14.83 16.92 OK
r-release-osx-x86_64-mavericks 2.2-2 OK
r-release-windows-ix86+x86_64 2.2-2 7.00 28.00 35.00 OK
r-oldrel-windows-ix86+x86_64 2.2-2 11.00 31.00 42.00 OK

Check Details

Version: 2.2-2
Check: R code for possible problems
Result: NOTE
    Compare2FDS: no visible global function definition for ‘runif’
    Compare2FDS: no visible global function definition for ‘lm’
    Compare2FDS: no visible global function definition for ‘model.matrix’
    Compare2FDS: no visible global function definition for ‘plot’
    Compare2FDS: no visible global function definition for ‘abline’
    Compare2FDS: no visible global function definition for ‘lines’
    Compare2FDS: no visible global function definition for ‘text’
    Compare2Vdg: no visible global function definition for ‘par’
    Compare2Vdg: no visible global function definition for ‘plot’
    Compare2Vdg: no visible global function definition for ‘lines’
    Compare2Vdg: no visible global function definition for ‘legend’
    FDSPlot: no visible global function definition for ‘runif’
    FDSPlot: no visible global function definition for ‘lm’
    FDSPlot: no visible global function definition for ‘model.matrix’
    FDSPlot: no visible global function definition for ‘plot’
    FDSPlot: no visible global function definition for ‘abline’
    Vdgraph: no visible global function definition for ‘par’
    Vdgraph: no visible global function definition for ‘plot’
    Vdgraph: no visible global function definition for ‘lines’
    Vdgraph: no visible global function definition for ‘legend’
    Undefined global functions or variables:
     abline legend lines lm model.matrix par plot runif text
    Consider adding
     importFrom("graphics", "abline", "legend", "lines", "par", "plot",
     "text")
     importFrom("stats", "lm", "model.matrix", "runif")
    to your NAMESPACE.
Flavors: r-devel-linux-x86_64-debian-clang, r-devel-linux-x86_64-debian-gcc, r-devel-linux-x86_64-fedora-clang, r-devel-linux-x86_64-fedora-gcc, r-devel-windows-ix86+x86_64