CRAN Package Check Results for Package Vdgraph

Last updated on 2017-12-12 20:48:18 CET.

Flavor Version Tinstall Tcheck Ttotal Status Flags
r-devel-linux-x86_64-debian-clang 2.2-2 2.23 25.08 27.31 NOTE
r-devel-linux-x86_64-debian-gcc 2.2-2 1.60 19.97 21.57 NOTE
r-devel-linux-x86_64-fedora-clang 2.2-2 31.19 NOTE
r-devel-linux-x86_64-fedora-gcc 2.2-2 32.03 NOTE
r-devel-windows-ix86+x86_64 2.2-2 17.00 54.00 71.00 NOTE
r-patched-linux-x86_64 2.2-2 2.01 25.42 27.43 NOTE
r-patched-solaris-x86 2.2-2 43.50 NOTE
r-release-linux-x86_64 2.2-2 1.96 25.34 27.30 NOTE
r-release-windows-ix86+x86_64 2.2-2 9.00 42.00 51.00 NOTE
r-release-osx-x86_64 2.2-2 NOTE
r-oldrel-windows-ix86+x86_64 2.2-2 8.00 40.00 48.00 NOTE
r-oldrel-osx-x86_64 2.2-2 NOTE

Check Details

Version: 2.2-2
Check: R code for possible problems
Result: NOTE
    Compare2FDS: no visible global function definition for ‘runif’
    Compare2FDS: no visible global function definition for ‘lm’
    Compare2FDS: no visible global function definition for ‘model.matrix’
    Compare2FDS: no visible global function definition for ‘plot’
    Compare2FDS: no visible global function definition for ‘abline’
    Compare2FDS: no visible global function definition for ‘lines’
    Compare2FDS: no visible global function definition for ‘text’
    Compare2Vdg: no visible global function definition for ‘par’
    Compare2Vdg: no visible global function definition for ‘plot’
    Compare2Vdg: no visible global function definition for ‘lines’
    Compare2Vdg: no visible global function definition for ‘legend’
    FDSPlot: no visible global function definition for ‘runif’
    FDSPlot: no visible global function definition for ‘lm’
    FDSPlot: no visible global function definition for ‘model.matrix’
    FDSPlot: no visible global function definition for ‘plot’
    FDSPlot: no visible global function definition for ‘abline’
    Vdgraph: no visible global function definition for ‘par’
    Vdgraph: no visible global function definition for ‘plot’
    Vdgraph: no visible global function definition for ‘lines’
    Vdgraph: no visible global function definition for ‘legend’
    Undefined global functions or variables:
     abline legend lines lm model.matrix par plot runif text
    Consider adding
     importFrom("graphics", "abline", "legend", "lines", "par", "plot",
     "text")
     importFrom("stats", "lm", "model.matrix", "runif")
    to your NAMESPACE file.
Flavors: r-devel-linux-x86_64-debian-clang, r-devel-linux-x86_64-debian-gcc, r-devel-linux-x86_64-fedora-clang, r-devel-linux-x86_64-fedora-gcc, r-devel-windows-ix86+x86_64, r-patched-linux-x86_64, r-patched-solaris-x86, r-release-linux-x86_64, r-release-windows-ix86+x86_64, r-release-osx-x86_64, r-oldrel-windows-ix86+x86_64, r-oldrel-osx-x86_64

Version: 2.2-2
Check: compiled code
Result: NOTE
    File ‘Vdgraph/libs/Vdgraph.so’:
     Found no calls to: ‘R_registerRoutines’, ‘R_useDynamicSymbols’
    
    It is good practice to register native routines and to disable symbol
    search.
    
    See ‘Writing portable packages’ in the ‘Writing R Extensions’ manual.
Flavors: r-devel-linux-x86_64-debian-clang, r-devel-linux-x86_64-debian-gcc, r-devel-linux-x86_64-fedora-clang, r-devel-linux-x86_64-fedora-gcc, r-patched-linux-x86_64, r-release-linux-x86_64