CRAN Package Check Results for Package VecStatGraphs2D

Last updated on 2015-09-05 12:49:46.

Flavor Version Tinstall Tcheck Ttotal Status Flags
r-devel-linux-x86_64-debian-clang 1.7 0.91 14.83 15.74 NOTE
r-devel-linux-x86_64-debian-gcc 1.7 0.92 15.21 16.12 NOTE
r-devel-linux-x86_64-fedora-clang 1.7 28.47 NOTE
r-devel-linux-x86_64-fedora-gcc 1.7 27.69 NOTE
r-devel-osx-x86_64-clang 1.7 26.97 OK
r-devel-windows-ix86+x86_64 1.7 6.00 30.00 36.00 NOTE
r-patched-linux-x86_64 1.7 0.94 14.87 15.80 OK
r-patched-solaris-sparc 1.7 198.90 OK
r-patched-solaris-x86 1.7 41.10 OK
r-release-linux-x86_64 1.7 1.44 14.79 16.23 OK
r-release-osx-x86_64-mavericks 1.7 OK
r-release-windows-ix86+x86_64 1.7 7.00 38.00 45.00 OK
r-oldrel-windows-ix86+x86_64 1.7 6.00 43.00 49.00 OK

Check Details

Version: 1.7
Check: R code for possible problems
Result: NOTE
    DrawArc: no visible global function definition for ‘segments’
    DrawAzimuthDensity: no visible global function definition for ‘glob2rx’
    DrawAzimuthDensity: no visible global function definition for ‘svg’
    DrawAzimuthDensity: no visible global function definition for
     ‘plot.new’
    DrawAzimuthDensity: no visible global function definition for ‘par’
    DrawAzimuthDensity: no visible global function definition for ‘filter’
    DrawAzimuthDensity: no visible global function definition for ‘plot’
    DrawAzimuthDensity: no visible global function definition for ‘text’
    DrawAzimuthDensity: no visible global function definition for
     ‘segments’
    DrawAzimuthDensity: no visible global function definition for
     ‘colorRamp’
    DrawAzimuthDensity: no visible global function definition for ‘rgb’
    DrawAzimuthDensity: no visible global function definition for ‘arrows’
    DrawAzimuthDensity: no visible global function definition for ‘dev.off’
    DrawCircle: no visible global function definition for ‘polygon’
    DrawDensityMap: no visible global function definition for ‘glob2rx’
    DrawDensityMap: no visible global function definition for ‘svg’
    DrawDensityMap: no visible global function definition for ‘plot.new’
    DrawDensityMap: no visible global function definition for ‘par’
    DrawDensityMap: no visible global function definition for ‘colorRamp’
    DrawDensityMap: no visible global function definition for ‘rgb’
    DrawDensityMap: no visible global function definition for ‘image’
    DrawDensityMap: no visible global function definition for ‘grid’
    DrawDensityMap: no visible global function definition for ‘abline’
    DrawDensityMap: no visible global function definition for ‘text’
    DrawDensityMap: no visible global function definition for ‘axis’
    DrawDensityMap: no visible global function definition for ‘points’
    DrawDensityMap: no visible global function definition for ‘dev.off’
    DrawDistribution: no visible global function definition for ‘glob2rx’
    DrawDistribution: no visible global function definition for ‘svg’
    DrawDistribution: no visible global function definition for ‘plot.new’
    DrawDistribution: no visible global function definition for ‘par’
    DrawDistribution: no visible global function definition for ‘plot’
    DrawDistribution: no visible global function definition for ‘points’
    DrawDistribution: no visible global function definition for ‘text’
    DrawDistribution: no visible global function definition for ‘segments’
    DrawDistribution: no visible global function definition for ‘arrows’
    DrawDistribution: no visible global function definition for ‘dev.off’
    DrawHistogram: no visible global function definition for ‘glob2rx’
    DrawHistogram: no visible global function definition for ‘svg’
    DrawHistogram: no visible global function definition for ‘plot.new’
    DrawHistogram: no visible global function definition for ‘par’
    DrawHistogram: no visible global function definition for ‘plot’
    DrawHistogram: no visible global function definition for ‘text’
    DrawHistogram: no visible global function definition for ‘segments’
    DrawHistogram: no visible global function definition for ‘polygon’
    DrawHistogram: no visible global function definition for ‘arrows’
    DrawHistogram: no visible global function definition for ‘dev.off’
    DrawModuleAndAzimuthDistribution: no visible global function definition
     for ‘glob2rx’
    DrawModuleAndAzimuthDistribution: no visible global function definition
     for ‘svg’
    DrawModuleAndAzimuthDistribution: no visible global function definition
     for ‘plot.new’
    DrawModuleAndAzimuthDistribution: no visible global function definition
     for ‘par’
    DrawModuleAndAzimuthDistribution: no visible global function definition
     for ‘plot’
    DrawModuleAndAzimuthDistribution: no visible global function definition
     for ‘segments’
    DrawModuleAndAzimuthDistribution: no visible global function definition
     for ‘text’
    DrawModuleAndAzimuthDistribution: no visible global function definition
     for ‘arrows’
    DrawModuleAndAzimuthDistribution: no visible global function definition
     for ‘dev.off’
    DrawPoints: no visible global function definition for ‘glob2rx’
    DrawPoints: no visible global function definition for ‘svg’
    DrawPoints: no visible global function definition for ‘plot.new’
    DrawPoints: no visible global function definition for ‘par’
    DrawPoints: no visible global function definition for ‘plot’
    DrawPoints: no visible global function definition for ‘segments’
    DrawPoints: no visible global function definition for ‘text’
    DrawPoints: no visible global function definition for ‘points’
    DrawPoints: no visible global function definition for ‘dev.off’
    DrawQQPlot: no visible global function definition for ‘glob2rx’
    DrawQQPlot: no visible global function definition for ‘svg’
    DrawQQPlot: no visible global function definition for ‘plot.new’
    DrawQQPlot: no visible global function definition for ‘par’
    DrawQQPlot: no visible global function definition for ‘plot’
    DrawQQPlot: no visible global function definition for ‘box’
    DrawQQPlot: no visible global function definition for ‘grid’
    DrawQQPlot: no visible global function definition for ‘abline’
    DrawQQPlot: no visible global function definition for ‘text’
    DrawQQPlot: no visible global function definition for ‘dev.off’
    DrawVectors: no visible global function definition for ‘plot.new’
    DrawVectors: no visible global function definition for ‘plot’
    DrawVectors: no visible global function definition for ‘arrows’
    ReadFromFile: no visible global function definition for ‘read.table’
    Undefined global functions or variables:
     abline arrows axis box colorRamp dev.off filter glob2rx grid image
     par plot plot.new points polygon read.table rgb segments svg text
    Consider adding
     importFrom("grDevices", "colorRamp", "dev.off", "rgb", "svg")
     importFrom("graphics", "abline", "arrows", "axis", "box", "grid",
     "image", "par", "plot", "plot.new", "points", "polygon",
     "segments", "text")
     importFrom("stats", "filter")
     importFrom("utils", "glob2rx", "read.table")
    to your NAMESPACE.
Flavors: r-devel-linux-x86_64-debian-clang, r-devel-linux-x86_64-debian-gcc, r-devel-linux-x86_64-fedora-clang, r-devel-linux-x86_64-fedora-gcc, r-devel-windows-ix86+x86_64