CRAN Package Check Results for Package VecStatGraphs2D

Last updated on 2014-04-23 12:48:30.

Flavor Version Tinstall Tcheck Ttotal Status Flags
r-devel-linux-x86_64-debian-clang 1.7 1.08 16.30 17.38 OK
r-devel-linux-x86_64-debian-gcc 1.7 1.09 16.14 17.23 OK
r-devel-linux-x86_64-fedora-clang 1.7 34.37 OK
r-devel-linux-x86_64-fedora-gcc 1.7 31.71 OK
r-devel-osx-x86_64-clang 1.7 31.04 OK
r-devel-osx-x86_64-gcc 1.7 OK
r-devel-windows-ix86+x86_64 1.7 3.00 25.00 28.00 OK
r-patched-linux-x86_64 1.7 1.08 16.90 17.99 OK
r-patched-solaris-sparc 1.7 212.70 OK
r-patched-solaris-x86 1.7 45.90 OK
r-release-linux-ix86 1.7 2.00 31.00 33.00 OK
r-release-linux-x86_64 1.7 1.13 17.01 18.14 OK
r-release-osx-x86_64-mavericks 1.7 WARN
r-release-osx-x86_64-snowleopard 1.7 OK
r-release-windows-ix86+x86_64 1.7 4.00 25.00 29.00 OK
r-oldrel-windows-ix86+x86_64 1.7 3.00 27.00 30.00 OK

Check Details

Version: 1.7
Check: PDF version of manual
Result: WARNING
    LaTeX errors when creating PDF version.
    This typically indicates Rd problems.
    LaTeX errors found:
    ! LaTeX Error: File `upquote.sty' not found.
    
    Type X to quit or <RETURN> to proceed,
    or enter new name. (Default extension: sty)
    
    287fb986/Rd2.tex:8: ==> Fatal error occurred, no output PDF file produced!
Flavor: r-release-osx-x86_64-mavericks