CRAN Package Check Results for Package VecStatGraphs3D

Last updated on 2015-02-01 17:50:24.

Flavor Version Tinstall Tcheck Ttotal Status Flags
r-devel-linux-x86_64-debian-clang 1.6 1.10 17.11 18.21 OK
r-devel-linux-x86_64-debian-gcc 1.6 1.13 16.97 18.10 OK
r-devel-linux-x86_64-fedora-clang 1.6 39.08 OK
r-devel-linux-x86_64-fedora-gcc 1.6 34.85 OK
r-devel-osx-x86_64-clang 1.6 42.95 OK
r-devel-windows-ix86+x86_64 1.6 8.00 27.00 35.00 OK
r-patched-linux-x86_64 1.6 1.31 19.08 20.39 OK
r-patched-solaris-sparc 1.6 227.10 OK
r-patched-solaris-x86 1.6 56.40 OK
r-release-linux-ix86 1.6 1.69 28.68 30.37 OK
r-release-linux-x86_64 1.6 1.21 18.78 19.99 OK
r-release-osx-x86_64-mavericks 1.6 OK
r-release-osx-x86_64-snowleopard 1.6 ERROR
r-release-windows-ix86+x86_64 1.6 5.00 32.00 37.00 OK
r-oldrel-windows-ix86+x86_64 1.6 5.00 35.00 40.00 OK

Check Details

Version: 1.6
Check: examples
Result: ERROR
    Running examples in ‘VecStatGraphs3D-Ex.R’ failed
    The error most likely occurred in:
    
    > ### Name: DrawDensity3D
    > ### Title: Graphic representation of a point Density Map.
    > ### Aliases: DrawDensity3D
    > ### Keywords: graphics
    >
    > ### ** Examples
    >
    > FileName<-system.file("data/XYZcoor.txt", package="VecStatGraphs3D")
    > dat<-LoadData3D(FileName, Type=1)
    > coordinates<-dat[,4:6]
    > DrawDensity3D(coordinates, Layers=3, Div=50)
    Sat Jan 31 10:06:05 hagal.research.att.com R[1421] <Error>: unknown error code: invalid pixel format
    Sat Jan 31 10:06:05 hagal.research.att.com R[1421] <Error>: kCGErrorFailure: Set a breakpoint @ CGErrorBreakpoint() to catch errors as they are logged.
    X Error of failed request: GLXBadContext
     Major opcode of failed request: 0 ()
     Serial number of failed request: 27
     Current serial number in output stream: 27
Flavor: r-release-osx-x86_64-snowleopard