CRAN Package Check Results for Package VecStatGraphs3D

Last updated on 2018-06-21 04:49:40 CEST.

Flavor Version Tinstall Tcheck Ttotal Status Flags
r-devel-linux-x86_64-debian-clang 1.6 3.63 38.27 41.90 NOTE
r-devel-linux-x86_64-debian-gcc 1.6 2.50 32.41 34.91 NOTE
r-devel-linux-x86_64-fedora-clang 1.6 51.16 NOTE
r-devel-linux-x86_64-fedora-gcc 1.6 49.70 NOTE
r-devel-windows-ix86+x86_64 1.6 10.00 51.00 61.00 NOTE
r-patched-linux-x86_64 1.6 3.48 38.58 42.06 NOTE
r-patched-solaris-x86 1.6 80.50 NOTE
r-release-linux-x86_64 1.6 3.35 38.49 41.84 NOTE
r-release-windows-ix86+x86_64 1.6 8.00 71.00 79.00 NOTE
r-release-osx-x86_64 1.6 NOTE
r-oldrel-windows-ix86+x86_64 1.6 6.00 47.00 53.00 NOTE
r-oldrel-osx-x86_64 1.6 NOTE

Check Details

Version: 1.6
Check: R code for possible problems
Result: NOTE
    DrawDensity3D: no visible global function definition for ‘colorRamp’
    DrawDensity3D: no visible global function definition for ‘rgb’
    ReadFromFile3D: no visible global function definition for ‘read.table’
    Undefined global functions or variables:
     colorRamp read.table rgb
    Consider adding
     importFrom("grDevices", "colorRamp", "rgb")
     importFrom("utils", "read.table")
    to your NAMESPACE file.
Flavors: r-devel-linux-x86_64-debian-clang, r-devel-linux-x86_64-debian-gcc, r-devel-linux-x86_64-fedora-clang, r-devel-linux-x86_64-fedora-gcc, r-devel-windows-ix86+x86_64, r-patched-linux-x86_64, r-patched-solaris-x86, r-release-linux-x86_64, r-release-windows-ix86+x86_64, r-release-osx-x86_64, r-oldrel-windows-ix86+x86_64, r-oldrel-osx-x86_64