CRAN Package Check Results for Package VecStatGraphs3D

Last updated on 2015-04-18 10:00:53.

Flavor Version Tinstall Tcheck Ttotal Status Flags
r-devel-linux-x86_64-debian-clang 1.6 1.06 17.38 18.45 OK
r-devel-linux-x86_64-debian-gcc 1.6 1.15 16.54 17.69 OK
r-devel-linux-x86_64-fedora-clang 1.6 36.75 OK
r-devel-linux-x86_64-fedora-gcc 1.6 33.37 OK
r-devel-osx-x86_64-clang 1.6 36.45 OK
r-prerel-windows-ix86+x86_64 1.6 9.00 26.00 35.00 OK
r-prerel-linux-x86_64 1.6 1.10 16.76 17.86 OK
r-prerel-solaris-sparc 1.6 220.00 OK
r-prerel-solaris-x86 1.6 55.00 OK
r-release-linux-x86_64 1.6 1.15 16.99 18.14 OK
r-release-osx-x86_64-mavericks 1.6 OK
r-release-osx-x86_64-snowleopard 1.6 ERROR
r-release-windows-ix86+x86_64 1.6 5.00 37.00 42.00 OK
r-oldrel-windows-ix86+x86_64 1.6 5.00 39.00 44.00 OK

Check Details

Version: 1.6
Check: examples
Result: ERROR
    Running examples in ‘VecStatGraphs3D-Ex.R’ failed
    The error most likely occurred in:
    
    > ### Name: DrawDensity3D
    > ### Title: Graphic representation of a point Density Map.
    > ### Aliases: DrawDensity3D
    > ### Keywords: graphics
    >
    > ### ** Examples
    >
    > FileName<-system.file("data/XYZcoor.txt", package="VecStatGraphs3D")
    > dat<-LoadData3D(FileName, Type=1)
    > coordinates<-dat[,4:6]
    > DrawDensity3D(coordinates, Layers=3, Div=50)
    Tue Apr 14 04:06:35 hagal.research.att.com R[65805] <Error>: unknown error code: invalid pixel format
    Tue Apr 14 04:06:35 hagal.research.att.com R[65805] <Error>: kCGErrorFailure: Set a breakpoint @ CGErrorBreakpoint() to catch errors as they are logged.
    X Error of failed request: GLXBadContext
     Major opcode of failed request: 0 ()
     Serial number of failed request: 27
     Current serial number in output stream: 27
Flavor: r-release-osx-x86_64-snowleopard