CRAN Package Check Results for Package VecStatGraphs3D

Last updated on 2014-04-24 07:52:40.

Flavor Version Tinstall Tcheck Ttotal Status Flags
r-devel-linux-x86_64-debian-clang 1.5 1.22 19.08 20.30 NOTE
r-devel-linux-x86_64-debian-gcc 1.5 1.34 19.20 20.54 NOTE
r-devel-linux-x86_64-fedora-clang 1.5 39.90 NOTE
r-devel-linux-x86_64-fedora-gcc 1.5 36.35 NOTE
r-devel-osx-x86_64-clang 1.5 35.57 NOTE
r-devel-osx-x86_64-gcc 1.5 NOTE
r-devel-windows-ix86+x86_64 1.5 4.00 29.00 33.00 NOTE
r-patched-linux-x86_64 1.5 1.28 19.58 20.86 NOTE
r-patched-solaris-sparc 1.5 225.50 NOTE
r-patched-solaris-x86 1.5 68.50 NOTE
r-release-linux-ix86 1.5 2.00 40.00 42.00 NOTE
r-release-linux-x86_64 1.5 1.30 19.47 20.78 NOTE
r-release-osx-x86_64-mavericks 1.5 WARN
r-release-osx-x86_64-snowleopard 1.5 NOTE
r-release-windows-ix86+x86_64 1.5 4.00 29.00 33.00 NOTE
r-oldrel-windows-ix86+x86_64 1.5 5.00 34.00 39.00 NOTE

Check Details

Version: 1.5
Check: dependencies in R code
Result: NOTE
    'library' or 'require' calls to packages already attached by Depends:
     ‘misc3d’ ‘rgl’ ‘tcltk’
     Please remove these calls from your code.
    See the information on DESCRIPTION files in the chapter ‘Creating R
    packages’ of the ‘Writing R Extensions’ manual.
Flavors: r-devel-linux-x86_64-debian-clang, r-devel-linux-x86_64-debian-gcc, r-devel-linux-x86_64-fedora-clang, r-devel-linux-x86_64-fedora-gcc, r-devel-osx-x86_64-clang, r-devel-osx-x86_64-gcc, r-devel-windows-ix86+x86_64, r-patched-linux-x86_64, r-patched-solaris-sparc, r-patched-solaris-x86, r-release-linux-ix86, r-release-linux-x86_64, r-release-osx-x86_64-mavericks, r-release-osx-x86_64-snowleopard, r-release-windows-ix86+x86_64, r-oldrel-windows-ix86+x86_64

Version: 1.5
Check: Rd line widths
Result: NOTE
    Rd file 'Arrows3D.Rd':
     \usage lines wider than 90 characters:
     Arrows3D(a, b, colo = "blue", headLength = 0.3, headWidth = 0.5, width = 1, transparent = FALSE, plane = "XY")
    
    Rd file 'DrawModuleAndAngleDistribution3D.Rd':
     \usage lines wider than 90 characters:
     DrawModuleAndAngleDistribution3D(dat, Long = FALSE, hW = 0.5, hL = 0.3, plane, BarSlider = FALSE)
    
    These lines will be truncated in the PDF manual.
Flavors: r-devel-linux-x86_64-fedora-clang, r-devel-linux-x86_64-fedora-gcc

Version: 1.5
Check: PDF version of manual
Result: WARNING
    LaTeX errors when creating PDF version.
    This typically indicates Rd problems.
    LaTeX errors found:
    ! LaTeX Error: File `upquote.sty' not found.
    
    Type X to quit or <RETURN> to proceed,
    or enter new name. (Default extension: sty)
    
    6f57b9e7/Rd2.tex:8: ==> Fatal error occurred, no output PDF file produced!
Flavor: r-release-osx-x86_64-mavericks