CRAN Package Check Results for Package VecStatGraphs3D

Last updated on 2014-09-30 11:48:38.

Flavor Version Tinstall Tcheck Ttotal Status Flags
r-devel-linux-x86_64-debian-clang 1.5 1.25 18.67 19.92 NOTE
r-devel-linux-x86_64-debian-gcc 1.5 1.19 18.56 19.75 NOTE
r-devel-linux-x86_64-fedora-clang 1.5 39.25 NOTE
r-devel-linux-x86_64-fedora-gcc 1.5 37.26 NOTE
r-devel-osx-x86_64-clang 1.5 37.11 NOTE
r-devel-windows-ix86+x86_64 1.5 4.00 28.00 32.00 NOTE
r-patched-linux-x86_64 1.5 1.29 19.03 20.32 NOTE
r-patched-solaris-sparc 1.5 233.10 NOTE
r-patched-solaris-x86 1.5 60.40 NOTE
r-release-linux-ix86 1.5 1.68 28.28 29.96 NOTE
r-release-linux-x86_64 1.5 1.43 19.44 20.86 NOTE
r-release-osx-x86_64-mavericks 1.5 NOTE
r-release-osx-x86_64-snowleopard 1.5 NOTE
r-release-windows-ix86+x86_64 1.5 5.00 31.00 36.00 NOTE
r-oldrel-windows-ix86+x86_64 1.5 5.00 31.00 36.00 NOTE

Check Details

Version: 1.5
Check: dependencies in R code
Result: NOTE
    'library' or 'require' calls to packages already attached by Depends:
     ‘misc3d’ ‘rgl’ ‘tcltk’
     Please remove these calls from your code.
    See the information on DESCRIPTION files in the chapter ‘Creating R
    packages’ of the ‘Writing R Extensions’ manual.
Flavors: r-devel-linux-x86_64-debian-clang, r-devel-linux-x86_64-debian-gcc, r-devel-linux-x86_64-fedora-clang, r-devel-linux-x86_64-fedora-gcc, r-devel-osx-x86_64-clang, r-devel-windows-ix86+x86_64, r-patched-linux-x86_64, r-patched-solaris-sparc, r-patched-solaris-x86, r-release-linux-ix86, r-release-linux-x86_64, r-release-osx-x86_64-mavericks, r-release-osx-x86_64-snowleopard, r-release-windows-ix86+x86_64, r-oldrel-windows-ix86+x86_64

Version: 1.5
Check: Rd line widths
Result: NOTE
    Rd file 'Arrows3D.Rd':
     \usage lines wider than 90 characters:
     Arrows3D(a, b, colo = "blue", headLength = 0.3, headWidth = 0.5, width = 1, transparent = FALSE, plane = "XY")
    
    Rd file 'DrawModuleAndAngleDistribution3D.Rd':
     \usage lines wider than 90 characters:
     DrawModuleAndAngleDistribution3D(dat, Long = FALSE, hW = 0.5, hL = 0.3, plane, BarSlider = FALSE)
    
    These lines will be truncated in the PDF manual.
Flavors: r-devel-linux-x86_64-debian-clang, r-devel-linux-x86_64-debian-gcc, r-devel-linux-x86_64-fedora-clang, r-devel-linux-x86_64-fedora-gcc, r-patched-linux-x86_64, r-release-linux-x86_64