CRAN Package Check Results for Package VecStatGraphs3D

Last updated on 2014-12-23 03:49:56.

Flavor Version Tinstall Tcheck Ttotal Status Flags
r-devel-linux-x86_64-debian-clang 1.6 1.36 19.54 20.90 OK
r-devel-linux-x86_64-debian-gcc 1.6 1.38 19.10 20.48 OK
r-devel-linux-x86_64-fedora-clang 1.6 41.35 OK
r-devel-linux-x86_64-fedora-gcc 1.6 37.65 OK
r-devel-osx-x86_64-clang 1.6 39.90 OK
r-devel-windows-ix86+x86_64 1.6 7.00 31.00 38.00 OK
r-patched-linux-x86_64 1.6 1.21 18.86 20.08 OK
r-patched-solaris-sparc 1.6 226.70 OK
r-patched-solaris-x86 1.6 56.80 OK
r-release-linux-ix86 1.6 1.68 27.52 29.20 OK
r-release-linux-x86_64 1.6 1.23 19.08 20.31 OK
r-release-osx-x86_64-mavericks 1.6 OK
r-release-osx-x86_64-snowleopard 1.6 ERROR
r-release-windows-ix86+x86_64 1.6 6.00 30.00 36.00 OK
r-oldrel-windows-ix86+x86_64 1.6 6.00 32.00 38.00 OK

Check Details

Version: 1.6
Check: examples
Result: ERROR
    Running examples in ‘VecStatGraphs3D-Ex.R’ failed
    The error most likely occurred in:
    
    > ### Name: DrawDensity3D
    > ### Title: Graphic representation of a point Density Map.
    > ### Aliases: DrawDensity3D
    > ### Keywords: graphics
    >
    > ### ** Examples
    >
    > FileName<-system.file("data/XYZcoor.txt", package="VecStatGraphs3D")
    > dat<-LoadData3D(FileName, Type=1)
    > coordinates<-dat[,4:6]
    > DrawDensity3D(coordinates, Layers=3, Div=50)
    Mon Dec 22 09:00:54 hagal.research.att.com R[3118] <Error>: unknown error code: invalid pixel format
    Mon Dec 22 09:00:54 hagal.research.att.com R[3118] <Error>: kCGErrorFailure: Set a breakpoint @ CGErrorBreakpoint() to catch errors as they are logged.
    X Error of failed request: GLXBadContext
     Major opcode of failed request: 0 ()
     Serial number of failed request: 27
     Current serial number in output stream: 27
Flavor: r-release-osx-x86_64-snowleopard