CRAN Package Check Results for Package VecStatGraphs3D

Last updated on 2015-08-03 05:48:08.

Flavor Version Tinstall Tcheck Ttotal Status Flags
r-devel-linux-x86_64-debian-clang 1.6 1.11 17.22 18.33 NOTE
r-devel-linux-x86_64-debian-gcc 1.6 1.04 16.80 17.83 NOTE
r-devel-linux-x86_64-fedora-clang 1.6 33.76 NOTE
r-devel-linux-x86_64-fedora-gcc 1.6 32.92 NOTE
r-devel-osx-x86_64-clang 1.6 32.67 OK
r-devel-windows-ix86+x86_64 1.6 5.00 28.00 33.00 NOTE
r-patched-linux-x86_64 1.6 1.10 17.64 18.74 OK
r-patched-solaris-sparc 1.6 220.30 OK
r-patched-solaris-x86 1.6 55.30 OK
r-release-linux-x86_64 1.6 1.09 17.37 18.46 OK
r-release-osx-x86_64-mavericks 1.6 OK
r-release-windows-ix86+x86_64 1.6 10.00 29.00 39.00 OK
r-oldrel-windows-ix86+x86_64 1.6 7.00 34.00 41.00 OK

Check Details

Version: 1.6
Check: R code for possible problems
Result: NOTE
    DrawDensity3D: no visible global function definition for ‘colorRamp’
    DrawDensity3D: no visible global function definition for ‘rgb’
    ReadFromFile3D: no visible global function definition for ‘read.table’
    Undefined global functions or variables:
     colorRamp read.table rgb
    Consider adding
     importFrom("grDevices", "colorRamp", "rgb")
     importFrom("utils", "read.table")
    to your NAMESPACE.
Flavors: r-devel-linux-x86_64-debian-clang, r-devel-linux-x86_64-debian-gcc, r-devel-linux-x86_64-fedora-clang, r-devel-linux-x86_64-fedora-gcc, r-devel-windows-ix86+x86_64