CRAN Package Check Results for Package VecStatGraphs3D

Last updated on 2016-02-12 05:48:19.

Flavor Version Tinstall Tcheck Ttotal Status Flags
r-devel-linux-x86_64-debian-gcc 1.6 1.20 17.07 18.27 NOTE
r-devel-linux-x86_64-fedora-clang 1.6 31.62 NOTE
r-devel-linux-x86_64-fedora-gcc 1.6 29.80 NOTE
r-devel-osx-x86_64-clang 1.6 33.40 NOTE
r-devel-windows-ix86+x86_64 1.6 7.00 31.00 38.00 NOTE
r-patched-linux-x86_64 1.6 1.20 18.05 19.25 OK
r-patched-solaris-sparc 1.6 195.10 OK
r-patched-solaris-x86 1.6 45.80 OK
r-release-linux-x86_64 1.6 1.36 18.25 19.61 OK
r-release-osx-x86_64-mavericks 1.6 OK
r-release-windows-ix86+x86_64 1.6 8.00 26.00 34.00 OK
r-oldrel-windows-ix86+x86_64 1.6 9.00 34.00 43.00 OK

Check Details

Version: 1.6
Check: R code for possible problems
Result: NOTE
    DrawDensity3D: no visible global function definition for ‘colorRamp’
    DrawDensity3D: no visible global function definition for ‘rgb’
    ReadFromFile3D: no visible global function definition for ‘read.table’
    Undefined global functions or variables:
     colorRamp read.table rgb
    Consider adding
     importFrom("grDevices", "colorRamp", "rgb")
     importFrom("utils", "read.table")
    to your NAMESPACE file.
Flavors: r-devel-linux-x86_64-debian-gcc, r-devel-linux-x86_64-fedora-clang, r-devel-linux-x86_64-fedora-gcc, r-devel-osx-x86_64-clang, r-devel-windows-ix86+x86_64