CRAN Package Check Results for Package VecStatGraphs3D

Last updated on 2015-05-29 15:47:16.

Flavor Version Tinstall Tcheck Ttotal Status Flags
r-devel-linux-x86_64-debian-clang 1.6 1.06 17.13 18.18 OK
r-devel-linux-x86_64-debian-gcc 1.6 1.07 17.10 18.17 OK
r-devel-linux-x86_64-fedora-clang 1.6 36.65 OK
r-devel-linux-x86_64-fedora-gcc 1.6 32.88 OK
r-devel-osx-x86_64-clang 1.6 35.50 OK
r-devel-windows-ix86+x86_64 1.6 4.00 28.00 32.00 OK
r-patched-linux-x86_64 1.6 1.05 16.80 17.85 OK
r-patched-solaris-sparc 1.6 210.40 OK
r-patched-solaris-x86 1.6 52.30 OK
r-release-linux-x86_64 1.6 1.07 16.90 17.97 OK
r-release-osx-x86_64-mavericks 1.6 OK
r-release-osx-x86_64-snowleopard 1.6 ERROR
r-release-windows-ix86+x86_64 1.6 7.00 28.00 35.00 OK
r-oldrel-windows-ix86+x86_64 1.6 6.00 31.00 37.00 OK

Check Details

Version: 1.6
Check: examples
Result: ERROR
    Running examples in ‘VecStatGraphs3D-Ex.R’ failed
    The error most likely occurred in:
    
    > ### Name: DrawDensity3D
    > ### Title: Graphic representation of a point Density Map.
    > ### Aliases: DrawDensity3D
    > ### Keywords: graphics
    >
    > ### ** Examples
    >
    > FileName<-system.file("data/XYZcoor.txt", package="VecStatGraphs3D")
    > dat<-LoadData3D(FileName, Type=1)
    > coordinates<-dat[,4:6]
    > DrawDensity3D(coordinates, Layers=3, Div=50)
    Wed Apr 29 08:58:21 hagal.research.att.com R[26369] <Error>: unknown error code: invalid pixel format
    Wed Apr 29 08:58:21 hagal.research.att.com R[26369] <Error>: kCGErrorFailure: Set a breakpoint @ CGErrorBreakpoint() to catch errors as they are logged.
    X Error of failed request: GLXBadContext
     Major opcode of failed request: 0 ()
     Serial number of failed request: 27
     Current serial number in output stream: 27
Flavor: r-release-osx-x86_64-snowleopard