CRAN Package Check Results for Package VecStatGraphs3D

Last updated on 2015-07-01 13:47:41.

Flavor Version Tinstall Tcheck Ttotal Status Flags
r-devel-linux-x86_64-debian-clang 1.6 1.08 16.98 18.06 NOTE
r-devel-linux-x86_64-debian-gcc 1.6 1.16 16.36 17.52 NOTE
r-devel-linux-x86_64-fedora-clang 1.6 34.25 NOTE
r-devel-linux-x86_64-fedora-gcc 1.6 31.87 NOTE
r-devel-osx-x86_64-clang 1.6 34.02 OK
r-devel-windows-ix86+x86_64 1.6 6.00 28.00 34.00 NOTE
r-patched-linux-x86_64 1.6 1.10 16.92 18.02 OK
r-patched-solaris-sparc 1.6 210.40 OK
r-patched-solaris-x86 1.6 54.10 OK
r-release-linux-x86_64 1.6 1.17 17.77 18.94 OK
r-release-osx-x86_64-mavericks 1.6 OK
r-release-windows-ix86+x86_64 1.6 5.00 27.00 32.00 OK
r-oldrel-windows-ix86+x86_64 1.6 10.00 31.00 41.00 OK

Check Details

Version: 1.6
Check: R code for possible problems
Result: NOTE
    DrawDensity3D: no visible global function definition for ‘colorRamp’
    DrawDensity3D: no visible global function definition for ‘rgb’
    ReadFromFile3D: no visible global function definition for ‘read.table’
Flavors: r-devel-linux-x86_64-debian-clang, r-devel-linux-x86_64-debian-gcc, r-devel-linux-x86_64-fedora-clang, r-devel-linux-x86_64-fedora-gcc, r-devel-windows-ix86+x86_64