CRAN Package Check Results for Package VecStatGraphs3D

Last updated on 2015-03-06 06:47:13.

Flavor Version Tinstall Tcheck Ttotal Status Flags
r-devel-linux-x86_64-debian-clang 1.6 1.11 17.19 18.30 OK
r-devel-linux-x86_64-debian-gcc 1.6 1.08 16.51 17.59 OK
r-devel-linux-x86_64-fedora-clang 1.6 35.23 OK
r-devel-linux-x86_64-fedora-gcc 1.6 33.19 OK
r-devel-osx-x86_64-clang 1.6 36.41 OK
r-devel-windows-ix86+x86_64 1.6 5.00 28.00 33.00 OK
r-patched-linux-x86_64 1.6 1.24 19.28 20.52 OK
r-patched-solaris-sparc 1.6 256.70 OK
r-patched-solaris-x86 1.6 57.90 OK
r-release-linux-ix86 1.6 1.72 28.66 30.38 OK
r-release-linux-x86_64 1.6 1.26 19.11 20.36 OK
r-release-osx-x86_64-mavericks 1.6 OK
r-release-osx-x86_64-snowleopard 1.6 ERROR
r-release-windows-ix86+x86_64 1.6 5.00 32.00 37.00 OK
r-oldrel-windows-ix86+x86_64 1.6 6.00 38.00 44.00 OK

Check Details

Version: 1.6
Check: examples
Result: ERROR
    Running examples in ‘VecStatGraphs3D-Ex.R’ failed
    The error most likely occurred in:
    
    > ### Name: DrawDensity3D
    > ### Title: Graphic representation of a point Density Map.
    > ### Aliases: DrawDensity3D
    > ### Keywords: graphics
    >
    > ### ** Examples
    >
    > FileName<-system.file("data/XYZcoor.txt", package="VecStatGraphs3D")
    > dat<-LoadData3D(FileName, Type=1)
    > coordinates<-dat[,4:6]
    > DrawDensity3D(coordinates, Layers=3, Div=50)
    Thu Mar 5 10:36:08 hagal.research.att.com R[38181] <Error>: unknown error code: invalid pixel format
    Thu Mar 5 10:36:08 hagal.research.att.com R[38181] <Error>: kCGErrorFailure: Set a breakpoint @ CGErrorBreakpoint() to catch errors as they are logged.
    X Error of failed request: GLXBadContext
     Major opcode of failed request: 0 ()
     Serial number of failed request: 27
     Current serial number in output stream: 27
Flavor: r-release-osx-x86_64-snowleopard