CRAN Package Check Results for Package VecStatGraphs3D

Last updated on 2016-05-04 21:47:04.

Flavor Version Tinstall Tcheck Ttotal Status Flags
r-devel-linux-x86_64-debian-gcc 1.6 1.06 18.05 19.11 NOTE
r-devel-linux-x86_64-fedora-clang 1.6 32.25 NOTE
r-devel-linux-x86_64-fedora-gcc 1.6 30.17 NOTE
r-devel-osx-x86_64-clang 1.6 34.05 NOTE
r-devel-windows-ix86+x86_64 1.6 6.00 38.00 44.00 NOTE
r-patched-linux-x86_64 1.6 1.05 17.67 18.72 NOTE
r-patched-solaris-sparc 1.6 189.70 NOTE
r-patched-solaris-x86 1.6 46.40 NOTE
r-release-linux-x86_64 1.6 1.06 17.63 18.69 NOTE
r-release-osx-x86_64-mavericks 1.6 OK
r-release-windows-ix86+x86_64 1.6 6.00 38.00 44.00 NOTE
r-oldrel-windows-ix86+x86_64 1.6 9.00 44.00 53.00 OK

Check Details

Version: 1.6
Check: R code for possible problems
Result: NOTE
    DrawDensity3D: no visible global function definition for ‘colorRamp’
    DrawDensity3D: no visible global function definition for ‘rgb’
    ReadFromFile3D: no visible global function definition for ‘read.table’
    Undefined global functions or variables:
     colorRamp read.table rgb
    Consider adding
     importFrom("grDevices", "colorRamp", "rgb")
     importFrom("utils", "read.table")
    to your NAMESPACE file.
Flavors: r-devel-linux-x86_64-debian-gcc, r-devel-linux-x86_64-fedora-clang, r-devel-linux-x86_64-fedora-gcc, r-devel-osx-x86_64-clang, r-devel-windows-ix86+x86_64, r-patched-linux-x86_64, r-patched-solaris-sparc, r-patched-solaris-x86, r-release-linux-x86_64, r-release-windows-ix86+x86_64