CRAN Package Check Results for Package VecStatGraphs3D

Last updated on 2018-04-21 14:47:18 CEST.

Flavor Version Tinstall Tcheck Ttotal Status Flags
r-devel-linux-x86_64-debian-clang 1.6 3.50 38.79 42.29 NOTE
r-devel-linux-x86_64-debian-gcc 1.6 2.13 31.39 33.52 NOTE
r-devel-linux-x86_64-fedora-clang 1.6 48.30 NOTE
r-devel-linux-x86_64-fedora-gcc 1.6 47.95 NOTE
r-devel-windows-ix86+x86_64 1.6 12.00 52.00 64.00 NOTE
r-devel-osx-x86_64 1.6 NOTE
r-patched-linux-x86_64 1.6 3.30 37.88 41.18 NOTE
r-patched-solaris-x86 1.6 81.70 NOTE
r-release-linux-x86_64 1.6 2.84 40.15 42.99 NOTE
r-release-windows-ix86+x86_64 1.6 12.00 68.00 80.00 NOTE
r-release-osx-x86_64 1.6 NOTE
r-oldrel-windows-ix86+x86_64 1.6 10.00 47.00 57.00 NOTE

Check Details

Version: 1.6
Check: R code for possible problems
Result: NOTE
    DrawDensity3D: no visible global function definition for ‘colorRamp’
    DrawDensity3D: no visible global function definition for ‘rgb’
    ReadFromFile3D: no visible global function definition for ‘read.table’
    Undefined global functions or variables:
     colorRamp read.table rgb
    Consider adding
     importFrom("grDevices", "colorRamp", "rgb")
     importFrom("utils", "read.table")
    to your NAMESPACE file.
Flavors: r-devel-linux-x86_64-debian-clang, r-devel-linux-x86_64-debian-gcc, r-devel-linux-x86_64-fedora-clang, r-devel-linux-x86_64-fedora-gcc, r-devel-windows-ix86+x86_64, r-devel-osx-x86_64, r-patched-linux-x86_64, r-patched-solaris-x86, r-release-linux-x86_64, r-release-windows-ix86+x86_64, r-release-osx-x86_64, r-oldrel-windows-ix86+x86_64