CRAN Package Check Results for Package VennDiagram

Last updated on 2015-08-01 11:49:21.

Flavor Version Tinstall Tcheck Ttotal Status Flags
r-devel-linux-x86_64-debian-clang 1.6.9 0.84 31.78 32.62 NOTE
r-devel-linux-x86_64-debian-gcc 1.6.9 0.84 30.39 31.23 NOTE
r-devel-linux-x86_64-fedora-clang 1.6.9 60.53 NOTE
r-devel-linux-x86_64-fedora-gcc 1.6.9 58.17 NOTE
r-devel-osx-x86_64-clang 1.6.9 56.23 OK
r-devel-windows-ix86+x86_64 1.6.9 4.00 52.00 56.00 NOTE
r-patched-linux-x86_64 1.6.9 0.90 31.58 32.48 OK
r-patched-solaris-sparc 1.6.9 422.10 OK
r-patched-solaris-x86 1.6.9 76.50 OK
r-release-linux-x86_64 1.6.9 0.86 31.43 32.29 OK
r-release-osx-x86_64-mavericks 1.6.9 OK
r-release-windows-ix86+x86_64 1.6.9 4.00 48.00 52.00 OK
r-oldrel-windows-ix86+x86_64 1.6.9 5.00 55.00 60.00 OK

Check Details

Version: 1.6.9
Check: R code for possible problems
Result: NOTE
    decide.special.case: no visible global function definition for ‘combn’
    venn.diagram: no visible global function definition for ‘tiff’
    venn.diagram: no visible global function definition for ‘png’
    venn.diagram: no visible global function definition for ‘svg’
    venn.diagram: no visible global function definition for ‘dev.off’
    Undefined global functions or variables:
     combn dev.off png svg tiff
    Consider adding
     importFrom("grDevices", "dev.off", "png", "svg", "tiff")
     importFrom("utils", "combn")
    to your NAMESPACE.
Flavors: r-devel-linux-x86_64-debian-clang, r-devel-linux-x86_64-debian-gcc, r-devel-linux-x86_64-fedora-clang, r-devel-linux-x86_64-fedora-gcc, r-devel-windows-ix86+x86_64