CRAN Package Check Results for Package VennDiagram

Last updated on 2014-09-03 05:47:57.

Flavor Version Tinstall Tcheck Ttotal Status Flags
r-devel-linux-x86_64-debian-clang 1.6.7 0.99 30.38 31.37 NOTE
r-devel-linux-x86_64-debian-gcc 1.6.7 0.88 30.14 31.02 NOTE
r-devel-linux-x86_64-fedora-clang 1.6.7 61.97 NOTE
r-devel-linux-x86_64-fedora-gcc 1.6.7 59.04 NOTE
r-devel-osx-x86_64-clang 1.6.7 55.12 NOTE
r-devel-windows-ix86+x86_64 1.6.7 3.00 42.00 45.00 NOTE
r-patched-linux-x86_64 1.6.7 0.96 29.83 30.79 NOTE
r-patched-solaris-sparc 1.6.7 430.20 NOTE
r-patched-solaris-x86 1.6.7 78.60 NOTE
r-release-linux-ix86 1.6.7 1.28 40.94 42.21 OK
r-release-linux-x86_64 1.6.7 0.92 32.06 32.98 OK
r-release-osx-x86_64-mavericks 1.6.7 OK
r-release-osx-x86_64-snowleopard 1.6.7 OK
r-release-windows-ix86+x86_64 1.6.7 4.00 45.00 49.00 OK
r-oldrel-windows-ix86+x86_64 1.6.7 4.00 63.00 67.00 OK

Check Details

Version: 1.6.7
Check: dependencies in R code
Result: NOTE
    Package in Depends field not imported from: ‘grid’
     These packages need to be imported from (in the NAMESPACE file)
     for when this namespace is loaded but not attached.
    See the information on DESCRIPTION files in the chapter ‘Creating R
    packages’ of the ‘Writing R Extensions’ manual.
Flavors: r-devel-linux-x86_64-debian-clang, r-devel-linux-x86_64-debian-gcc, r-devel-linux-x86_64-fedora-clang, r-devel-linux-x86_64-fedora-gcc, r-devel-osx-x86_64-clang, r-devel-windows-ix86+x86_64, r-patched-linux-x86_64, r-patched-solaris-sparc, r-patched-solaris-x86

Version: 1.6.7
Check: R code for possible problems
Result: NOTE
    add.title: no visible global function definition for ‘textGrob’
    add.title: no visible global function definition for ‘gpar’
    adjust.venn: no visible global function definition for ‘unit’
    draw.pairwise.venn: no visible global function definition for ‘gList’
    draw.pairwise.venn: no visible global function definition for ‘gpar’
    draw.pairwise.venn: no visible global function definition for
     ‘textGrob’
    draw.pairwise.venn: no visible global function definition for
     ‘linesGrob’
    draw.pairwise.venn: no visible global function definition for
     ‘grid.draw’
    draw.quad.venn: no visible global function definition for ‘gList’
    draw.quad.venn: no visible global function definition for ‘gpar’
    draw.quad.venn: no visible global function definition for ‘textGrob’
    draw.quad.venn: no visible global function definition for ‘grid.draw’
    draw.quintuple.venn: no visible global function definition for ‘gList’
    draw.quintuple.venn: no visible global function definition for ‘gpar’
    draw.quintuple.venn: no visible global function definition for
     ‘textGrob’
    draw.quintuple.venn: no visible global function definition for
     ‘grid.draw’
    draw.single.venn: no visible global function definition for ‘gList’
    draw.single.venn: no visible global function definition for ‘gpar’
    draw.single.venn: no visible global function definition for ‘textGrob’
    draw.single.venn: no visible global function definition for ‘grid.draw’
    draw.sp.case: no visible global function definition for ‘gList’
    draw.sp.case: no visible global function definition for ‘gpar’
    draw.sp.case: no visible global function definition for ‘textGrob’
    draw.triple.venn: no visible global function definition for ‘grid.draw’
    draw.triple.venn: no visible global function definition for ‘gList’
    draw.triple.venn: no visible global function definition for ‘gpar’
    draw.triple.venn: no visible global function definition for ‘textGrob’
    ellipse: no visible global function definition for ‘polygonGrob’
    flip.venn: no visible global function definition for ‘unit’
    rotate.venn.degrees: no visible global function definition for ‘unit’
    venn.diagram: no visible global function definition for ‘grid.draw’
Flavors: r-devel-linux-x86_64-debian-clang, r-devel-linux-x86_64-debian-gcc, r-devel-linux-x86_64-fedora-clang, r-devel-linux-x86_64-fedora-gcc, r-devel-osx-x86_64-clang, r-devel-windows-ix86+x86_64