CRAN Package Check Results for Package VennDiagram

Last updated on 2015-07-02 17:47:52.

Flavor Version Tinstall Tcheck Ttotal Status Flags
r-devel-linux-x86_64-debian-clang 1.6.9 0.82 31.10 31.92 NOTE
r-devel-linux-x86_64-debian-gcc 1.6.9 0.84 29.84 30.67 NOTE
r-devel-linux-x86_64-fedora-clang 1.6.9 60.67 NOTE
r-devel-linux-x86_64-fedora-gcc 1.6.9 53.08 NOTE
r-devel-osx-x86_64-clang 1.6.9 60.43 OK
r-devel-windows-ix86+x86_64 1.6.9 6.00 55.00 61.00 OK
r-patched-linux-x86_64 1.6.9 0.85 30.16 31.01 OK
r-patched-solaris-sparc 1.6.9 408.70 OK
r-patched-solaris-x86 1.6.9 76.50 OK
r-release-linux-x86_64 1.6.9 0.85 31.11 31.96 OK
r-release-osx-x86_64-mavericks 1.6.9 OK
r-release-windows-ix86+x86_64 1.6.9 4.00 48.00 52.00 OK
r-oldrel-windows-ix86+x86_64 1.6.9 5.00 55.00 60.00 OK

Check Details

Version: 1.6.9
Check: R code for possible problems
Result: NOTE
    decide.special.case: no visible global function definition for ‘combn’
    venn.diagram: no visible global function definition for ‘tiff’
    venn.diagram: no visible global function definition for ‘png’
    venn.diagram: no visible global function definition for ‘svg’
    venn.diagram: no visible global function definition for ‘dev.off’
Flavors: r-devel-linux-x86_64-debian-clang, r-devel-linux-x86_64-debian-gcc

Version: 1.6.9
Check: R code for possible problems
Result: NOTE
    decide.special.case: no visible global function definition for ‘combn’
    venn.diagram: no visible global function definition for ‘tiff’
    venn.diagram: no visible global function definition for ‘png’
    venn.diagram: no visible global function definition for ‘svg’
    venn.diagram: no visible global function definition for ‘dev.off’
    Undefined global functions or variables:
     combn dev.off png svg tiff
Flavors: r-devel-linux-x86_64-fedora-clang, r-devel-linux-x86_64-fedora-gcc