CRAN Package Check Results for Package VetResearchLMM

Last updated on 2024-04-23 11:56:02 CEST.

Flavor Version Tinstall Tcheck Ttotal Status Flags
r-devel-linux-x86_64-debian-clang 1.0.0 10.56 106.31 116.87 NOTE
r-devel-linux-x86_64-debian-gcc 1.0.0 8.93 78.80 87.73 NOTE
r-devel-linux-x86_64-fedora-clang 1.0.0 144.19 NOTE
r-devel-linux-x86_64-fedora-gcc 1.0.0 141.35 NOTE
r-prerel-macos-arm64 1.0.0 43.00 NOTE
r-prerel-windows-x86_64 1.0.0 10.00 199.00 209.00 NOTE
r-patched-linux-x86_64 1.0.0 8.67 98.17 106.84 NOTE
r-release-linux-x86_64 1.0.0 12.38 103.91 116.29 NOTE
r-release-macos-arm64 1.0.0 47.00 NOTE
r-release-macos-x86_64 1.0.0 75.00 NOTE
r-release-windows-x86_64 1.0.0 15.00 248.00 263.00 NOTE
r-oldrel-macos-arm64 1.0.0 43.00 NOTE
r-oldrel-windows-x86_64 1.0.0 16.00 118.00 134.00 OK

Check Details

Version: 1.0.0
Check: Rd files
Result: NOTE checkRd: (-1) ex121.Rd:18: Escaped LaTeX specials: \& checkRd: (-1) ex124.Rd:18: Escaped LaTeX specials: \& checkRd: (-1) ex125.Rd:18: Escaped LaTeX specials: \& checkRd: (-1) ex127.Rd:18: Escaped LaTeX specials: \& checkRd: (-1) ex32.Rd:18: Escaped LaTeX specials: \& checkRd: (-1) ex33.Rd:18: Escaped LaTeX specials: \& Flavors: r-devel-linux-x86_64-debian-clang, r-devel-linux-x86_64-debian-gcc, r-devel-linux-x86_64-fedora-clang, r-devel-linux-x86_64-fedora-gcc, r-prerel-macos-arm64, r-prerel-windows-x86_64, r-patched-linux-x86_64, r-release-linux-x86_64, r-release-macos-arm64, r-release-macos-x86_64, r-release-windows-x86_64

Version: 1.0.0
Check: dependencies in R code
Result: NOTE Namespace in Imports field not imported from: ‘nlme’ All declared Imports should be used. Flavors: r-devel-linux-x86_64-fedora-clang, r-devel-linux-x86_64-fedora-gcc, r-oldrel-macos-arm64