CRAN Package Check Results for Package VetResearchLMM

Last updated on 2020-08-12 22:48:38 CEST.

Flavor Version Tinstall Tcheck Ttotal Status Flags
r-devel-linux-x86_64-debian-clang 1.0.0 9.74 88.51 98.25 OK
r-devel-linux-x86_64-debian-gcc 1.0.0 9.63 67.02 76.65 OK
r-devel-linux-x86_64-fedora-clang 1.0.0 124.82 NOTE
r-devel-linux-x86_64-fedora-gcc 1.0.0 113.65 NOTE
r-devel-windows-ix86+x86_64 1.0.0 35.00 128.00 163.00 OK
r-patched-linux-x86_64 1.0.0 10.70 84.59 95.29 OK
r-patched-solaris-x86 1.0.0 172.90 NOTE
r-release-linux-x86_64 1.0.0 9.49 84.51 94.00 OK
r-release-macos-x86_64 1.0.0 NOTE
r-release-windows-ix86+x86_64 1.0.0 33.00 134.00 167.00 OK
r-oldrel-macos-x86_64 1.0.0 NOTE
r-oldrel-windows-ix86+x86_64 1.0.0 22.00 89.00 111.00 OK

Check Details

Version: 1.0.0
Check: dependencies in R code
Result: NOTE
    Namespace in Imports field not imported from: ‘nlme’
     All declared Imports should be used.
Flavors: r-devel-linux-x86_64-fedora-clang, r-devel-linux-x86_64-fedora-gcc, r-patched-solaris-x86, r-release-macos-x86_64, r-oldrel-macos-x86_64