CRAN Package Check Results for Package ViSiElse

Last updated on 2021-11-29 02:48:47 CET.

Flavor Version Tinstall Tcheck Ttotal Status Flags
r-devel-linux-x86_64-debian-clang 1.2.2 OK
r-devel-linux-x86_64-debian-gcc 1.2.2 10.88 136.77 147.65 OK
r-devel-linux-x86_64-fedora-clang 1.2.2 241.00 NOTE
r-devel-linux-x86_64-fedora-gcc 1.2.2 226.16 NOTE
r-devel-windows-x86_64-new-UL 1.2.2 27.00 236.00 263.00 OK
r-devel-windows-x86_64-new-TK 1.2.2 NOTE
r-devel-windows-x86_64-old 1.2.2 14.00 224.00 238.00 OK
r-patched-linux-x86_64 1.2.2 14.00 170.61 184.61 OK
r-patched-solaris-x86 1.2.2 168.90 NOTE
r-release-linux-x86_64 1.2.2 12.34 172.64 184.98 OK
r-release-macos-arm64 1.2.2 NOTE
r-release-macos-x86_64 1.2.2 NOTE
r-release-windows-ix86+x86_64 1.2.2 28.00 202.00 230.00 OK
r-oldrel-macos-x86_64 1.2.2 NOTE
r-oldrel-windows-ix86+x86_64 1.2.2 35.00 213.00 248.00 OK

Check Details

Version: 1.2.2
Check: dependencies in R code
Result: NOTE
    Namespaces in Imports field not imported from:
     ‘ggplot2’ ‘reshape2’
     All declared Imports should be used.
Flavors: r-devel-linux-x86_64-fedora-clang, r-devel-linux-x86_64-fedora-gcc, r-devel-windows-x86_64-new-TK, r-patched-solaris-x86, r-release-macos-arm64, r-release-macos-x86_64, r-oldrel-macos-x86_64