CRAN Package Check Results for Package VineCopula

Last updated on 2014-07-24 01:48:04.

Flavor Version Tinstall Tcheck Ttotal Status Flags
r-devel-linux-x86_64-debian-clang 1.3 11.10 95.68 106.78 OK
r-devel-linux-x86_64-debian-gcc 1.3 16.08 92.32 108.40 OK
r-devel-linux-x86_64-fedora-clang 1.3 239.38 OK
r-devel-linux-x86_64-fedora-gcc 1.3 235.58 OK
r-devel-osx-x86_64-clang 1.3 176.02 OK
r-devel-windows-ix86+x86_64 1.3 50.00 157.00 207.00 OK
r-patched-linux-x86_64 1.3 15.82 92.92 108.74 OK
r-patched-solaris-sparc 1.3 1227.60 OK
r-patched-solaris-x86 1.3 296.20 OK
r-release-linux-ix86 1.3 18.38 115.33 133.71 OK
r-release-linux-x86_64 1.3 16.20 100.11 116.30 OK
r-release-osx-x86_64-mavericks 1.3 ERROR
r-release-osx-x86_64-snowleopard 1.3 OK
r-release-windows-ix86+x86_64 1.3 47.00 162.00 209.00 OK
r-oldrel-windows-ix86+x86_64 1.3 47.00 165.00 212.00 OK

Check Details

Version: 1.3
Check: package dependencies
Result: ERROR
    Package required but not available: ‘copula’
    
    See the information on DESCRIPTION files in the chapter ‘Creating R
    packages’ of the ‘Writing R Extensions’ manual.
Flavor: r-release-osx-x86_64-mavericks