CRAN Package Check Results for Package VineCopula

Last updated on 2019-04-25 09:50:43 CEST.

Flavor Version Tinstall Tcheck Ttotal Status Flags
r-devel-linux-x86_64-debian-clang 2.1.8 42.04 191.02 233.06 NOTE
r-devel-linux-x86_64-debian-gcc 2.1.8 36.19 142.92 179.11 NOTE
r-devel-linux-x86_64-fedora-clang 2.1.8 302.17 NOTE
r-devel-linux-x86_64-fedora-gcc 2.1.8 294.05 NOTE
r-devel-windows-ix86+x86_64 2.1.8 119.00 371.00 490.00 NOTE
r-patched-linux-x86_64 2.1.8 44.73 187.54 232.27 NOTE
r-patched-solaris-x86 2.1.8 417.10 NOTE
r-release-linux-x86_64 2.1.8 37.88 184.76 222.64 OK
r-release-windows-ix86+x86_64 2.1.8 70.00 268.00 338.00 OK
r-release-osx-x86_64 2.1.8 OK
r-oldrel-windows-ix86+x86_64 2.1.8 52.00 286.00 338.00 OK
r-oldrel-osx-x86_64 2.1.8 OK

Check Details

Version: 2.1.8
Check: line endings in C/C++/Fortran sources/headers
Result: NOTE
    Found the following sources/headers not terminated with a newline:
     inst/include/VineCopula/pit.h
    Some compilers warn on such files.
Flavors: r-devel-linux-x86_64-debian-clang, r-devel-linux-x86_64-debian-gcc, r-devel-linux-x86_64-fedora-clang, r-devel-linux-x86_64-fedora-gcc, r-devel-windows-ix86+x86_64, r-patched-linux-x86_64, r-patched-solaris-x86