CRAN Package Check Results for Package VineCopula

Last updated on 2014-11-24 12:48:00.

Flavor Version Tinstall Tcheck Ttotal Status Flags
r-devel-linux-x86_64-debian-clang 1.3 11.40 91.52 102.92 NOTE
r-devel-linux-x86_64-debian-gcc 1.3 15.61 89.54 105.15 NOTE
r-devel-linux-x86_64-fedora-clang 1.3 228.21 NOTE
r-devel-linux-x86_64-fedora-gcc 1.3 218.00 NOTE
r-devel-osx-x86_64-clang 1.3 181.40 NOTE
r-devel-windows-ix86+x86_64 1.3 52.00 152.00 204.00 NOTE
r-patched-linux-x86_64 1.3 16.22 93.97 110.19 NOTE
r-patched-solaris-sparc 1.3 176.90 OK
r-patched-solaris-x86 1.3 297.70 NOTE
r-release-linux-ix86 1.3 17.29 109.20 126.49 NOTE
r-release-linux-x86_64 1.3 16.14 94.50 110.64 NOTE
r-release-osx-x86_64-mavericks 1.3 ERROR
r-release-osx-x86_64-snowleopard 1.3 OK
r-release-windows-ix86+x86_64 1.3 54.00 173.00 227.00 NOTE
r-oldrel-windows-ix86+x86_64 1.3 49.00 160.00 209.00 OK

Check Details

Version: 1.3
Check: R code for possible problems
Result: NOTE
    gof_PIT: no visible global function definition for ‘ad.test’
Flavors: r-devel-linux-x86_64-debian-clang, r-devel-linux-x86_64-debian-gcc, r-devel-linux-x86_64-fedora-clang, r-devel-linux-x86_64-fedora-gcc, r-devel-osx-x86_64-clang, r-devel-windows-ix86+x86_64, r-patched-linux-x86_64, r-patched-solaris-x86, r-release-linux-ix86, r-release-linux-x86_64, r-release-windows-ix86+x86_64

Version: 1.3
Check: package dependencies
Result: ERROR
    Package required but not available: ‘copula’
    
    See the information on DESCRIPTION files in the chapter ‘Creating R
    packages’ of the ‘Writing R Extensions’ manual.
Flavor: r-release-osx-x86_64-mavericks