CRAN Package Check Results for Package VineCopula

Last updated on 2017-03-30 10:48:47.

Flavor Version Tinstall Tcheck Ttotal Status Flags
r-devel-linux-x86_64-debian-clang 2.1.1 14.95 117.97 132.92 NOTE
r-devel-linux-x86_64-debian-gcc 2.1.1 16.55 115.70 132.25 NOTE
r-devel-linux-x86_64-fedora-clang 2.1.1 268.83 NOTE --no-stop-on-test-error
r-devel-linux-x86_64-fedora-gcc 2.1.1 262.79 NOTE --no-stop-on-test-error
r-devel-macos-x86_64-clang 2.1.1 188.97 NOTE --no-stop-on-test-error
r-devel-windows-ix86+x86_64 2.1.1 57.00 263.00 320.00 OK
r-patched-linux-x86_64 2.1.1 15.83 117.81 133.63 NOTE
r-patched-solaris-sparc 2.1.1 1621.00 OK
r-patched-solaris-x86 2.1.1 332.90 OK
r-release-linux-x86_64 2.1.1 14.84 109.07 123.91 OK
r-release-osx-x86_64-mavericks 2.1.1 OK
r-release-windows-ix86+x86_64 2.1.1 109.00 277.00 386.00 OK
r-oldrel-windows-ix86+x86_64 2.1.1 92.00 308.00 400.00 OK

Check Details

Version: 2.1.1
Check: compiled code
Result: NOTE
    File ‘VineCopula/libs/VineCopula.so’:
     Found no calls to: ‘R_registerRoutines’, ‘R_useDynamicSymbols’
    
    It is good practice to register native routines and to disable symbol
    search.
    
    See ‘Writing portable packages’ in the ‘Writing R Extensions’ manual.
Flavors: r-devel-linux-x86_64-debian-clang, r-devel-linux-x86_64-debian-gcc, r-patched-linux-x86_64

Version: 2.1.1
Flags: --no-stop-on-test-error
Check: compiled code
Result: NOTE
    File ‘VineCopula/libs/VineCopula.so’:
     Found no calls to: ‘R_registerRoutines’, ‘R_useDynamicSymbols’
    
    It is good practice to register native routines and to disable symbol
    search.
    
    See ‘Writing portable packages’ in the ‘Writing R Extensions’ manual.
Flavors: r-devel-linux-x86_64-fedora-clang, r-devel-linux-x86_64-fedora-gcc, r-devel-macos-x86_64-clang