CRAN Package Check Results for Package VineCopula

Last updated on 2014-10-23 00:48:13.

Flavor Version Tinstall Tcheck Ttotal Status Flags
r-devel-linux-x86_64-debian-clang 1.3 11.99 92.23 104.22 NOTE
r-devel-linux-x86_64-debian-gcc 1.3 15.75 90.08 105.83 NOTE
r-devel-linux-x86_64-fedora-clang 1.3 231.26 NOTE
r-devel-linux-x86_64-fedora-gcc 1.3 223.29 NOTE
r-devel-osx-x86_64-clang 1.3 180.65 NOTE
r-devel-windows-ix86+x86_64 1.3 44.00 152.00 196.00 NOTE
r-patched-linux-x86_64 1.3 16.46 95.62 112.08 NOTE
r-patched-solaris-sparc 1.3 176.90 OK
r-patched-solaris-x86 1.3 294.90 NOTE
r-release-linux-ix86 1.3 18.48 123.12 141.60 OK
r-release-linux-x86_64 1.3 16.23 96.11 112.34 OK
r-release-osx-x86_64-mavericks 1.3 ERROR
r-release-osx-x86_64-snowleopard 1.3 OK
r-release-windows-ix86+x86_64 1.3 50.00 164.00 214.00 OK
r-oldrel-windows-ix86+x86_64 1.3 50.00 156.00 206.00 OK

Check Details

Version: 1.3
Check: R code for possible problems
Result: NOTE
    gof_PIT: no visible global function definition for ‘ad.test’
Flavors: r-devel-linux-x86_64-debian-clang, r-devel-linux-x86_64-debian-gcc, r-devel-linux-x86_64-fedora-clang, r-devel-linux-x86_64-fedora-gcc, r-devel-osx-x86_64-clang, r-devel-windows-ix86+x86_64, r-patched-linux-x86_64, r-patched-solaris-x86

Version: 1.3
Check: package dependencies
Result: ERROR
    Package required but not available: ‘copula’
    
    See the information on DESCRIPTION files in the chapter ‘Creating R
    packages’ of the ‘Writing R Extensions’ manual.
Flavor: r-release-osx-x86_64-mavericks