CRAN Package Check Results for Package VineCopula

Last updated on 2015-01-26 03:52:43.

Flavor Version Tinstall Tcheck Ttotal Status Flags
r-devel-linux-x86_64-debian-clang 1.3 11.58 86.64 98.21 NOTE
r-devel-linux-x86_64-debian-gcc 1.3 14.86 83.68 98.54 NOTE
r-devel-linux-x86_64-fedora-clang 1.3 226.35 NOTE
r-devel-linux-x86_64-fedora-gcc 1.3 228.82 NOTE
r-devel-osx-x86_64-clang 1.3 179.90 NOTE
r-devel-windows-ix86+x86_64 1.3 73.00 209.00 282.00 NOTE
r-patched-linux-x86_64 1.3 15.91 94.59 110.50 NOTE
r-patched-solaris-sparc 1.3 1320.90 NOTE
r-patched-solaris-x86 1.3 298.80 NOTE
r-release-linux-ix86 1.3 17.38 109.57 126.96 NOTE
r-release-linux-x86_64 1.3 16.24 94.55 110.79 NOTE
r-release-osx-x86_64-mavericks 1.3 NOTE
r-release-osx-x86_64-snowleopard 1.3 OK
r-release-windows-ix86+x86_64 1.3 52.00 168.00 220.00 NOTE
r-oldrel-windows-ix86+x86_64 1.3 50.00 161.00 211.00 OK

Check Details

Version: 1.3
Check: R code for possible problems
Result: NOTE
    gof_PIT: no visible global function definition for ‘ad.test’
Flavors: r-devel-linux-x86_64-debian-clang, r-devel-linux-x86_64-debian-gcc, r-devel-linux-x86_64-fedora-clang, r-devel-linux-x86_64-fedora-gcc, r-devel-osx-x86_64-clang, r-devel-windows-ix86+x86_64, r-patched-linux-x86_64, r-patched-solaris-sparc, r-patched-solaris-x86, r-release-linux-ix86, r-release-linux-x86_64, r-release-osx-x86_64-mavericks, r-release-windows-ix86+x86_64