CRAN Package Check Results for Package VineCopula

Last updated on 2017-02-24 19:48:43.

Flavor Version Tinstall Tcheck Ttotal Status Flags
r-devel-linux-x86_64-debian-clang 2.1.1 15.05 117.01 132.06 NOTE
r-devel-linux-x86_64-debian-gcc 2.1.1 16.10 116.72 132.82 NOTE
r-devel-linux-x86_64-fedora-clang 2.1.1 267.49 NOTE --no-stop-on-test-error
r-devel-linux-x86_64-fedora-gcc 2.1.1 262.36 NOTE --no-stop-on-test-error
r-devel-macos-x86_64-clang 2.1.1 191.63 NOTE --no-stop-on-test-error
r-devel-windows-ix86+x86_64 2.1.1 101.00 324.00 425.00 OK
r-patched-linux-x86_64 2.1.1 14.65 108.03 122.68 OK
r-patched-solaris-sparc 2.1.1 1427.40 OK
r-patched-solaris-x86 2.1.1 294.30 OK
r-release-linux-x86_64 2.1.1 15.34 109.12 124.46 OK
r-release-osx-x86_64-mavericks 2.1.1 OK
r-release-windows-ix86+x86_64 2.1.1 110.00 318.00 428.00 OK
r-oldrel-windows-ix86+x86_64 2.1.1 64.00 313.00 377.00 OK

Check Details

Version: 2.1.1
Check: compiled code
Result: NOTE
    File ‘VineCopula/libs/VineCopula.so’:
     Found no calls to: ‘R_registerRoutines’, ‘R_useDynamicSymbols’
    
    It is good practice to register native routines and to disable symbol
    search.
    
    See ‘Writing portable packages’ in the ‘Writing R Extensions’ manual.
Flavors: r-devel-linux-x86_64-debian-clang, r-devel-linux-x86_64-debian-gcc

Version: 2.1.1
Flags: --no-stop-on-test-error
Check: compiled code
Result: NOTE
    File ‘VineCopula/libs/VineCopula.so’:
     Found no calls to: ‘R_registerRoutines’, ‘R_useDynamicSymbols’
    
    It is good practice to register native routines and to disable symbol
    search.
    
    See ‘Writing portable packages’ in the ‘Writing R Extensions’ manual.
Flavors: r-devel-linux-x86_64-fedora-clang, r-devel-linux-x86_64-fedora-gcc, r-devel-macos-x86_64-clang