CRAN Package Check Results for Package VineCopula

Last updated on 2014-09-03 08:53:44.

Flavor Version Tinstall Tcheck Ttotal Status Flags
r-devel-linux-x86_64-debian-clang 1.3 11.14 90.53 101.67 NOTE
r-devel-linux-x86_64-debian-gcc 1.3 15.95 89.30 105.24 NOTE
r-devel-linux-x86_64-fedora-clang 1.3 239.43 NOTE
r-devel-linux-x86_64-fedora-gcc 1.3 210.34 NOTE
r-devel-osx-x86_64-clang 1.3 169.14 NOTE
r-devel-windows-ix86+x86_64 1.3 47.00 159.00 206.00 NOTE
r-patched-linux-x86_64 1.3 16.72 95.61 112.33 OK
r-patched-solaris-sparc 1.3 1323.10 OK
r-patched-solaris-x86 1.3 298.40 OK
r-release-linux-ix86 1.3 18.28 115.13 133.41 OK
r-release-linux-x86_64 1.3 16.05 96.10 112.15 OK
r-release-osx-x86_64-mavericks 1.3 ERROR
r-release-osx-x86_64-snowleopard 1.3 OK
r-release-windows-ix86+x86_64 1.3 49.00 160.00 209.00 OK
r-oldrel-windows-ix86+x86_64 1.3 46.00 157.00 203.00 OK

Check Details

Version: 1.3
Check: R code for possible problems
Result: NOTE
    gof_PIT: no visible global function definition for ‘ad.test’
Flavors: r-devel-linux-x86_64-debian-clang, r-devel-linux-x86_64-debian-gcc, r-devel-linux-x86_64-fedora-clang, r-devel-linux-x86_64-fedora-gcc, r-devel-osx-x86_64-clang, r-devel-windows-ix86+x86_64

Version: 1.3
Check: package dependencies
Result: ERROR
    Package required but not available: ‘copula’
    
    See the information on DESCRIPTION files in the chapter ‘Creating R
    packages’ of the ‘Writing R Extensions’ manual.
Flavor: r-release-osx-x86_64-mavericks