CRAN Package Check Results for Package VineCopula

Last updated on 2015-05-24 14:47:14.

Flavor Version Tinstall Tcheck Ttotal Status Flags
r-devel-linux-x86_64-debian-clang 1.4 10.89 88.34 99.23 OK
r-devel-linux-x86_64-debian-gcc 1.4 14.85 85.15 100.00 OK
r-devel-linux-x86_64-fedora-clang 1.4 192.00 OK
r-devel-linux-x86_64-fedora-gcc 1.4 188.21 OK
r-devel-osx-x86_64-clang 1.4 152.37 OK
r-devel-windows-ix86+x86_64 1.4 50.00 160.00 210.00 OK
r-patched-linux-x86_64 1.4 14.56 85.31 99.87 OK
r-patched-solaris-sparc 1.4 1182.30 OK
r-patched-solaris-x86 1.4 250.60 OK
r-release-linux-x86_64 1.4 14.56 84.80 99.36 OK
r-release-osx-x86_64-mavericks 1.4 OK
r-release-osx-x86_64-snowleopard 1.4 ERROR
r-release-windows-ix86+x86_64 1.4 54.00 159.00 213.00 OK
r-oldrel-windows-ix86+x86_64 1.4 49.00 172.00 221.00 OK

Check Details

Version: 1.4
Check: package dependencies
Result: ERROR
    Package required but not available: ‘igraph’
    
    Package suggested but not available for checking: ‘CDVine’
    
    See section ‘The DESCRIPTION file’ in the ‘Writing R Extensions’
    manual.
Flavor: r-release-osx-x86_64-snowleopard