CRAN Package Check Results for Package VineCopula

Last updated on 2014-04-23 07:55:11.

Flavor Version Tinstall Tcheck Ttotal Status Flags
r-devel-linux-x86_64-debian-clang 1.2 6.01 46.56 52.57 OK
r-devel-linux-x86_64-debian-gcc 1.2 10.20 46.72 56.92 OK
r-devel-linux-x86_64-fedora-clang 1.3 135.96 OK
r-devel-linux-x86_64-fedora-gcc 1.3 131.03 OK
r-devel-osx-x86_64-clang 1.3 157.70 OK
r-devel-osx-x86_64-gcc 1.2 ERROR
r-devel-windows-ix86+x86_64 1.2 40.00 72.00 112.00 OK
r-patched-linux-x86_64 1.2 10.21 47.93 58.14 OK
r-patched-solaris-sparc 1.3 1251.50 OK
r-patched-solaris-x86 1.3 264.60 OK
r-release-linux-ix86 1.2 15.00 75.00 90.00 OK
r-release-linux-x86_64 1.2 10.03 48.60 58.64 OK
r-release-osx-x86_64-mavericks 1.2 WARN
r-release-osx-x86_64-snowleopard 1.2 OK
r-release-windows-ix86+x86_64 1.3 44.00 171.00 215.00 OK
r-oldrel-windows-ix86+x86_64 1.2 42.00 72.00 114.00 OK

Check Details

Version: 1.2
Check: package dependencies
Result: ERROR
    Package required but not available: ‘igraph’
    
    Packages suggested but not available for checking: ‘CDVine’ ‘TSP’
    
    See the information on DESCRIPTION files in the chapter ‘Creating R
    packages’ of the ‘Writing R Extensions’ manual.
Flavor: r-devel-osx-x86_64-gcc

Version: 1.2
Check: PDF version of manual
Result: WARNING
    LaTeX errors when creating PDF version.
    This typically indicates Rd problems.
    LaTeX errors found:
    ! LaTeX Error: File `upquote.sty' not found.
    
    Type X to quit or <RETURN> to proceed,
    or enter new name. (Default extension: sty)
    
    5e51e8b/Rd2.tex:8: ==> Fatal error occurred, no output PDF file produced!
Flavor: r-release-osx-x86_64-mavericks