CRAN Package Check Results for Package VisuClust

Last updated on 2014-04-21 04:48:50.

Flavor Version Tinstall Tcheck Ttotal Status Flags
r-devel-linux-x86_64-debian-clang 1.1 0.77 11.16 11.93 NOTE
r-devel-linux-x86_64-debian-gcc 1.1 0.77 11.29 12.06 NOTE
r-devel-linux-x86_64-fedora-clang 1.1 22.67 NOTE
r-devel-linux-x86_64-fedora-gcc 1.1 22.05 NOTE
r-devel-macosx-x86_64-clang 1.1 25.32 NOTE
r-devel-macosx-x86_64-gcc 1.1 NOTE
r-devel-windows-ix86+x86_64 1.1 3.00 19.00 22.00 NOTE
r-patched-linux-x86_64 1.1 0.82 11.28 12.11 NOTE
r-patched-solaris-sparc 1.1 157.30 NOTE
r-patched-solaris-x86 1.1 47.30 NOTE
r-release-linux-ix86 NOTE
r-release-linux-x86_64 1.1 0.75 11.35 12.10 NOTE
r-release-macosx-x86_64 1.1 NOTE
r-release-windows-ix86+x86_64 1.1 4.00 19.00 23.00 NOTE
r-oldrel-windows-ix86+x86_64 1.1 3.00 20.00 23.00 NOTE

Check Details

Version: 1.1
Check: dependencies in R code
Result: NOTE
    'library' or 'require' call to ‘aplpack’ which was already attached by Depends.
     Please remove these calls from your code.
    Package in Depends field not imported from: ‘aplpack’
     These packages need to be imported from (in the NAMESPACE file)
     for when this namespace is loaded but not attached.
    See the information on DESCRIPTION files in the chapter ‘Creating R
    packages’ of the ‘Writing R Extensions’ manual.
Flavors: r-devel-linux-x86_64-debian-clang, r-devel-linux-x86_64-debian-gcc, r-devel-linux-x86_64-fedora-clang, r-devel-linux-x86_64-fedora-gcc, r-devel-macosx-x86_64-clang, r-devel-macosx-x86_64-gcc, r-devel-windows-ix86+x86_64, r-patched-linux-x86_64, r-patched-solaris-sparc, r-patched-solaris-x86, r-release-linux-ix86, r-release-linux-x86_64, r-release-windows-ix86+x86_64, r-oldrel-windows-ix86+x86_64

Version: 1.1
Check: Rd line widths
Result: NOTE
    Rd file 'FuzzyPlot.Rd':
     \usage lines wider than 90 characters:
     FuzzyPlot(xSammon, probs, clusterColors=rainbow(dim(probs)[2]), clusterSymbols=rep(21,dim(probs)[2]), labels=NULL,
     labelSize=c(0.6, 1.0), xlab="", ylab="", main="", enableLegend=TRUE, cex=c(0.7, 1.4))
     \examples lines wider than 100 characters:
     FuzzyPlot(S$points, F$membership, labels=MilchSmall[,2], clusterColors=c("red", "green", "magenta", "yellow", "blue", "black"))
    
    Rd file 'LinkageMap.Rd':
     \usage lines wider than 90 characters:
     LinkageMap(xSammon, dist, lineTypes=c("solid","dotted", "dashed"), lineColors=c("red","green","blue"),
     lineWidths=c(1,1,1),labels = NULL, cluster = NULL, maxValue=0.5, legendDigits = 2, xlab = "", ylab = "",
    
    These lines will be truncated in the PDF manual.
Flavors: r-devel-linux-x86_64-fedora-clang, r-devel-linux-x86_64-fedora-gcc

Version: 1.1
Check: dependencies in R code
Result: NOTE
    'library' or 'require' call to 'aplpack' which was already attached by Depends.
     Please remove these calls from your code.
    See the information on DESCRIPTION files in the chapter 'Creating R
    packages' of the 'Writing R Extensions' manual.
Flavor: r-release-macosx-x86_64