Last updated on 2023-03-23 18:49:29 CET.
Flavor | Version | Tinstall | Tcheck | Ttotal | Status | Flags |
---|---|---|---|---|---|---|
r-devel-linux-x86_64-debian-clang | 1.0.2 | 7.00 | 60.66 | 67.66 | OK | |
r-devel-linux-x86_64-debian-gcc | 1.0.3 | 6.67 | 46.60 | 53.27 | OK | |
r-devel-linux-x86_64-fedora-clang | 1.0.3 | 88.95 | OK | |||
r-devel-linux-x86_64-fedora-gcc | 1.0.3 | 98.24 | OK | |||
r-devel-windows-x86_64 | 1.0.3 | 12.00 | 96.00 | 108.00 | OK | |
r-patched-linux-x86_64 | 1.0.3 | 5.93 | 59.40 | 65.33 | OK | |
r-release-linux-x86_64 | 1.0.3 | 5.81 | 58.83 | 64.64 | OK | |
r-release-macos-arm64 | 1.0.3 | 31.00 | OK | |||
r-release-macos-x86_64 | 1.0.3 | 44.00 | OK | |||
r-release-windows-x86_64 | 1.0.3 | 193.00 | 93.00 | 286.00 | OK | |
r-oldrel-macos-arm64 | 1.0.3 | 36.00 | OK | |||
r-oldrel-macos-x86_64 | 1.0.3 | 51.00 | OK | |||
r-oldrel-windows-ix86+x86_64 | 1.0.3 | 9.00 | 20.00 | 29.00 | ERROR |
Version: 1.0.3
Check: whether package can be installed
Result: ERROR
Installation failed.
Flavor: r-oldrel-windows-ix86+x86_64