CRAN Package Check Results for Package Voss

Last updated on 2016-09-30 15:47:36.

Flavor Version Tinstall Tcheck Ttotal Status Flags
r-devel-linux-x86_64-debian-clang 0.1-4 1.46 20.74 22.20 NOTE
r-devel-linux-x86_64-debian-gcc 0.1-4 1.64 20.73 22.37 NOTE
r-devel-linux-x86_64-fedora-clang 0.1-4 39.59 NOTE
r-devel-linux-x86_64-fedora-gcc 0.1-4 35.88 NOTE
r-devel-macos-x86_64-clang 0.1-4 31.09 NOTE
r-devel-windows-ix86+x86_64 0.1-4 7.00 50.00 57.00 NOTE
r-patched-linux-x86_64 0.1-4 1.44 19.89 21.33 NOTE
r-patched-solaris-sparc 0.1-4 260.60 NOTE
r-patched-solaris-x86 0.1-4 50.00 NOTE
r-release-linux-x86_64 0.1-4 1.53 20.22 21.75 NOTE
r-release-osx-x86_64-mavericks 0.1-4 NOTE
r-release-windows-ix86+x86_64 0.1-4 4.00 57.00 61.00 NOTE
r-oldrel-windows-ix86+x86_64 0.1-4 7.00 36.00 43.00 NOTE

Check Details

Version: 0.1-4
Check: DESCRIPTION meta-information
Result: NOTE
    Malformed Description field: should contain one or more complete sentences.
Flavors: r-devel-linux-x86_64-debian-clang, r-devel-linux-x86_64-debian-gcc, r-devel-linux-x86_64-fedora-clang, r-devel-linux-x86_64-fedora-gcc, r-devel-macos-x86_64-clang, r-devel-windows-ix86+x86_64, r-patched-linux-x86_64, r-patched-solaris-sparc, r-patched-solaris-x86, r-release-linux-x86_64, r-release-osx-x86_64-mavericks, r-release-windows-ix86+x86_64, r-oldrel-windows-ix86+x86_64

Version: 0.1-4
Check: R code for possible problems
Result: NOTE
    voss1d: no visible global function definition for ‘approx’
    voss1d: no visible global function definition for ‘rnorm’
    voss1g: no visible global function definition for ‘dchisq’
    voss1g: no visible global function definition for ‘approx’
    voss1g: no visible global function definition for ‘rnorm’
    voss2d: no visible global function definition for ‘rnorm’
    voss2g: no visible global function definition for ‘dchisq’
    voss2g: no visible global function definition for ‘rnorm’
    Undefined global functions or variables:
     approx dchisq rnorm
    Consider adding
     importFrom("stats", "approx", "dchisq", "rnorm")
    to your NAMESPACE file.
Flavors: r-devel-linux-x86_64-debian-clang, r-devel-linux-x86_64-debian-gcc, r-devel-linux-x86_64-fedora-clang, r-devel-linux-x86_64-fedora-gcc, r-devel-macos-x86_64-clang, r-devel-windows-ix86+x86_64, r-patched-linux-x86_64, r-patched-solaris-sparc, r-patched-solaris-x86, r-release-linux-x86_64, r-release-osx-x86_64-mavericks, r-release-windows-ix86+x86_64