CRAN Package Check Results for Package Voss

Last updated on 2015-09-05 12:49:46.

Flavor Version Tinstall Tcheck Ttotal Status Flags
r-devel-linux-x86_64-debian-clang 0.1-4 1.39 19.09 20.48 NOTE
r-devel-linux-x86_64-debian-gcc 0.1-4 1.34 19.02 20.35 NOTE
r-devel-linux-x86_64-fedora-clang 0.1-4 41.57 NOTE
r-devel-linux-x86_64-fedora-gcc 0.1-4 41.12 NOTE
r-devel-osx-x86_64-clang 0.1-4 35.45 NOTE
r-devel-windows-ix86+x86_64 0.1-4 7.00 37.00 44.00 NOTE
r-patched-linux-x86_64 0.1-4 1.54 20.56 22.10 NOTE
r-patched-solaris-sparc 0.1-4 282.60 NOTE
r-patched-solaris-x86 0.1-4 60.10 NOTE
r-release-linux-x86_64 0.1-4 1.51 20.61 22.12 NOTE
r-release-osx-x86_64-mavericks 0.1-4 NOTE
r-release-windows-ix86+x86_64 0.1-4 7.00 37.00 44.00 NOTE
r-oldrel-windows-ix86+x86_64 0.1-4 7.00 51.00 58.00 OK

Check Details

Version: 0.1-4
Check: DESCRIPTION meta-information
Result: NOTE
    Malformed Description field: should contain one or more complete sentences.
Flavors: r-devel-linux-x86_64-debian-clang, r-devel-linux-x86_64-debian-gcc, r-devel-linux-x86_64-fedora-clang, r-devel-linux-x86_64-fedora-gcc, r-devel-osx-x86_64-clang, r-devel-windows-ix86+x86_64, r-patched-linux-x86_64, r-patched-solaris-sparc, r-patched-solaris-x86, r-release-linux-x86_64, r-release-osx-x86_64-mavericks, r-release-windows-ix86+x86_64

Version: 0.1-4
Check: R code for possible problems
Result: NOTE
    voss1d: no visible global function definition for ‘approx’
    voss1d: no visible global function definition for ‘rnorm’
    voss1g: no visible global function definition for ‘dchisq’
    voss1g: no visible global function definition for ‘approx’
    voss1g: no visible global function definition for ‘rnorm’
    voss2d: no visible global function definition for ‘rnorm’
    voss2g: no visible global function definition for ‘dchisq’
    voss2g: no visible global function definition for ‘rnorm’
    Undefined global functions or variables:
     approx dchisq rnorm
    Consider adding
     importFrom("stats", "approx", "dchisq", "rnorm")
    to your NAMESPACE.
Flavors: r-devel-linux-x86_64-debian-clang, r-devel-linux-x86_64-debian-gcc, r-devel-linux-x86_64-fedora-clang, r-devel-linux-x86_64-fedora-gcc, r-devel-windows-ix86+x86_64