CRAN Package Check Results for Package Voss

Last updated on 2016-02-08 11:49:50.

Flavor Version Tinstall Tcheck Ttotal Status Flags
r-devel-linux-x86_64-debian-gcc 0.1-4 1.38 18.83 20.21 NOTE
r-devel-linux-x86_64-fedora-clang 0.1-4 39.91 NOTE
r-devel-linux-x86_64-fedora-gcc 0.1-4 36.94 NOTE
r-devel-osx-x86_64-clang 0.1-4 44.53 NOTE
r-devel-windows-ix86+x86_64 0.1-4 8.00 33.00 41.00 NOTE
r-patched-linux-x86_64 0.1-4 1.61 20.79 22.40 NOTE
r-patched-solaris-sparc 0.1-4 268.80 NOTE
r-patched-solaris-x86 0.1-4 54.80 NOTE
r-release-linux-x86_64 0.1-4 1.60 20.59 22.18 NOTE
r-release-osx-x86_64-mavericks 0.1-4 NOTE
r-release-windows-ix86+x86_64 0.1-4 7.00 40.00 47.00 NOTE
r-oldrel-windows-ix86+x86_64 0.1-4 9.00 64.00 73.00 OK

Check Details

Version: 0.1-4
Check: DESCRIPTION meta-information
Result: NOTE
    Malformed Description field: should contain one or more complete sentences.
Flavors: r-devel-linux-x86_64-debian-gcc, r-devel-linux-x86_64-fedora-clang, r-devel-linux-x86_64-fedora-gcc, r-devel-osx-x86_64-clang, r-devel-windows-ix86+x86_64, r-patched-linux-x86_64, r-patched-solaris-sparc, r-patched-solaris-x86, r-release-linux-x86_64, r-release-osx-x86_64-mavericks, r-release-windows-ix86+x86_64

Version: 0.1-4
Check: R code for possible problems
Result: NOTE
    voss1d: no visible global function definition for ‘approx’
    voss1d: no visible global function definition for ‘rnorm’
    voss1g: no visible global function definition for ‘dchisq’
    voss1g: no visible global function definition for ‘approx’
    voss1g: no visible global function definition for ‘rnorm’
    voss2d: no visible global function definition for ‘rnorm’
    voss2g: no visible global function definition for ‘dchisq’
    voss2g: no visible global function definition for ‘rnorm’
    Undefined global functions or variables:
     approx dchisq rnorm
    Consider adding
     importFrom("stats", "approx", "dchisq", "rnorm")
    to your NAMESPACE file.
Flavors: r-devel-linux-x86_64-debian-gcc, r-devel-linux-x86_64-fedora-clang, r-devel-linux-x86_64-fedora-gcc, r-devel-osx-x86_64-clang, r-devel-windows-ix86+x86_64