CRAN Package Check Results for Package Voss

Last updated on 2015-04-18 11:25:48.

Flavor Version Tinstall Tcheck Ttotal Status Flags
r-devel-linux-x86_64-debian-clang 0.1-4 1.57 21.22 22.79 NOTE
r-devel-linux-x86_64-debian-gcc 0.1-4 1.46 20.56 22.02 NOTE
r-devel-linux-x86_64-fedora-clang 0.1-4 47.27 NOTE
r-devel-linux-x86_64-fedora-gcc 0.1-4 43.05 NOTE
r-devel-osx-x86_64-clang 0.1-4 44.78 NOTE
r-patched-linux-x86_64 0.1-4 1.64 20.86 22.50 NOTE
r-patched-solaris-sparc 0.1-4 289.70 NOTE
r-patched-solaris-x86 0.1-4 58.40 NOTE
r-release-linux-x86_64 0.1-4 1.65 20.34 22.00 NOTE
r-release-osx-x86_64-mavericks 0.1-4 OK
r-release-osx-x86_64-snowleopard 0.1-4 OK
r-release-windows-ix86+x86_64 0.1-4 8.00 42.00 50.00 OK
r-oldrel-windows-ix86+x86_64 0.1-4 7.00 51.00 58.00 OK

Check Details

Version: 0.1-4
Check: DESCRIPTION meta-information
Result: NOTE
    Malformed Description field: should contain one or more complete sentences.
Flavors: r-devel-linux-x86_64-debian-clang, r-devel-linux-x86_64-debian-gcc, r-devel-linux-x86_64-fedora-clang, r-devel-linux-x86_64-fedora-gcc, r-devel-osx-x86_64-clang, r-patched-linux-x86_64, r-patched-solaris-sparc, r-patched-solaris-x86, r-release-linux-x86_64