CRAN Package Check Results for Package Voss

Last updated on 2015-03-26 23:47:59.

Flavor Version Tinstall Tcheck Ttotal Status Flags
r-devel-linux-x86_64-debian-clang 0.1-4 1.54 20.72 22.26 NOTE
r-devel-linux-x86_64-debian-gcc 0.1-4 1.47 20.25 21.72 NOTE
r-devel-linux-x86_64-fedora-clang 0.1-4 45.90 NOTE
r-devel-linux-x86_64-fedora-gcc 0.1-4 43.38 NOTE
r-devel-osx-x86_64-clang 0.1-4 49.59 NOTE
r-prerel-windows-ix86+x86_64 0.1-4 4.00 32.00 36.00 NOTE
r-prerel-linux-x86_64 0.1-4 1.46 20.24 21.70 NOTE
r-prerel-solaris-sparc 0.1-4 289.70 NOTE
r-prerel-solaris-x86 0.1-4 57.10 NOTE
r-release-linux-x86_64 0.1-4 2.34 28.36 30.70 OK
r-release-osx-x86_64-mavericks 0.1-4 OK
r-release-osx-x86_64-snowleopard 0.1-4 OK
r-release-windows-ix86+x86_64 0.1-4 7.00 48.00 55.00 OK
r-oldrel-windows-ix86+x86_64 0.1-4 6.00 60.00 66.00 OK

Check Details

Version: 0.1-4
Check: DESCRIPTION meta-information
Result: NOTE
    Malformed Description field: should contain one or more complete sentences.
Flavors: r-devel-linux-x86_64-debian-clang, r-devel-linux-x86_64-debian-gcc, r-devel-linux-x86_64-fedora-clang, r-devel-linux-x86_64-fedora-gcc, r-devel-osx-x86_64-clang, r-prerel-windows-ix86+x86_64, r-prerel-linux-x86_64, r-prerel-solaris-sparc, r-prerel-solaris-x86