CRAN Package Check Results for Package Voss

Last updated on 2016-07-25 00:47:04.

Flavor Version Tinstall Tcheck Ttotal Status Flags
r-devel-linux-x86_64-debian-clang 0.1-4 1.74 23.47 25.21 NOTE
r-devel-linux-x86_64-debian-gcc 0.1-4 1.80 22.51 24.30 NOTE
r-devel-linux-x86_64-fedora-clang 0.1-4 40.14 NOTE
r-devel-linux-x86_64-fedora-gcc 0.1-4 38.34 NOTE
r-devel-osx-x86_64-clang 0.1-4 34.48 NOTE
r-devel-windows-ix86+x86_64 0.1-4 6.00 56.00 62.00 NOTE
r-patched-linux-x86_64 0.1-4 1.73 21.94 23.67 NOTE
r-patched-solaris-sparc 0.1-4 249.20 NOTE
r-patched-solaris-x86 0.1-4 49.80 NOTE
r-release-linux-x86_64 0.1-4 1.92 22.68 24.60 NOTE
r-release-osx-x86_64-mavericks 0.1-4 NOTE
r-release-windows-ix86+x86_64 0.1-4 5.00 54.00 59.00 NOTE
r-oldrel-windows-ix86+x86_64 0.1-4 6.00 43.00 49.00 NOTE

Check Details

Version: 0.1-4
Check: DESCRIPTION meta-information
Result: NOTE
    Malformed Description field: should contain one or more complete sentences.
Flavors: r-devel-linux-x86_64-debian-clang, r-devel-linux-x86_64-debian-gcc, r-devel-linux-x86_64-fedora-clang, r-devel-linux-x86_64-fedora-gcc, r-devel-osx-x86_64-clang, r-devel-windows-ix86+x86_64, r-patched-linux-x86_64, r-patched-solaris-sparc, r-patched-solaris-x86, r-release-linux-x86_64, r-release-osx-x86_64-mavericks, r-release-windows-ix86+x86_64, r-oldrel-windows-ix86+x86_64

Version: 0.1-4
Check: R code for possible problems
Result: NOTE
    voss1d: no visible global function definition for ‘approx’
    voss1d: no visible global function definition for ‘rnorm’
    voss1g: no visible global function definition for ‘dchisq’
    voss1g: no visible global function definition for ‘approx’
    voss1g: no visible global function definition for ‘rnorm’
    voss2d: no visible global function definition for ‘rnorm’
    voss2g: no visible global function definition for ‘dchisq’
    voss2g: no visible global function definition for ‘rnorm’
    Undefined global functions or variables:
     approx dchisq rnorm
    Consider adding
     importFrom("stats", "approx", "dchisq", "rnorm")
    to your NAMESPACE file.
Flavors: r-devel-linux-x86_64-debian-clang, r-devel-linux-x86_64-debian-gcc, r-devel-linux-x86_64-fedora-clang, r-devel-linux-x86_64-fedora-gcc, r-devel-osx-x86_64-clang, r-devel-windows-ix86+x86_64, r-patched-linux-x86_64, r-patched-solaris-sparc, r-patched-solaris-x86, r-release-linux-x86_64, r-release-osx-x86_64-mavericks, r-release-windows-ix86+x86_64