CRAN Package Check Results for Package Voss

Last updated on 2017-03-27 13:56:06.

Flavor Version Tinstall Tcheck Ttotal Status Flags
r-devel-linux-x86_64-debian-clang 0.1-4 1.41 21.88 23.29 NOTE
r-devel-linux-x86_64-debian-gcc 0.1-4 1.44 22.96 24.39 NOTE
r-devel-linux-x86_64-fedora-clang 0.1-4 41.95 NOTE --no-stop-on-test-error
r-devel-linux-x86_64-fedora-gcc 0.1-4 40.30 NOTE --no-stop-on-test-error
r-devel-macos-x86_64-clang 0.1-4 34.42 NOTE --no-stop-on-test-error
r-devel-windows-ix86+x86_64 0.1-4 4.00 43.00 47.00 NOTE
r-patched-linux-x86_64 0.1-4 1.40 21.34 22.73 NOTE
r-patched-solaris-sparc 0.1-4 253.30 NOTE
r-patched-solaris-x86 0.1-4 54.70 NOTE
r-release-linux-x86_64 0.1-4 1.36 20.51 21.87 NOTE
r-release-osx-x86_64-mavericks 0.1-4 NOTE
r-release-windows-ix86+x86_64 0.1-4 7.00 41.00 48.00 NOTE
r-oldrel-windows-ix86+x86_64 0.1-4 5.00 40.00 45.00 NOTE

Check Details

Version: 0.1-4
Check: DESCRIPTION meta-information
Result: NOTE
    Malformed Description field: should contain one or more complete sentences.
Flavors: r-devel-linux-x86_64-debian-clang, r-devel-linux-x86_64-debian-gcc, r-devel-windows-ix86+x86_64, r-patched-linux-x86_64, r-patched-solaris-sparc, r-patched-solaris-x86, r-release-linux-x86_64, r-release-osx-x86_64-mavericks, r-release-windows-ix86+x86_64, r-oldrel-windows-ix86+x86_64

Version: 0.1-4
Check: R code for possible problems
Result: NOTE
    voss1d: no visible global function definition for ‘approx’
    voss1d: no visible global function definition for ‘rnorm’
    voss1g: no visible global function definition for ‘dchisq’
    voss1g: no visible global function definition for ‘approx’
    voss1g: no visible global function definition for ‘rnorm’
    voss2d: no visible global function definition for ‘rnorm’
    voss2g: no visible global function definition for ‘dchisq’
    voss2g: no visible global function definition for ‘rnorm’
    Undefined global functions or variables:
     approx dchisq rnorm
    Consider adding
     importFrom("stats", "approx", "dchisq", "rnorm")
    to your NAMESPACE file.
Flavors: r-devel-linux-x86_64-debian-clang, r-devel-linux-x86_64-debian-gcc, r-devel-windows-ix86+x86_64, r-patched-linux-x86_64, r-patched-solaris-sparc, r-patched-solaris-x86, r-release-linux-x86_64, r-release-osx-x86_64-mavericks, r-release-windows-ix86+x86_64

Version: 0.1-4
Flags: --no-stop-on-test-error
Check: DESCRIPTION meta-information
Result: NOTE
    Malformed Description field: should contain one or more complete sentences.
Flavors: r-devel-linux-x86_64-fedora-clang, r-devel-linux-x86_64-fedora-gcc, r-devel-macos-x86_64-clang

Version: 0.1-4
Flags: --no-stop-on-test-error
Check: R code for possible problems
Result: NOTE
    voss1d: no visible global function definition for ‘approx’
    voss1d: no visible global function definition for ‘rnorm’
    voss1g: no visible global function definition for ‘dchisq’
    voss1g: no visible global function definition for ‘approx’
    voss1g: no visible global function definition for ‘rnorm’
    voss2d: no visible global function definition for ‘rnorm’
    voss2g: no visible global function definition for ‘dchisq’
    voss2g: no visible global function definition for ‘rnorm’
    Undefined global functions or variables:
     approx dchisq rnorm
    Consider adding
     importFrom("stats", "approx", "dchisq", "rnorm")
    to your NAMESPACE file.
Flavors: r-devel-linux-x86_64-fedora-clang, r-devel-linux-x86_64-fedora-gcc, r-devel-macos-x86_64-clang