CRAN Package Check Results for Package Voss

Last updated on 2014-04-24 23:48:15.

Flavor Version Tinstall Tcheck Ttotal Status Flags
r-devel-linux-x86_64-debian-clang 0.1-4 1.95 24.33 26.28 OK
r-devel-linux-x86_64-debian-gcc 0.1-4 1.92 23.74 25.66 OK
r-devel-linux-x86_64-fedora-clang 0.1-4 55.06 OK
r-devel-linux-x86_64-fedora-gcc 0.1-4 50.54 OK
r-devel-osx-x86_64-clang 0.1-4 43.61 OK
r-devel-osx-x86_64-gcc 0.1-4 ERROR
r-devel-windows-ix86+x86_64 0.1-4 6.00 37.00 43.00 OK
r-patched-linux-x86_64 0.1-4 1.92 24.43 26.35 OK
r-patched-solaris-sparc 0.1-4 318.80 OK
r-patched-solaris-x86 0.1-4 68.50 OK
r-release-linux-ix86 0.1-4 3.00 41.00 44.00 OK
r-release-linux-x86_64 0.1-4 1.93 24.63 26.56 OK
r-release-osx-x86_64-mavericks 0.1-4 WARN
r-release-osx-x86_64-snowleopard 0.1-4 OK
r-release-windows-ix86+x86_64 0.1-4 6.00 37.00 43.00 OK
r-oldrel-windows-ix86+x86_64 0.1-4 6.00 35.00 41.00 OK

Check Details

Version: 0.1-4
Check: package dependencies
Result: ERROR
    Package required but not available: ‘fields’
    
    See the information on DESCRIPTION files in the chapter ‘Creating R
    packages’ of the ‘Writing R Extensions’ manual.
Flavor: r-devel-osx-x86_64-gcc

Version: 0.1-4
Check: PDF version of manual
Result: WARNING
    LaTeX errors when creating PDF version.
    This typically indicates Rd problems.
    LaTeX errors found:
    ! LaTeX Error: File `upquote.sty' not found.
    
    Type X to quit or <RETURN> to proceed,
    or enter new name. (Default extension: sty)
    
    12d81a3/Rd2.tex:8: ==> Fatal error occurred, no output PDF file produced!
Flavor: r-release-osx-x86_64-mavericks