CRAN Package Check Results for Package Voss

Last updated on 2015-05-22 23:48:17.

Flavor Version Tinstall Tcheck Ttotal Status Flags
r-devel-linux-x86_64-debian-clang 0.1-4 1.66 20.84 22.50 NOTE
r-devel-linux-x86_64-debian-gcc 0.1-4 1.46 20.29 21.75 NOTE
r-devel-linux-x86_64-fedora-clang 0.1-4 45.69 NOTE
r-devel-linux-x86_64-fedora-gcc 0.1-4 43.67 NOTE
r-devel-osx-x86_64-clang 0.1-4 47.21 NOTE
r-devel-windows-ix86+x86_64 0.1-4 7.00 32.00 39.00 NOTE
r-patched-linux-x86_64 0.1-4 1.51 20.01 21.52 NOTE
r-patched-solaris-sparc 0.1-4 281.40 NOTE
r-patched-solaris-x86 0.1-4 59.90 NOTE
r-release-linux-x86_64 0.1-4 1.46 21.55 23.02 NOTE
r-release-osx-x86_64-mavericks 0.1-4 NOTE
r-release-osx-x86_64-snowleopard 0.1-4 ERROR
r-release-windows-ix86+x86_64 0.1-4 4.00 35.00 39.00 NOTE
r-oldrel-windows-ix86+x86_64 0.1-4 7.00 65.00 72.00 OK

Check Details

Version: 0.1-4
Check: DESCRIPTION meta-information
Result: NOTE
    Malformed Description field: should contain one or more complete sentences.
Flavors: r-devel-linux-x86_64-debian-clang, r-devel-linux-x86_64-debian-gcc, r-devel-linux-x86_64-fedora-clang, r-devel-linux-x86_64-fedora-gcc, r-devel-osx-x86_64-clang, r-devel-windows-ix86+x86_64, r-patched-linux-x86_64, r-patched-solaris-sparc, r-patched-solaris-x86, r-release-linux-x86_64, r-release-osx-x86_64-mavericks, r-release-windows-ix86+x86_64

Version: 0.1-4
Check: package dependencies
Result: ERROR
    Package required but not available: ‘fields’
    
    See section ‘The DESCRIPTION file’ in the ‘Writing R Extensions’
    manual.
Flavor: r-release-osx-x86_64-snowleopard