CRAN Package Check Results for Package Voss

Last updated on 2015-06-30 18:47:41.

Flavor Version Tinstall Tcheck Ttotal Status Flags
r-devel-linux-x86_64-debian-clang 0.1-4 1.46 20.97 22.43 NOTE
r-devel-linux-x86_64-debian-gcc 0.1-4 1.44 20.00 21.44 NOTE
r-devel-linux-x86_64-fedora-clang 0.1-4 44.87 NOTE
r-devel-linux-x86_64-fedora-gcc 0.1-4 41.76 NOTE
r-devel-osx-x86_64-clang 0.1-4 43.27 NOTE
r-devel-windows-ix86+x86_64 0.1-4 5.00 49.00 54.00 NOTE
r-patched-linux-x86_64 0.1-4 1.52 19.94 21.46 NOTE
r-patched-solaris-sparc 0.1-4 281.40 NOTE
r-patched-solaris-x86 0.1-4 60.00 NOTE
r-release-linux-x86_64 0.1-4 1.46 20.30 21.76 NOTE
r-release-osx-x86_64-mavericks 0.1-4 NOTE
r-release-windows-ix86+x86_64 0.1-4 6.00 33.00 39.00 NOTE
r-oldrel-windows-ix86+x86_64 0.1-4 7.00 50.00 57.00 OK

Check Details

Version: 0.1-4
Check: DESCRIPTION meta-information
Result: NOTE
    Malformed Description field: should contain one or more complete sentences.
Flavors: r-devel-linux-x86_64-debian-clang, r-devel-linux-x86_64-debian-gcc, r-devel-linux-x86_64-fedora-clang, r-devel-linux-x86_64-fedora-gcc, r-devel-osx-x86_64-clang, r-devel-windows-ix86+x86_64, r-patched-linux-x86_64, r-patched-solaris-sparc, r-patched-solaris-x86, r-release-linux-x86_64, r-release-osx-x86_64-mavericks, r-release-windows-ix86+x86_64

Version: 0.1-4
Check: R code for possible problems
Result: NOTE
    voss1d: no visible global function definition for ‘approx’
    voss1d: no visible global function definition for ‘rnorm’
    voss1g: no visible global function definition for ‘dchisq’
    voss1g: no visible global function definition for ‘approx’
    voss1g: no visible global function definition for ‘rnorm’
    voss2d: no visible global function definition for ‘rnorm’
    voss2g: no visible global function definition for ‘dchisq’
    voss2g: no visible global function definition for ‘rnorm’
Flavors: r-devel-linux-x86_64-debian-clang, r-devel-linux-x86_64-debian-gcc, r-devel-linux-x86_64-fedora-clang, r-devel-windows-ix86+x86_64