CRAN Package Check Results for Package Voss

Last updated on 2020-12-04 15:52:04 CET.

Flavor Version Tinstall Tcheck Ttotal Status Flags
r-devel-linux-x86_64-debian-clang 0.1-4 5.75 43.53 49.28 NOTE
r-devel-linux-x86_64-debian-gcc 0.1-4 4.21 35.47 39.68 NOTE
r-devel-linux-x86_64-fedora-clang 0.1-4 63.58 NOTE
r-devel-linux-x86_64-fedora-gcc 0.1-4 53.94 NOTE
r-devel-windows-ix86+x86_64 0.1-4 10.00 63.00 73.00 NOTE
r-patched-linux-x86_64 0.1-4 4.75 40.27 45.02 NOTE
r-patched-solaris-x86 0.1-4 78.60 NOTE
r-release-linux-x86_64 0.1-4 4.96 41.34 46.30 NOTE
r-release-macos-x86_64 0.1-4 NOTE
r-release-windows-ix86+x86_64 0.1-4 7.00 63.00 70.00 NOTE
r-oldrel-macos-x86_64 0.1-4 NOTE
r-oldrel-windows-ix86+x86_64 0.1-4 9.00 58.00 67.00 NOTE

Check Details

Version: 0.1-4
Check: DESCRIPTION meta-information
Result: NOTE
    Malformed Description field: should contain one or more complete sentences.
Flavors: r-devel-linux-x86_64-debian-clang, r-devel-linux-x86_64-debian-gcc, r-devel-linux-x86_64-fedora-clang, r-devel-linux-x86_64-fedora-gcc, r-devel-windows-ix86+x86_64, r-patched-linux-x86_64, r-patched-solaris-x86, r-release-linux-x86_64, r-release-macos-x86_64, r-release-windows-ix86+x86_64, r-oldrel-macos-x86_64, r-oldrel-windows-ix86+x86_64

Version: 0.1-4
Check: R code for possible problems
Result: NOTE
    voss1d: no visible global function definition for 'approx'
    voss1d: no visible global function definition for 'rnorm'
    voss1g: no visible global function definition for 'dchisq'
    voss1g: no visible global function definition for 'approx'
    voss1g: no visible global function definition for 'rnorm'
    voss2d: no visible global function definition for 'rnorm'
    voss2g: no visible global function definition for 'dchisq'
    voss2g: no visible global function definition for 'rnorm'
    Undefined global functions or variables:
     approx dchisq rnorm
    Consider adding
     importFrom("stats", "approx", "dchisq", "rnorm")
    to your NAMESPACE file.
Flavors: r-devel-linux-x86_64-debian-clang, r-devel-linux-x86_64-debian-gcc, r-devel-linux-x86_64-fedora-clang, r-devel-linux-x86_64-fedora-gcc, r-devel-windows-ix86+x86_64, r-patched-linux-x86_64, r-patched-solaris-x86, r-release-linux-x86_64, r-release-macos-x86_64, r-release-windows-ix86+x86_64, r-oldrel-macos-x86_64, r-oldrel-windows-ix86+x86_64