CRAN Package Check Results for Package VoxR

Last updated on 2021-04-10 16:48:44 CEST.

Flavor Version Tinstall Tcheck Ttotal Status Flags
r-devel-linux-x86_64-debian-clang 1.0.0 4.69 79.21 83.90 NOTE
r-devel-linux-x86_64-debian-gcc 1.0.0 2.96 54.35 57.31 NOTE
r-devel-linux-x86_64-fedora-clang 1.0.0 93.92 NOTE
r-devel-linux-x86_64-fedora-gcc 1.0.0 78.01 NOTE
r-devel-windows-ix86+x86_64 1.0.0 11.00 58.00 69.00 NOTE
r-devel-windows-x86_64-gcc10-UCRT 1.0.0 NOTE
r-patched-linux-x86_64 1.0.0 4.16 65.83 69.99 OK
r-patched-solaris-x86 1.0.0 116.20 OK
r-release-linux-x86_64 1.0.0 4.08 66.86 70.94 OK
r-release-macos-x86_64 1.0.0 OK
r-release-windows-ix86+x86_64 1.0.0 11.00 78.00 89.00 OK
r-oldrel-macos-x86_64 1.0.0 OK
r-oldrel-windows-ix86+x86_64 1.0.0 8.00 59.00 67.00 OK

Check Details

Version: 1.0.0
Check: LazyData
Result: NOTE
     'LazyData' is specified without a 'data' directory
Flavors: r-devel-linux-x86_64-debian-clang, r-devel-linux-x86_64-debian-gcc, r-devel-linux-x86_64-fedora-clang, r-devel-linux-x86_64-fedora-gcc, r-devel-windows-ix86+x86_64, r-devel-windows-x86_64-gcc10-UCRT