CRAN Package Check Results for Package W2CWM2C

Last updated on 2014-07-26 01:49:54.

Flavor Version Tinstall Tcheck Ttotal Status Flags
r-devel-linux-x86_64-debian-clang 1.0 0.64 13.09 13.74 OK
r-devel-linux-x86_64-debian-gcc 1.0 0.67 13.25 13.92 OK
r-devel-linux-x86_64-fedora-clang 1.0 27.86 NOTE
r-devel-linux-x86_64-fedora-gcc 1.0 26.82 NOTE
r-devel-osx-x86_64-clang 1.0 28.52 OK
r-devel-windows-ix86+x86_64 1.0 2.00 22.00 24.00 OK
r-patched-linux-x86_64 1.0 0.70 13.11 13.81 OK
r-patched-solaris-sparc 1.0 189.60 OK
r-patched-solaris-x86 1.0 38.10 OK
r-release-linux-ix86 1.0 1.03 20.01 21.04 OK
r-release-linux-x86_64 1.0 0.69 13.32 14.01 OK
r-release-osx-x86_64-mavericks 1.0 OK
r-release-osx-x86_64-snowleopard 1.0 OK
r-release-windows-ix86+x86_64 1.0 4.00 23.00 27.00 OK
r-oldrel-windows-ix86+x86_64 1.0 2.00 23.00 25.00 OK

Check Details

Version: 1.0
Check: top-level files
Result: NOTE
    Non-standard file/directory found at top level:
     ‘doc’
Flavors: r-devel-linux-x86_64-fedora-clang, r-devel-linux-x86_64-fedora-gcc