CRAN Package Check Results for Package W2CWM2C

Last updated on 2014-08-23 13:48:10.

Flavor Version Tinstall Tcheck Ttotal Status Flags
r-devel-linux-x86_64-debian-clang 1.0 0.64 12.98 13.62 OK
r-devel-linux-x86_64-debian-gcc 1.0 0.71 12.90 13.61 OK
r-devel-linux-x86_64-fedora-clang 1.0 28.12 NOTE
r-devel-linux-x86_64-fedora-gcc 1.0 26.27 NOTE
r-devel-osx-x86_64-clang 1.0 28.11 OK
r-devel-windows-ix86+x86_64 1.0 2.00 22.00 24.00 OK
r-patched-linux-x86_64 1.0 0.70 13.36 14.06 OK
r-patched-solaris-sparc 1.0 168.80 OK
r-patched-solaris-x86 1.0 38.00 OK
r-release-linux-ix86 1.0 1.04 19.55 20.59 OK
r-release-linux-x86_64 1.0 0.68 13.47 14.15 OK
r-release-osx-x86_64-mavericks 1.0 OK
r-release-osx-x86_64-snowleopard 1.0 OK
r-release-windows-ix86+x86_64 1.0 4.00 23.00 27.00 OK
r-oldrel-windows-ix86+x86_64 1.0 2.00 23.00 25.00 OK

Check Details

Version: 1.0
Check: top-level files
Result: NOTE
    Non-standard file/directory found at top level:
     ‘doc’
Flavors: r-devel-linux-x86_64-fedora-clang, r-devel-linux-x86_64-fedora-gcc