CRAN Package Check Results for Package W2CWM2C

Last updated on 2014-10-25 11:48:51.

Flavor Version Tinstall Tcheck Ttotal Status Flags
r-devel-linux-x86_64-debian-clang 1.0 0.70 13.89 14.59 NOTE
r-devel-linux-x86_64-debian-gcc 1.0 0.84 14.15 14.99 NOTE
r-devel-linux-x86_64-fedora-clang 1.0 29.22 NOTE
r-devel-linux-x86_64-fedora-gcc 1.0 27.10 NOTE
r-devel-osx-x86_64-clang 1.0 29.79 OK
r-devel-windows-ix86+x86_64 1.0 3.00 21.00 24.00 OK
r-patched-linux-x86_64 1.0 0.72 14.52 15.24 NOTE
r-patched-solaris-sparc 1.0 168.80 OK
r-patched-solaris-x86 1.0 39.80 OK
r-release-linux-ix86 1.0 1.04 20.99 22.02 OK
r-release-linux-x86_64 1.0 0.68 13.90 14.58 NOTE
r-release-osx-x86_64-mavericks 1.0 OK
r-release-osx-x86_64-snowleopard 1.0 OK
r-release-windows-ix86+x86_64 1.0 4.00 23.00 27.00 OK
r-oldrel-windows-ix86+x86_64 1.0 2.00 23.00 25.00 OK

Check Details

Version: 1.0
Check: top-level files
Result: NOTE
    Non-standard file/directory found at top level:
     ‘doc’
Flavors: r-devel-linux-x86_64-debian-clang, r-devel-linux-x86_64-debian-gcc, r-devel-linux-x86_64-fedora-clang, r-devel-linux-x86_64-fedora-gcc, r-patched-linux-x86_64, r-release-linux-x86_64