CRAN Package Check Results for Package W2CWM2C

Last updated on 2015-04-28 11:48:43.

Flavor Version Tinstall Tcheck Ttotal Status Flags
r-devel-linux-x86_64-debian-clang 1.0 0.68 12.39 13.07 NOTE
r-devel-linux-x86_64-debian-gcc 1.0 0.68 12.17 12.85 NOTE
r-devel-linux-x86_64-fedora-clang 1.0 25.51 NOTE
r-devel-linux-x86_64-fedora-gcc 1.0 23.33 NOTE
r-devel-osx-x86_64-clang 1.0 26.95 NOTE
r-devel-windows-ix86+x86_64 1.0 2.00 23.00 25.00 NOTE
r-patched-linux-x86_64 1.0 0.60 12.13 12.74 NOTE
r-patched-solaris-sparc 1.0 157.20 NOTE
r-patched-solaris-x86 1.0 35.70 NOTE
r-release-linux-x86_64 1.0 0.61 12.29 12.90 NOTE
r-release-osx-x86_64-mavericks 1.0 NOTE
r-release-osx-x86_64-snowleopard 1.0 NOTE
r-release-windows-ix86+x86_64 1.0 2.00 25.00 27.00 NOTE
r-oldrel-windows-ix86+x86_64 1.0 4.00 24.00 28.00 OK

Check Details

Version: 1.0
Check: DESCRIPTION meta-information
Result: NOTE
    Malformed Description field: should contain one or more complete sentences.
Flavors: r-devel-linux-x86_64-debian-clang, r-devel-linux-x86_64-debian-gcc, r-devel-linux-x86_64-fedora-clang, r-devel-linux-x86_64-fedora-gcc, r-devel-osx-x86_64-clang, r-devel-windows-ix86+x86_64, r-patched-linux-x86_64, r-patched-solaris-sparc, r-patched-solaris-x86, r-release-linux-x86_64, r-release-osx-x86_64-mavericks, r-release-osx-x86_64-snowleopard, r-release-windows-ix86+x86_64

Version: 1.0
Check: top-level files
Result: NOTE
    Non-standard file/directory found at top level:
     ‘doc’
Flavors: r-devel-linux-x86_64-debian-clang, r-devel-linux-x86_64-debian-gcc, r-devel-linux-x86_64-fedora-clang, r-devel-linux-x86_64-fedora-gcc, r-patched-linux-x86_64, r-release-linux-x86_64