CRAN Package Check Results for Package W2CWM2C

Last updated on 2015-08-03 21:47:46.

Flavor Version Tinstall Tcheck Ttotal Status Flags
r-devel-linux-x86_64-debian-clang 1.0 0.58 11.90 12.47 NOTE
r-devel-linux-x86_64-debian-gcc 1.0 0.58 11.59 12.17 NOTE
r-devel-linux-x86_64-fedora-clang 1.0 23.66 NOTE
r-devel-linux-x86_64-fedora-gcc 1.0 22.71 NOTE
r-devel-osx-x86_64-clang 1.0 23.13 NOTE
r-devel-windows-ix86+x86_64 1.0 3.00 24.00 27.00 NOTE
r-patched-linux-x86_64 1.0 0.61 12.40 13.01 NOTE
r-patched-solaris-sparc 1.0 159.30 NOTE
r-patched-solaris-x86 1.0 35.80 NOTE
r-release-linux-x86_64 1.0 0.62 12.59 13.21 NOTE
r-release-osx-x86_64-mavericks 1.0 NOTE
r-release-windows-ix86+x86_64 1.0 2.00 21.00 23.00 NOTE
r-oldrel-windows-ix86+x86_64 1.0 4.00 24.00 28.00 OK

Check Details

Version: 1.0
Check: DESCRIPTION meta-information
Result: NOTE
    Malformed Description field: should contain one or more complete sentences.
Flavors: r-devel-linux-x86_64-debian-clang, r-devel-linux-x86_64-debian-gcc, r-devel-linux-x86_64-fedora-clang, r-devel-linux-x86_64-fedora-gcc, r-devel-osx-x86_64-clang, r-devel-windows-ix86+x86_64, r-patched-linux-x86_64, r-patched-solaris-sparc, r-patched-solaris-x86, r-release-linux-x86_64, r-release-osx-x86_64-mavericks, r-release-windows-ix86+x86_64

Version: 1.0
Check: top-level files
Result: NOTE
    Non-standard file/directory found at top level:
     ‘doc’
Flavors: r-devel-linux-x86_64-debian-clang, r-devel-linux-x86_64-debian-gcc, r-devel-linux-x86_64-fedora-clang, r-devel-linux-x86_64-fedora-gcc, r-patched-linux-x86_64, r-release-linux-x86_64

Version: 1.0
Check: R code for possible problems
Result: NOTE
    WC: no visible global function definition for ‘is.ts’
    WC: no visible global function definition for ‘combn’
    WC : wtcolors: no visible global function definition for ‘rainbow’
    WC: no visible global function definition for ‘pdf’
    WC: no visible global function definition for ‘layout’
    WC: no visible global function definition for ‘image’
    WC: no visible global function definition for ‘text’
    WC: no visible global function definition for ‘abline’
    WC: no visible global function definition for ‘axis’
    WC: no visible global function definition for ‘dev.off’
    WCC: no visible global function definition for ‘is.ts’
    WCC : wtcolors: no visible global function definition for ‘rainbow’
    WCC: no visible global function definition for ‘ts’
    WCC: no visible global function definition for ‘qnorm’
    WCC: no visible global function definition for ‘pdf’
    WCC: no visible global function definition for ‘layout’
    WCC: no visible global function definition for ‘image’
    WCC: no visible global function definition for ‘segments’
    WCC: no visible global function definition for ‘abline’
    WCC: no visible global function definition for ‘axis’
    WCC: no visible global function definition for ‘dev.off’
    WMC: no visible global function definition for ‘is.ts’
    WMC: no visible global function definition for ‘pdf’
    WMC: no visible global function definition for ‘par’
    WMC: no visible global function definition for ‘matplot’
    WMC: no visible global function definition for ‘axis’
    WMC: no visible global function definition for ‘abline’
    WMC: no visible global function definition for ‘text’
    WMC: no visible global function definition for ‘dev.off’
    WMCC: no visible global function definition for ‘is.ts’
    WMCC : wtcolors: no visible global function definition for ‘rainbow’
    WMCC: no visible global function definition for ‘qnorm’
    WMCC: no visible global function definition for ‘pdf’
    WMCC: no visible global function definition for ‘layout’
    WMCC: no visible global function definition for ‘image’
    WMCC: no visible global function definition for ‘text’
    WMCC: no visible global function definition for ‘segments’
    WMCC: no visible global function definition for ‘abline’
    WMCC: no visible global function definition for ‘axis’
    WMCC: no visible global function definition for ‘dev.off’
    Undefined global functions or variables:
     abline axis combn dev.off image is.ts layout matplot par pdf qnorm
     rainbow segments text ts
    Consider adding
     importFrom("grDevices", "dev.off", "pdf", "rainbow")
     importFrom("graphics", "abline", "axis", "image", "layout", "matplot",
     "par", "segments", "text")
     importFrom("stats", "is.ts", "qnorm", "ts")
     importFrom("utils", "combn")
    to your NAMESPACE.
Flavors: r-devel-linux-x86_64-debian-clang, r-devel-linux-x86_64-debian-gcc, r-devel-linux-x86_64-fedora-clang, r-devel-linux-x86_64-fedora-gcc, r-devel-windows-ix86+x86_64