CRAN Package Check Results for Package W2CWM2C

Last updated on 2015-03-27 15:47:30.

Flavor Version Tinstall Tcheck Ttotal Status Flags
r-devel-linux-x86_64-debian-clang 1.0 0.68 12.40 13.08 NOTE
r-devel-linux-x86_64-debian-gcc 1.0 0.60 12.29 12.89 NOTE
r-devel-linux-x86_64-fedora-clang 1.0 24.85 NOTE
r-devel-linux-x86_64-fedora-gcc 1.0 23.70 NOTE
r-devel-osx-x86_64-clang 1.0 29.93 NOTE
r-prerel-windows-ix86+x86_64 1.0 2.00 23.00 25.00 NOTE
r-prerel-linux-x86_64 1.0 0.60 12.25 12.85 NOTE
r-prerel-solaris-sparc 1.0 157.20 NOTE
r-prerel-solaris-x86 1.0 34.00 NOTE
r-release-linux-x86_64 1.0 0.77 14.32 15.08 NOTE
r-release-osx-x86_64-mavericks 1.0 OK
r-release-osx-x86_64-snowleopard 1.0 OK
r-release-windows-ix86+x86_64 1.0 4.00 24.00 28.00 OK
r-oldrel-windows-ix86+x86_64 1.0 3.00 24.00 27.00 OK

Check Details

Version: 1.0
Check: DESCRIPTION meta-information
Result: NOTE
    Malformed Description field: should contain one or more complete sentences.
Flavors: r-devel-linux-x86_64-debian-clang, r-devel-linux-x86_64-debian-gcc, r-devel-linux-x86_64-fedora-clang, r-devel-linux-x86_64-fedora-gcc, r-devel-osx-x86_64-clang, r-prerel-windows-ix86+x86_64, r-prerel-linux-x86_64, r-prerel-solaris-sparc, r-prerel-solaris-x86

Version: 1.0
Check: top-level files
Result: NOTE
    Non-standard file/directory found at top level:
     ‘doc’
Flavors: r-devel-linux-x86_64-debian-clang, r-devel-linux-x86_64-debian-gcc, r-devel-linux-x86_64-fedora-clang, r-devel-linux-x86_64-fedora-gcc, r-prerel-linux-x86_64, r-release-linux-x86_64