CRAN Package Check Results for Package W2CWM2C

Last updated on 2014-11-25 22:47:25.

Flavor Version Tinstall Tcheck Ttotal Status Flags
r-devel-linux-x86_64-debian-clang 1.0 0.76 14.59 15.34 NOTE
r-devel-linux-x86_64-debian-gcc 1.0 0.69 13.78 14.47 NOTE
r-devel-linux-x86_64-fedora-clang 1.0 30.20 NOTE
r-devel-linux-x86_64-fedora-gcc 1.0 27.97 NOTE
r-devel-osx-x86_64-clang 1.0 30.53 OK
r-devel-windows-ix86+x86_64 1.0 3.00 22.00 25.00 OK
r-patched-linux-x86_64 1.0 0.72 13.88 14.59 NOTE
r-patched-solaris-sparc 1.0 168.80 OK
r-patched-solaris-x86 1.0 38.70 OK
r-release-linux-ix86 1.0 1.02 19.55 20.56 OK
r-release-linux-x86_64 1.0 0.76 13.83 14.59 NOTE
r-release-osx-x86_64-mavericks 1.0 OK
r-release-osx-x86_64-snowleopard 1.0 OK
r-release-windows-ix86+x86_64 1.0 3.00 26.00 29.00 OK
r-oldrel-windows-ix86+x86_64 1.0 2.00 23.00 25.00 OK

Check Details

Version: 1.0
Check: top-level files
Result: NOTE
    Non-standard file/directory found at top level:
     ‘doc’
Flavors: r-devel-linux-x86_64-debian-clang, r-devel-linux-x86_64-debian-gcc, r-devel-linux-x86_64-fedora-clang, r-devel-linux-x86_64-fedora-gcc, r-patched-linux-x86_64, r-release-linux-x86_64