CRAN Package Check Results for Package WCM

Last updated on 2022-10-01 12:56:28 CEST.

Flavor Version Tinstall Tcheck Ttotal Status Flags
r-devel-linux-x86_64-debian-clang 0.2.2 2.29 51.04 53.33 NOTE
r-devel-linux-x86_64-debian-gcc 0.2.2 1.70 37.51 39.21 NOTE
r-devel-linux-x86_64-fedora-clang 0.2.2 76.40 NOTE
r-devel-linux-x86_64-fedora-gcc 0.2.2 74.12 NOTE
r-devel-windows-x86_64 0.2.2 6.00 78.00 84.00 NOTE
r-patched-linux-x86_64 0.2.2 1.39 48.34 49.73 NOTE
r-release-linux-x86_64 0.2.2 2.15 46.64 48.79 NOTE
r-release-macos-arm64 0.2.2 23.00 NOTE
r-release-macos-x86_64 0.2.2 30.00 NOTE
r-release-windows-x86_64 0.2.2 12.00 66.00 78.00 NOTE
r-oldrel-macos-arm64 0.2.2 19.00 NOTE
r-oldrel-macos-x86_64 0.2.2 31.00 NOTE
r-oldrel-windows-ix86+x86_64 0.2.2 5.00 72.00 77.00 NOTE

Check Details

Version: 0.2.2
Check: LazyData
Result: NOTE
     'LazyData' is specified without a 'data' directory
Flavors: r-devel-linux-x86_64-debian-clang, r-devel-linux-x86_64-debian-gcc, r-devel-linux-x86_64-fedora-clang, r-devel-linux-x86_64-fedora-gcc, r-devel-windows-x86_64, r-patched-linux-x86_64, r-release-linux-x86_64, r-release-macos-arm64, r-release-macos-x86_64, r-release-windows-x86_64, r-oldrel-macos-arm64, r-oldrel-macos-x86_64, r-oldrel-windows-ix86+x86_64