CRAN Package Check Results for Package WCM

Last updated on 2022-01-24 11:53:17 CET.

Flavor Version Tinstall Tcheck Ttotal Status Flags
r-devel-linux-x86_64-debian-clang 0.2.2 1.77 52.58 54.35 NOTE
r-devel-linux-x86_64-debian-gcc 0.2.2 1.67 40.14 41.81 NOTE
r-devel-linux-x86_64-fedora-clang 0.2.2 66.74 NOTE
r-devel-linux-x86_64-fedora-gcc 0.2.2 60.03 NOTE
r-devel-windows-x86_64-new-UL 0.2.2 11.00 71.00 82.00 NOTE
r-devel-windows-x86_64-new-TK 0.2.2 NOTE
r-patched-linux-x86_64 0.2.2 2.05 51.28 53.33 NOTE
r-release-linux-x86_64 0.2.2 2.02 50.74 52.76 NOTE
r-release-macos-arm64 0.2.2 NOTE
r-release-macos-x86_64 0.2.2 NOTE
r-release-windows-ix86+x86_64 0.2.2 4.00 63.00 67.00 NOTE
r-oldrel-macos-x86_64 0.2.2 OK
r-oldrel-windows-ix86+x86_64 0.2.2 5.00 64.00 69.00 OK

Check Details

Version: 0.2.2
Check: LazyData
Result: NOTE
     'LazyData' is specified without a 'data' directory
Flavors: r-devel-linux-x86_64-debian-clang, r-devel-linux-x86_64-debian-gcc, r-devel-linux-x86_64-fedora-clang, r-devel-linux-x86_64-fedora-gcc, r-devel-windows-x86_64-new-UL, r-devel-windows-x86_64-new-TK, r-patched-linux-x86_64, r-release-linux-x86_64, r-release-macos-arm64, r-release-macos-x86_64, r-release-windows-ix86+x86_64