CRAN Package Check Results for Package WDI

Last updated on 2016-07-28 00:48:16.

Flavor Version Tinstall Tcheck Ttotal Status Flags
r-devel-linux-x86_64-debian-clang 2.4 0.75 18.31 19.06 NOTE
r-devel-linux-x86_64-debian-gcc 2.4 0.96 16.07 17.03 NOTE
r-devel-linux-x86_64-fedora-clang 2.4 20.30 NOTE
r-devel-linux-x86_64-fedora-gcc 2.4 19.27 NOTE
r-devel-osx-x86_64-clang 2.4 18.79 NOTE
r-devel-windows-ix86+x86_64 2.4 3.00 33.00 36.00 NOTE
r-patched-linux-x86_64 2.4 2.74 16.12 18.86 NOTE
r-patched-solaris-sparc 2.4 142.10 NOTE
r-patched-solaris-x86 2.4 32.70 NOTE
r-release-linux-x86_64 2.4 0.86 16.11 16.97 NOTE
r-release-osx-x86_64-mavericks 2.4 NOTE
r-release-windows-ix86+x86_64 2.4 4.00 39.00 43.00 NOTE
r-oldrel-windows-ix86+x86_64 2.4 3.00 26.00 29.00 NOTE

Check Details

Version: 2.4
Check: DESCRIPTION meta-information
Result: NOTE
    Malformed Description field: should contain one or more complete sentences.
Flavors: r-devel-linux-x86_64-debian-clang, r-devel-linux-x86_64-debian-gcc, r-devel-linux-x86_64-fedora-clang, r-devel-linux-x86_64-fedora-gcc, r-devel-osx-x86_64-clang, r-devel-windows-ix86+x86_64, r-patched-linux-x86_64, r-patched-solaris-sparc, r-patched-solaris-x86, r-release-linux-x86_64, r-release-osx-x86_64-mavericks, r-release-windows-ix86+x86_64, r-oldrel-windows-ix86+x86_64

Version: 2.4
Check: dependencies in R code
Result: NOTE
    Package in Depends field not imported from: ‘RJSONIO’
     These packages need to be imported from (in the NAMESPACE file)
     for when this namespace is loaded but not attached.
Flavors: r-devel-linux-x86_64-debian-clang, r-devel-linux-x86_64-debian-gcc, r-devel-linux-x86_64-fedora-clang, r-devel-linux-x86_64-fedora-gcc, r-devel-osx-x86_64-clang, r-devel-windows-ix86+x86_64, r-patched-linux-x86_64, r-patched-solaris-sparc, r-patched-solaris-x86, r-release-linux-x86_64, r-release-osx-x86_64-mavericks, r-release-windows-ix86+x86_64, r-oldrel-windows-ix86+x86_64

Version: 2.4
Check: R code for possible problems
Result: NOTE
    WDI: no visible binding for global variable ‘WDI_data’
    WDIcache: no visible global function definition for ‘fromJSON’
    WDIsearch: no visible binding for global variable ‘WDI_data’
    Undefined global functions or variables:
     WDI_data fromJSON
Flavors: r-devel-linux-x86_64-debian-clang, r-devel-linux-x86_64-debian-gcc, r-devel-linux-x86_64-fedora-clang, r-devel-linux-x86_64-fedora-gcc, r-devel-osx-x86_64-clang, r-devel-windows-ix86+x86_64, r-patched-linux-x86_64, r-patched-solaris-sparc, r-patched-solaris-x86, r-release-linux-x86_64, r-release-osx-x86_64-mavericks, r-release-windows-ix86+x86_64

Version: 2.4
Check: R code for possible problems
Result: NOTE
    WDI: no visible binding for global variable 'WDI_data'
    WDIcache: no visible global function definition for 'fromJSON'
    WDIsearch: no visible binding for global variable 'WDI_data'
Flavor: r-oldrel-windows-ix86+x86_64