CRAN Package Check Results for Package WDI

Last updated on 2017-12-17 16:48:16 CET.

Flavor Version Tinstall Tcheck Ttotal Status Flags
r-devel-linux-x86_64-debian-clang 2.4 0.90 20.21 21.11 NOTE
r-devel-linux-x86_64-debian-gcc 2.4 0.82 17.01 17.83 NOTE
r-devel-linux-x86_64-fedora-clang 2.4 25.31 NOTE
r-devel-linux-x86_64-fedora-gcc 2.4 24.13 NOTE
r-devel-windows-ix86+x86_64 2.4 3.00 37.00 40.00 NOTE
r-patched-linux-x86_64 2.4 1.03 19.29 20.32 NOTE
r-patched-solaris-x86 2.4 40.50 NOTE
r-release-linux-x86_64 2.4 0.84 19.12 19.96 NOTE
r-release-windows-ix86+x86_64 2.4 4.00 36.00 40.00 NOTE
r-release-osx-x86_64 2.4 NOTE
r-oldrel-windows-ix86+x86_64 2.4 3.00 33.00 36.00 NOTE
r-oldrel-osx-x86_64 2.4 NOTE

Check Details

Version: 2.4
Check: DESCRIPTION meta-information
Result: NOTE
    Malformed Description field: should contain one or more complete sentences.
Flavors: r-devel-linux-x86_64-debian-clang, r-devel-linux-x86_64-debian-gcc, r-devel-linux-x86_64-fedora-clang, r-devel-linux-x86_64-fedora-gcc, r-devel-windows-ix86+x86_64, r-patched-linux-x86_64, r-patched-solaris-x86, r-release-linux-x86_64, r-release-windows-ix86+x86_64, r-release-osx-x86_64, r-oldrel-windows-ix86+x86_64, r-oldrel-osx-x86_64

Version: 2.4
Check: dependencies in R code
Result: NOTE
    Package in Depends field not imported from: ‘RJSONIO’
     These packages need to be imported from (in the NAMESPACE file)
     for when this namespace is loaded but not attached.
Flavors: r-devel-linux-x86_64-debian-clang, r-devel-linux-x86_64-debian-gcc, r-devel-linux-x86_64-fedora-clang, r-devel-linux-x86_64-fedora-gcc, r-devel-windows-ix86+x86_64, r-patched-linux-x86_64, r-patched-solaris-x86, r-release-linux-x86_64, r-release-windows-ix86+x86_64, r-release-osx-x86_64, r-oldrel-windows-ix86+x86_64, r-oldrel-osx-x86_64

Version: 2.4
Check: R code for possible problems
Result: NOTE
    WDI: no visible binding for global variable ‘WDI_data’
    WDIcache: no visible global function definition for ‘fromJSON’
    WDIsearch: no visible binding for global variable ‘WDI_data’
    Undefined global functions or variables:
     WDI_data fromJSON
Flavors: r-devel-linux-x86_64-debian-clang, r-devel-linux-x86_64-debian-gcc, r-devel-linux-x86_64-fedora-clang, r-devel-linux-x86_64-fedora-gcc, r-devel-windows-ix86+x86_64, r-patched-linux-x86_64, r-patched-solaris-x86, r-release-linux-x86_64, r-release-windows-ix86+x86_64, r-release-osx-x86_64, r-oldrel-windows-ix86+x86_64, r-oldrel-osx-x86_64