CRAN Package Check Results for Package WDI

Last updated on 2018-12-19 08:49:09 CET.

Flavor Version Tinstall Tcheck Ttotal Status Flags
r-devel-linux-x86_64-debian-clang 2.5.1 1.48 20.64 22.12 OK
r-devel-linux-x86_64-debian-gcc 2.5.1 1.15 16.78 17.93 OK
r-devel-linux-x86_64-fedora-clang 2.5.1 26.91 NOTE
r-devel-linux-x86_64-fedora-gcc 2.5.1 25.44 NOTE
r-devel-windows-ix86+x86_64 2.5.1 5.00 46.00 51.00 OK
r-patched-linux-x86_64 2.5.1 1.39 19.64 21.03 OK
r-patched-solaris-x86 2.5.1 41.60 NOTE
r-release-linux-x86_64 2.5.1 1.25 19.70 20.95 OK
r-release-windows-ix86+x86_64 2.5.1 3.00 50.00 53.00 OK
r-release-osx-x86_64 2.5.1 NOTE
r-oldrel-windows-ix86+x86_64 2.5.1 4.00 49.00 53.00 OK
r-oldrel-osx-x86_64 2.5.1 NOTE

Check Details

Version: 2.5.1
Check: data for non-ASCII characters
Result: NOTE
     Note: found 1462 marked UTF-8 strings
Flavors: r-devel-linux-x86_64-fedora-clang, r-devel-linux-x86_64-fedora-gcc, r-patched-solaris-x86, r-release-osx-x86_64, r-oldrel-osx-x86_64