CRAN Package Check Results for Package WDI

Last updated on 2014-07-23 13:47:59.

Flavor Version Tinstall Tcheck Ttotal Status Flags
r-devel-linux-x86_64-debian-clang 2.4 0.78 17.70 18.48 NOTE
r-devel-linux-x86_64-debian-gcc 2.4 0.86 19.98 20.84 NOTE
r-devel-linux-x86_64-fedora-clang 2.4 27.32 NOTE
r-devel-linux-x86_64-fedora-gcc 2.4 26.52 NOTE
r-devel-osx-x86_64-clang 2.4 30.77 NOTE
r-devel-windows-ix86+x86_64 2.4 3.00 28.00 31.00 NOTE
r-patched-linux-x86_64 2.4 0.84 16.39 17.23 NOTE
r-patched-solaris-sparc 2.4 180.70 NOTE
r-patched-solaris-x86 2.4 39.70 NOTE
r-release-linux-ix86 2.4 1.23 26.78 28.01 NOTE
r-release-linux-x86_64 2.4 0.80 15.97 16.78 NOTE
r-release-osx-x86_64-mavericks 2.4 NOTE
r-release-osx-x86_64-snowleopard 2.4 OK
r-release-windows-ix86+x86_64 2.4 4.00 26.00 30.00 NOTE
r-oldrel-windows-ix86+x86_64 2.4 3.00 26.00 29.00 NOTE

Check Details

Version: 2.4
Check: dependencies in R code
Result: NOTE
    Package in Depends field not imported from: ‘RJSONIO’
     These packages need to be imported from (in the NAMESPACE file)
     for when this namespace is loaded but not attached.
    See the information on DESCRIPTION files in the chapter ‘Creating R
    packages’ of the ‘Writing R Extensions’ manual.
Flavors: r-devel-linux-x86_64-debian-clang, r-devel-linux-x86_64-debian-gcc, r-devel-linux-x86_64-fedora-clang, r-devel-linux-x86_64-fedora-gcc, r-devel-osx-x86_64-clang, r-devel-windows-ix86+x86_64, r-patched-linux-x86_64, r-patched-solaris-sparc, r-patched-solaris-x86, r-release-linux-ix86, r-release-linux-x86_64, r-release-osx-x86_64-mavericks, r-release-windows-ix86+x86_64, r-oldrel-windows-ix86+x86_64