CRAN Package Check Results for Package WDI

Last updated on 2014-12-18 17:51:43.

Flavor Version Tinstall Tcheck Ttotal Status Flags
r-devel-linux-x86_64-debian-clang 2.4 0.77 19.13 19.90 NOTE
r-devel-linux-x86_64-debian-gcc 2.4 0.72 23.06 23.79 NOTE
r-devel-linux-x86_64-fedora-clang 2.4 27.75 NOTE
r-devel-linux-x86_64-fedora-gcc 2.4 25.86 NOTE
r-devel-osx-x86_64-clang 2.4 32.17 NOTE
r-devel-windows-ix86+x86_64 2.4 6.00 33.00 39.00 NOTE
r-patched-linux-x86_64 2.4 0.82 19.10 19.92 NOTE
r-patched-solaris-sparc 2.4 159.50 NOTE
r-patched-solaris-x86 2.4 41.90 NOTE
r-release-linux-ix86 2.4 1.12 22.01 23.13 NOTE
r-release-linux-x86_64 2.4 0.75 15.23 15.98 NOTE
r-release-osx-x86_64-mavericks 2.4 NOTE
r-release-osx-x86_64-snowleopard 2.4 OK
r-release-windows-ix86+x86_64 2.4 3.00 26.00 29.00 NOTE
r-oldrel-windows-ix86+x86_64 2.4 3.00 31.00 34.00 NOTE

Check Details

Version: 2.4
Check: dependencies in R code
Result: NOTE
    Package in Depends field not imported from: ‘RJSONIO’
     These packages need to be imported from (in the NAMESPACE file)
     for when this namespace is loaded but not attached.
    See the information on DESCRIPTION files in the chapter ‘Creating R
    packages’ of the ‘Writing R Extensions’ manual.
Flavors: r-devel-linux-x86_64-debian-clang, r-devel-linux-x86_64-debian-gcc, r-devel-linux-x86_64-fedora-clang, r-devel-linux-x86_64-fedora-gcc, r-devel-osx-x86_64-clang, r-devel-windows-ix86+x86_64, r-patched-linux-x86_64, r-patched-solaris-sparc, r-patched-solaris-x86, r-release-linux-ix86, r-release-linux-x86_64, r-release-osx-x86_64-mavericks, r-release-windows-ix86+x86_64, r-oldrel-windows-ix86+x86_64

Version: 2.4
Check: R code for possible problems
Result: NOTE
    WDI: no visible binding for global variable ‘WDI_data’
    WDIcache: no visible global function definition for ‘fromJSON’
    WDIsearch: no visible binding for global variable ‘WDI_data’
Flavors: r-devel-linux-x86_64-debian-clang, r-devel-linux-x86_64-debian-gcc, r-devel-linux-x86_64-fedora-clang, r-devel-linux-x86_64-fedora-gcc, r-devel-osx-x86_64-clang, r-devel-windows-ix86+x86_64, r-patched-linux-x86_64, r-patched-solaris-sparc, r-patched-solaris-x86, r-release-linux-ix86, r-release-linux-x86_64, r-release-windows-ix86+x86_64