CRAN Package Check Results for Package WDI

Last updated on 2018-09-24 19:46:51 CEST.

Flavor Version Tinstall Tcheck Ttotal Status Flags
r-devel-linux-x86_64-debian-clang 2.5 1.49 21.08 22.57 OK
r-devel-linux-x86_64-debian-gcc 2.5 1.17 17.23 18.40 OK
r-devel-linux-x86_64-fedora-clang 2.5 27.13 NOTE
r-devel-linux-x86_64-fedora-gcc 2.5 26.07 NOTE
r-devel-windows-ix86+x86_64 2.5 5.00 77.00 82.00 OK
r-patched-linux-x86_64 2.5 1.21 15.28 16.49 OK
r-patched-solaris-x86 2.5 41.30 NOTE
r-release-linux-x86_64 2.5 1.51 19.70 21.21 OK
r-release-windows-ix86+x86_64 2.5 3.00 49.00 52.00 OK
r-release-osx-x86_64 2.5 NOTE
r-oldrel-windows-ix86+x86_64 2.5 3.00 49.00 52.00 OK
r-oldrel-osx-x86_64 2.5 NOTE

Check Details

Version: 2.5
Check: data for non-ASCII characters
Result: NOTE
     Note: found 1460 marked UTF-8 strings
Flavors: r-devel-linux-x86_64-fedora-clang, r-devel-linux-x86_64-fedora-gcc, r-patched-solaris-x86, r-release-osx-x86_64, r-oldrel-osx-x86_64