CRAN Package Check Results for Package WDI

Last updated on 2016-12-08 06:48:45.

Flavor Version Tinstall Tcheck Ttotal Status Flags
r-devel-linux-x86_64-debian-clang 2.4 0.78 16.13 16.91 NOTE
r-devel-linux-x86_64-debian-gcc 2.4 0.82 15.35 16.17 NOTE
r-devel-linux-x86_64-fedora-clang 2.4 26.53 NOTE --no-stop-on-test-error
r-devel-linux-x86_64-fedora-gcc 2.4 24.54 NOTE --no-stop-on-test-error
r-devel-macos-x86_64-clang 2.4 22.15 NOTE
r-devel-windows-ix86+x86_64 2.4 8.00 43.00 51.00 NOTE
r-patched-linux-x86_64 2.4 0.67 13.65 14.31 NOTE
r-patched-solaris-sparc 2.4 142.10 NOTE
r-patched-solaris-x86 2.4 33.60 NOTE
r-release-linux-x86_64 2.4 0.84 15.23 16.07 NOTE
r-release-osx-x86_64-mavericks 2.4 NOTE
r-release-windows-ix86+x86_64 2.4 3.00 33.00 36.00 NOTE
r-oldrel-windows-ix86+x86_64 2.4 3.00 30.00 33.00 NOTE

Check Details

Version: 2.4
Check: DESCRIPTION meta-information
Result: NOTE
    Malformed Description field: should contain one or more complete sentences.
Flavors: r-devel-linux-x86_64-debian-clang, r-devel-linux-x86_64-debian-gcc, r-devel-macos-x86_64-clang, r-devel-windows-ix86+x86_64, r-patched-linux-x86_64, r-patched-solaris-sparc, r-patched-solaris-x86, r-release-linux-x86_64, r-release-osx-x86_64-mavericks, r-release-windows-ix86+x86_64, r-oldrel-windows-ix86+x86_64

Version: 2.4
Check: dependencies in R code
Result: NOTE
    Package in Depends field not imported from: ‘RJSONIO’
     These packages need to be imported from (in the NAMESPACE file)
     for when this namespace is loaded but not attached.
Flavors: r-devel-linux-x86_64-debian-clang, r-devel-linux-x86_64-debian-gcc, r-devel-macos-x86_64-clang, r-devel-windows-ix86+x86_64, r-patched-linux-x86_64, r-patched-solaris-sparc, r-patched-solaris-x86, r-release-linux-x86_64, r-release-osx-x86_64-mavericks, r-release-windows-ix86+x86_64, r-oldrel-windows-ix86+x86_64

Version: 2.4
Check: R code for possible problems
Result: NOTE
    WDI: no visible binding for global variable ‘WDI_data’
    WDIcache: no visible global function definition for ‘fromJSON’
    WDIsearch: no visible binding for global variable ‘WDI_data’
    Undefined global functions or variables:
     WDI_data fromJSON
Flavors: r-devel-linux-x86_64-debian-clang, r-devel-linux-x86_64-debian-gcc, r-devel-macos-x86_64-clang, r-devel-windows-ix86+x86_64, r-patched-linux-x86_64, r-patched-solaris-sparc, r-patched-solaris-x86, r-release-linux-x86_64, r-release-osx-x86_64-mavericks, r-release-windows-ix86+x86_64

Version: 2.4
Flags: --no-stop-on-test-error
Check: DESCRIPTION meta-information
Result: NOTE
    Malformed Description field: should contain one or more complete sentences.
Flavors: r-devel-linux-x86_64-fedora-clang, r-devel-linux-x86_64-fedora-gcc

Version: 2.4
Flags: --no-stop-on-test-error
Check: dependencies in R code
Result: NOTE
    Package in Depends field not imported from: ‘RJSONIO’
     These packages need to be imported from (in the NAMESPACE file)
     for when this namespace is loaded but not attached.
Flavors: r-devel-linux-x86_64-fedora-clang, r-devel-linux-x86_64-fedora-gcc

Version: 2.4
Flags: --no-stop-on-test-error
Check: R code for possible problems
Result: NOTE
    WDI: no visible binding for global variable ‘WDI_data’
    WDIcache: no visible global function definition for ‘fromJSON’
    WDIsearch: no visible binding for global variable ‘WDI_data’
    Undefined global functions or variables:
     WDI_data fromJSON
Flavors: r-devel-linux-x86_64-fedora-clang, r-devel-linux-x86_64-fedora-gcc

Version: 2.4
Check: R code for possible problems
Result: NOTE
    WDI: no visible binding for global variable 'WDI_data'
    WDIcache: no visible global function definition for 'fromJSON'
    WDIsearch: no visible binding for global variable 'WDI_data'
Flavor: r-oldrel-windows-ix86+x86_64