CRAN Package Check Results for Package WDI

Last updated on 2018-06-22 10:50:50 CEST.

Flavor Version Tinstall Tcheck Ttotal Status Flags
r-devel-linux-x86_64-debian-clang 2.5 1.22 18.86 20.08 OK
r-devel-linux-x86_64-debian-gcc 2.5 1.16 16.57 17.73 OK
r-devel-linux-x86_64-fedora-clang 2.5 26.55 NOTE
r-devel-linux-x86_64-fedora-gcc 2.5 24.84 NOTE
r-devel-windows-ix86+x86_64 2.5 5.00 51.00 56.00 OK
r-patched-linux-x86_64 2.5 1.34 19.71 21.05 OK
r-patched-solaris-x86 2.5 42.10 NOTE
r-release-linux-x86_64 2.5 1.50 19.69 21.19 OK
r-release-windows-ix86+x86_64 2.5 3.00 35.00 38.00 OK
r-release-osx-x86_64 2.5 NOTE
r-oldrel-windows-ix86+x86_64 2.5 5.00 33.00 38.00 OK
r-oldrel-osx-x86_64 2.5 NOTE

Check Details

Version: 2.5
Check: data for non-ASCII characters
Result: NOTE
     Note: found 1460 marked UTF-8 strings
Flavors: r-devel-linux-x86_64-fedora-clang, r-devel-linux-x86_64-fedora-gcc, r-patched-solaris-x86, r-release-osx-x86_64, r-oldrel-osx-x86_64